{"id":1016225,"date":"2026-06-29T00:00:00","date_gmt":"2026-06-29T00:00:00","guid":{"rendered":"https:\/\/www.moensmeubelen.be\/product\/beka-mod-140-ravsil-fr_be\/"},"modified":"2026-06-29T03:18:52","modified_gmt":"2026-06-29T01:18:52","slug":"BEKA-MOD-140-RAVSIL-fr_BE","status":"publish","type":"product","link":"https:\/\/www.moensmeubelen.be\/fr\/produit\/BEKA-MOD-140-RAVSIL-fr_BE\/","title":{"rendered":"Canap\u00e9-lit Beka Modular 140 &#8211; Raven Silver"},"content":{"rendered":"<p>Le Beka Modular est un canap\u00e9-lit enti\u00e8rement modulable avec matelas GELTEX\u00ae 18 cm et m\u00e9canisme Sedac\u00ae. Accoudoir (Classic\/Curve\/Linea), coussins et pieds (weng\u00e9\/naturel) au choix. M\u00e9ridienne en option. Hauteur d\\&#8217;assise 51 cm, profondeur 57 cm.<\/p>\n","protected":false},"excerpt":{"rendered":"<p>Canap\u00e9-lit Beka Modular 140 &#8211; Raven Silver<\/p>\n","protected":false},"featured_media":1018804,"comment_status":"open","ping_status":"open","template":"","meta":{"_relevanssi_hide_post":"","_relevanssi_hide_content":"","_relevanssi_pin_for_all":"","_relevanssi_pin_keywords":"","_relevanssi_unpin_keywords":"","_relevanssi_related_keywords":"","_relevanssi_related_include_ids":"","_relevanssi_related_exclude_ids":"","_relevanssi_related_no_append":"","_relevanssi_related_not_related":"","_relevanssi_related_posts":"","_relevanssi_noindex_reason":""},"product_brand":[],"product_cat":[1332],"product_tag":[],"class_list":["post-1016225","product","type-product","status-publish","has-post-thumbnail","product_cat-zetelbedden_fr_BE","first","instock","taxable","shipping-taxable","purchasable","product-type-simple"],"_links":{"self":[{"href":"https:\/\/www.moensmeubelen.be\/fr\/wp-json\/wp\/v2\/product\/1016225","targetHints":{"allow":["GET"]}}],"collection":[{"href":"https:\/\/www.moensmeubelen.be\/fr\/wp-json\/wp\/v2\/product"}],"about":[{"href":"https:\/\/www.moensmeubelen.be\/fr\/wp-json\/wp\/v2\/types\/product"}],"replies":[{"embeddable":true,"href":"https:\/\/www.moensmeubelen.be\/fr\/wp-json\/wp\/v2\/comments?post=1016225"}],"wp:featuredmedia":[{"embeddable":true,"href":"https:\/\/www.moensmeubelen.be\/fr\/wp-json\/wp\/v2\/media\/1018804"}],"wp:attachment":[{"href":"https:\/\/www.moensmeubelen.be\/fr\/wp-json\/wp\/v2\/media?parent=1016225"}],"wp:term":[{"taxonomy":"product_brand","embeddable":true,"href":"https:\/\/www.moensmeubelen.be\/fr\/wp-json\/wp\/v2\/product_brand?post=1016225"},{"taxonomy":"product_cat","embeddable":true,"href":"https:\/\/www.moensmeubelen.be\/fr\/wp-json\/wp\/v2\/product_cat?post=1016225"},{"taxonomy":"product_tag","embeddable":true,"href":"https:\/\/www.moensmeubelen.be\/fr\/wp-json\/wp\/v2\/product_tag?post=1016225"}],"curies":[{"name":"wp","href":"https:\/\/api.w.org\/{rel}","templated":true}]}}

Canapé-lit Beka Modular 140 &#8211; Raven Silver

<p>Le Beka Modular est un canapé-lit entièrement modulable avec matelas GELTEX® 18 cm et mécanisme Sedac®. Accoudoir (Classic/Curve/Linea), coussins et pieds (wengé/naturel) au choix. Méridienne en option. Hauteur d\&#8217;assise 51 cm, profondeur 57 cm.</p>

<p>Canapé-lit Beka Modular 140 &#8211; Raven Silver</p>
