{"id":1029637,"date":"2026-07-08T00:00:00","date_gmt":"2026-07-08T00:00:00","guid":{"rendered":"https:\/\/www.moensmeubelen.be\/product\/56990man-fr_be\/"},"modified":"2026-07-08T14:44:25","modified_gmt":"2026-07-08T12:44:25","slug":"56990MAN-fr_BE","status":"publish","type":"product","link":"https:\/\/www.moensmeubelen.be\/fr\/produit\/56990MAN-fr_BE\/","title":{"rendered":"Trapani, table ovale 150 x 120 cm"},"content":{"rendered":"<p>La table de salle \u00e0 manger Trapani apporte une ambiance douce et accueillante \u00e0 votre espace repas. Son plateau ovale et son pied central en croix offrent une silhouette \u00e9l\u00e9gante tout en laissant un maximum de place pour les jambes, afin d\u2019ajouter facilement des chaises suppl\u00e9mentaires. Le placage de manguier fum\u00e9 et bross\u00e9 \u00e0 la main lui conf\u00e8re une finition riche en caract\u00e8re. Disponible en trois dimensions, Trapani s\u2019adapte parfaitement \u00e0 votre int\u00e9rieur.<\/p>\n","protected":false},"excerpt":{"rendered":"<p>Trapani, table ovale 150 x 120 cm<\/p>\n","protected":false},"featured_media":1030019,"comment_status":"open","ping_status":"open","template":"","meta":{"_relevanssi_hide_post":"","_relevanssi_hide_content":"","_relevanssi_pin_for_all":"","_relevanssi_pin_keywords":"","_relevanssi_unpin_keywords":"","_relevanssi_related_keywords":"","_relevanssi_related_include_ids":"","_relevanssi_related_exclude_ids":"","_relevanssi_related_no_append":"","_relevanssi_related_not_related":"","_relevanssi_related_posts":"","_relevanssi_noindex_reason":""},"product_brand":[],"product_cat":[1315],"product_tag":[],"class_list":["post-1029637","product","type-product","status-publish","has-post-thumbnail","product_cat-eettafels_fr_BE","first","instock","taxable","shipping-taxable","purchasable","product-type-simple"],"_links":{"self":[{"href":"https:\/\/www.moensmeubelen.be\/fr\/wp-json\/wp\/v2\/product\/1029637","targetHints":{"allow":["GET"]}}],"collection":[{"href":"https:\/\/www.moensmeubelen.be\/fr\/wp-json\/wp\/v2\/product"}],"about":[{"href":"https:\/\/www.moensmeubelen.be\/fr\/wp-json\/wp\/v2\/types\/product"}],"replies":[{"embeddable":true,"href":"https:\/\/www.moensmeubelen.be\/fr\/wp-json\/wp\/v2\/comments?post=1029637"}],"wp:featuredmedia":[{"embeddable":true,"href":"https:\/\/www.moensmeubelen.be\/fr\/wp-json\/wp\/v2\/media\/1030019"}],"wp:attachment":[{"href":"https:\/\/www.moensmeubelen.be\/fr\/wp-json\/wp\/v2\/media?parent=1029637"}],"wp:term":[{"taxonomy":"product_brand","embeddable":true,"href":"https:\/\/www.moensmeubelen.be\/fr\/wp-json\/wp\/v2\/product_brand?post=1029637"},{"taxonomy":"product_cat","embeddable":true,"href":"https:\/\/www.moensmeubelen.be\/fr\/wp-json\/wp\/v2\/product_cat?post=1029637"},{"taxonomy":"product_tag","embeddable":true,"href":"https:\/\/www.moensmeubelen.be\/fr\/wp-json\/wp\/v2\/product_tag?post=1029637"}],"curies":[{"name":"wp","href":"https:\/\/api.w.org\/{rel}","templated":true}]}}

<p>La table de salle à manger Trapani apporte une ambiance douce et accueillante à votre espace repas. Son plateau ovale et son pied central en croix offrent une silhouette élégante tout en laissant un maximum de place pour les jambes, afin d’ajouter facilement des chaises supplémentaires. Le placage de manguier fumé et brossé à la main lui confère une finition riche en caractère. Disponible en trois dimensions, Trapani s’adapte parfaitement à votre intérieur.</p>
