{"id":1029645,"date":"2026-07-08T00:00:00","date_gmt":"2026-07-08T00:00:00","guid":{"rendered":"https:\/\/www.moensmeubelen.be\/product\/56991man-fr_be\/"},"modified":"2026-07-08T14:44:34","modified_gmt":"2026-07-08T12:44:34","slug":"56991MAN-fr_BE","status":"publish","type":"product","link":"https:\/\/www.moensmeubelen.be\/fr\/produit\/56991MAN-fr_BE\/","title":{"rendered":"Trapani, table ovale 210 x 120 cm"},"content":{"rendered":"<p>La table de salle \u00e0 manger Trapani associe des lignes organiques \u00e0 une grande fonctionnalit\u00e9. Gr\u00e2ce \u00e0 son plateau ovale et \u00e0 son pied central en croix, chacun profite d\u2019un excellent confort d\u2019assise et vous pouvez facilement accueillir un convive suppl\u00e9mentaire. Le placage de manguier fum\u00e9 et bross\u00e9 \u00e0 la main apporte une touche chaleureuse et authentique. Disponible en trois dimensions, il existe toujours une Trapani adapt\u00e9e \u00e0 votre espace repas.<\/p>\n","protected":false},"excerpt":{"rendered":"<p>Trapani, table ovale 210 x 120 cm<\/p>\n","protected":false},"featured_media":1030027,"comment_status":"open","ping_status":"open","template":"","meta":{"_relevanssi_hide_post":"","_relevanssi_hide_content":"","_relevanssi_pin_for_all":"","_relevanssi_pin_keywords":"","_relevanssi_unpin_keywords":"","_relevanssi_related_keywords":"","_relevanssi_related_include_ids":"","_relevanssi_related_exclude_ids":"","_relevanssi_related_no_append":"","_relevanssi_related_not_related":"","_relevanssi_related_posts":"","_relevanssi_noindex_reason":""},"product_brand":[],"product_cat":[1315],"product_tag":[],"class_list":["post-1029645","product","type-product","status-publish","has-post-thumbnail","product_cat-eettafels_fr_BE","first","instock","taxable","shipping-taxable","purchasable","product-type-simple"],"_links":{"self":[{"href":"https:\/\/www.moensmeubelen.be\/fr\/wp-json\/wp\/v2\/product\/1029645","targetHints":{"allow":["GET"]}}],"collection":[{"href":"https:\/\/www.moensmeubelen.be\/fr\/wp-json\/wp\/v2\/product"}],"about":[{"href":"https:\/\/www.moensmeubelen.be\/fr\/wp-json\/wp\/v2\/types\/product"}],"replies":[{"embeddable":true,"href":"https:\/\/www.moensmeubelen.be\/fr\/wp-json\/wp\/v2\/comments?post=1029645"}],"wp:featuredmedia":[{"embeddable":true,"href":"https:\/\/www.moensmeubelen.be\/fr\/wp-json\/wp\/v2\/media\/1030027"}],"wp:attachment":[{"href":"https:\/\/www.moensmeubelen.be\/fr\/wp-json\/wp\/v2\/media?parent=1029645"}],"wp:term":[{"taxonomy":"product_brand","embeddable":true,"href":"https:\/\/www.moensmeubelen.be\/fr\/wp-json\/wp\/v2\/product_brand?post=1029645"},{"taxonomy":"product_cat","embeddable":true,"href":"https:\/\/www.moensmeubelen.be\/fr\/wp-json\/wp\/v2\/product_cat?post=1029645"},{"taxonomy":"product_tag","embeddable":true,"href":"https:\/\/www.moensmeubelen.be\/fr\/wp-json\/wp\/v2\/product_tag?post=1029645"}],"curies":[{"name":"wp","href":"https:\/\/api.w.org\/{rel}","templated":true}]}}

<p>La table de salle à manger Trapani associe des lignes organiques à une grande fonctionnalité. Grâce à son plateau ovale et à son pied central en croix, chacun profite d’un excellent confort d’assise et vous pouvez facilement accueillir un convive supplémentaire. Le placage de manguier fumé et brossé à la main apporte une touche chaleureuse et authentique. Disponible en trois dimensions, il existe toujours une Trapani adaptée à votre espace repas.</p>
