{"id":1029671,"date":"2026-07-08T00:00:00","date_gmt":"2026-07-08T00:00:00","guid":{"rendered":"https:\/\/www.moensmeubelen.be\/product\/56992man-fr_be\/"},"modified":"2026-07-08T14:44:44","modified_gmt":"2026-07-08T12:44:44","slug":"56992MAN-fr_BE","status":"publish","type":"product","link":"https:\/\/www.moensmeubelen.be\/fr\/produit\/56992MAN-fr_BE\/","title":{"rendered":"Trapani, table ovale 240 x 120 cm"},"content":{"rendered":"<p>Avec la table de salle \u00e0 manger Trapani, cr\u00e9ez un lieu convivial o\u00f9 il fait bon se retrouver. Sa forme ovale et son pied central en croix offrent une agr\u00e9able sensation d\u2019espace ainsi qu\u2019un grand confort d\u2019utilisation. Le placage de manguier fum\u00e9 et bross\u00e9 \u00e0 la main lui conf\u00e8re une finition \u00e9l\u00e9gante et pleine de caract\u00e8re. Choisissez parmi trois dimensions afin de trouver la table Trapani qui s\u2019int\u00e8gre parfaitement \u00e0 votre int\u00e9rieur.<\/p>\n","protected":false},"excerpt":{"rendered":"<p>Trapani, table ovale 240 x 120 cm<\/p>\n","protected":false},"featured_media":1030037,"comment_status":"open","ping_status":"open","template":"","meta":{"_relevanssi_hide_post":"","_relevanssi_hide_content":"","_relevanssi_pin_for_all":"","_relevanssi_pin_keywords":"","_relevanssi_unpin_keywords":"","_relevanssi_related_keywords":"","_relevanssi_related_include_ids":"","_relevanssi_related_exclude_ids":"","_relevanssi_related_no_append":"","_relevanssi_related_not_related":"","_relevanssi_related_posts":"","_relevanssi_noindex_reason":""},"product_brand":[],"product_cat":[1315],"product_tag":[],"class_list":["post-1029671","product","type-product","status-publish","has-post-thumbnail","product_cat-eettafels_fr_BE","first","instock","taxable","shipping-taxable","purchasable","product-type-simple"],"_links":{"self":[{"href":"https:\/\/www.moensmeubelen.be\/fr\/wp-json\/wp\/v2\/product\/1029671","targetHints":{"allow":["GET"]}}],"collection":[{"href":"https:\/\/www.moensmeubelen.be\/fr\/wp-json\/wp\/v2\/product"}],"about":[{"href":"https:\/\/www.moensmeubelen.be\/fr\/wp-json\/wp\/v2\/types\/product"}],"replies":[{"embeddable":true,"href":"https:\/\/www.moensmeubelen.be\/fr\/wp-json\/wp\/v2\/comments?post=1029671"}],"wp:featuredmedia":[{"embeddable":true,"href":"https:\/\/www.moensmeubelen.be\/fr\/wp-json\/wp\/v2\/media\/1030037"}],"wp:attachment":[{"href":"https:\/\/www.moensmeubelen.be\/fr\/wp-json\/wp\/v2\/media?parent=1029671"}],"wp:term":[{"taxonomy":"product_brand","embeddable":true,"href":"https:\/\/www.moensmeubelen.be\/fr\/wp-json\/wp\/v2\/product_brand?post=1029671"},{"taxonomy":"product_cat","embeddable":true,"href":"https:\/\/www.moensmeubelen.be\/fr\/wp-json\/wp\/v2\/product_cat?post=1029671"},{"taxonomy":"product_tag","embeddable":true,"href":"https:\/\/www.moensmeubelen.be\/fr\/wp-json\/wp\/v2\/product_tag?post=1029671"}],"curies":[{"name":"wp","href":"https:\/\/api.w.org\/{rel}","templated":true}]}}

<p>Avec la table de salle à manger Trapani, créez un lieu convivial où il fait bon se retrouver. Sa forme ovale et son pied central en croix offrent une agréable sensation d’espace ainsi qu’un grand confort d’utilisation. Le placage de manguier fumé et brossé à la main lui confère une finition élégante et pleine de caractère. Choisissez parmi trois dimensions afin de trouver la table Trapani qui s’intègre parfaitement à votre intérieur.</p>
