{"id":1031968,"date":"2026-07-13T22:26:26","date_gmt":"2026-07-13T20:26:26","guid":{"rendered":"https:\/\/www.moensmeubelen.be\/product\/0018-hybrid-2-fix-lattoflex-fr_be\/"},"modified":"2026-07-13T22:46:03","modified_gmt":"2026-07-13T20:46:03","slug":"0018-hybrid-2-fix-lattoflex-fr_be","status":"publish","type":"product","link":"https:\/\/www.moensmeubelen.be\/fr\/produit\/0018-hybrid-2-fix-lattoflex-fr_be\/","title":{"rendered":"0018 &#8211; Cadre de lit Hybrid 2 Fix"},"content":{"rendered":"<p>Ce cadre de lit (Lattoflex, mod\u00e8le Hybrid 2 Fix) offre un couchage 180&#215;200. La version pr\u00e9sent\u00e9e est livr\u00e9e \u00e0 partir de 1.360 euros. D&#8217;autres dimensions et finitions sont possibles &#8211; renseignez-vous aupr\u00e8s de nos vendeurs.<\/p>\n","protected":false},"excerpt":{"rendered":"<p>Cadre de lit Hybrid 2 Fix (180&#215;200) de Lattoflex.<\/p>\n","protected":false},"featured_media":1031969,"comment_status":"open","ping_status":"closed","template":"","meta":{"_relevanssi_hide_post":"","_relevanssi_hide_content":"","_relevanssi_pin_for_all":"","_relevanssi_pin_keywords":"","_relevanssi_unpin_keywords":"","_relevanssi_related_keywords":"","_relevanssi_related_include_ids":"","_relevanssi_related_exclude_ids":"","_relevanssi_related_no_append":"","_relevanssi_related_not_related":"","_relevanssi_related_posts":"","_relevanssi_noindex_reason":""},"product_brand":[],"product_cat":[24156],"product_tag":[],"class_list":["post-1031968","product","type-product","status-publish","has-post-thumbnail","product_cat-Bedkader_fr_BE","first","instock","taxable","shipping-taxable","purchasable","product-type-simple"],"_links":{"self":[{"href":"https:\/\/www.moensmeubelen.be\/fr\/wp-json\/wp\/v2\/product\/1031968","targetHints":{"allow":["GET"]}}],"collection":[{"href":"https:\/\/www.moensmeubelen.be\/fr\/wp-json\/wp\/v2\/product"}],"about":[{"href":"https:\/\/www.moensmeubelen.be\/fr\/wp-json\/wp\/v2\/types\/product"}],"replies":[{"embeddable":true,"href":"https:\/\/www.moensmeubelen.be\/fr\/wp-json\/wp\/v2\/comments?post=1031968"}],"wp:featuredmedia":[{"embeddable":true,"href":"https:\/\/www.moensmeubelen.be\/fr\/wp-json\/wp\/v2\/media\/1031969"}],"wp:attachment":[{"href":"https:\/\/www.moensmeubelen.be\/fr\/wp-json\/wp\/v2\/media?parent=1031968"}],"wp:term":[{"taxonomy":"product_brand","embeddable":true,"href":"https:\/\/www.moensmeubelen.be\/fr\/wp-json\/wp\/v2\/product_brand?post=1031968"},{"taxonomy":"product_cat","embeddable":true,"href":"https:\/\/www.moensmeubelen.be\/fr\/wp-json\/wp\/v2\/product_cat?post=1031968"},{"taxonomy":"product_tag","embeddable":true,"href":"https:\/\/www.moensmeubelen.be\/fr\/wp-json\/wp\/v2\/product_tag?post=1031968"}],"curies":[{"name":"wp","href":"https:\/\/api.w.org\/{rel}","templated":true}]}}

<p>Ce cadre de lit (Lattoflex, modèle Hybrid 2 Fix) offre un couchage 180&#215;200. La version présentée est livrée à partir de 1.360 euros. D&#8217;autres dimensions et finitions sont possibles &#8211; renseignez-vous auprès de nos vendeurs.</p>
