{"id":1032008,"date":"2026-07-13T22:27:52","date_gmt":"2026-07-13T20:27:52","guid":{"rendered":"https:\/\/www.moensmeubelen.be\/product\/0025-italy-revor-fr_be\/"},"modified":"2026-07-13T22:27:57","modified_gmt":"2026-07-13T20:27:57","slug":"0025-italy-revor-fr_be","status":"publish","type":"product","link":"https:\/\/www.moensmeubelen.be\/fr\/produit\/0025-italy-revor-fr_be\/","title":{"rendered":"0025 &#8211; Cadre de lit Italy"},"content":{"rendered":"<p>Ce cadre de lit enti\u00e8rement tapiss\u00e9 (Revor, mod\u00e8le Italy) offre un couchage 180&#215;200 (dimensions ext\u00e9rieures 206&#215;234) avec t\u00eate de lit Italy, r\u00e9alis\u00e9 en tissu (Toronto Green) avec pieds de support extensibles. La version pr\u00e9sent\u00e9e est livr\u00e9e \u00e0 partir de 1.719 euros. D&#8217;autres dimensions, t\u00eates de lit et choix de tissus sont possibles &#8211; renseignez-vous aupr\u00e8s de nos vendeurs.<\/p>\n","protected":false},"excerpt":{"rendered":"<p>Cadre de lit enti\u00e8rement tapiss\u00e9 Italy (180&#215;200) avec t\u00eate de lit Italy, en tissu (Toronto Green). Pieds de support extensibles.<\/p>\n","protected":false},"featured_media":1032009,"comment_status":"open","ping_status":"closed","template":"","meta":{"_relevanssi_hide_post":"","_relevanssi_hide_content":"","_relevanssi_pin_for_all":"","_relevanssi_pin_keywords":"","_relevanssi_unpin_keywords":"","_relevanssi_related_keywords":"","_relevanssi_related_include_ids":"","_relevanssi_related_exclude_ids":"","_relevanssi_related_no_append":"","_relevanssi_related_not_related":"","_relevanssi_related_posts":"","_relevanssi_noindex_reason":""},"product_brand":[],"product_cat":[24156],"product_tag":[],"class_list":["post-1032008","product","type-product","status-publish","has-post-thumbnail","product_cat-Bedkader_fr_BE","first","instock","taxable","shipping-taxable","purchasable","product-type-simple"],"_links":{"self":[{"href":"https:\/\/www.moensmeubelen.be\/fr\/wp-json\/wp\/v2\/product\/1032008","targetHints":{"allow":["GET"]}}],"collection":[{"href":"https:\/\/www.moensmeubelen.be\/fr\/wp-json\/wp\/v2\/product"}],"about":[{"href":"https:\/\/www.moensmeubelen.be\/fr\/wp-json\/wp\/v2\/types\/product"}],"replies":[{"embeddable":true,"href":"https:\/\/www.moensmeubelen.be\/fr\/wp-json\/wp\/v2\/comments?post=1032008"}],"wp:featuredmedia":[{"embeddable":true,"href":"https:\/\/www.moensmeubelen.be\/fr\/wp-json\/wp\/v2\/media\/1032009"}],"wp:attachment":[{"href":"https:\/\/www.moensmeubelen.be\/fr\/wp-json\/wp\/v2\/media?parent=1032008"}],"wp:term":[{"taxonomy":"product_brand","embeddable":true,"href":"https:\/\/www.moensmeubelen.be\/fr\/wp-json\/wp\/v2\/product_brand?post=1032008"},{"taxonomy":"product_cat","embeddable":true,"href":"https:\/\/www.moensmeubelen.be\/fr\/wp-json\/wp\/v2\/product_cat?post=1032008"},{"taxonomy":"product_tag","embeddable":true,"href":"https:\/\/www.moensmeubelen.be\/fr\/wp-json\/wp\/v2\/product_tag?post=1032008"}],"curies":[{"name":"wp","href":"https:\/\/api.w.org\/{rel}","templated":true}]}}

<p>Ce cadre de lit entièrement tapissé (Revor, modèle Italy) offre un couchage 180&#215;200 (dimensions extérieures 206&#215;234) avec tête de lit Italy, réalisé en tissu (Toronto Green) avec pieds de support extensibles. La version présentée est livrée à partir de 1.719 euros. D&#8217;autres dimensions, têtes de lit et choix de tissus sont possibles &#8211; renseignez-vous auprès de nos vendeurs.</p>

<p>Cadre de lit entièrement tapissé Italy (180&#215;200) avec tête de lit Italy, en tissu (Toronto Green). Pieds de support extensibles.</p>
