{"id":1032016,"date":"2026-07-13T22:28:04","date_gmt":"2026-07-13T20:28:04","guid":{"rendered":"https:\/\/www.moensmeubelen.be\/product\/0026-design-hb-lines-tempur-fr_be\/"},"modified":"2026-07-13T22:45:32","modified_gmt":"2026-07-13T20:45:32","slug":"0026-design-hb-lines-tempur-fr_be","status":"publish","type":"product","link":"https:\/\/www.moensmeubelen.be\/fr\/produit\/0026-design-hb-lines-tempur-fr_be\/","title":{"rendered":"0026 &#8211; Cadre de lit Design &#8211; Lines"},"content":{"rendered":"<p>Ce cadre de lit (Tempur, mod\u00e8le Design) offre un couchage 180&#215;200 avec t\u00eate de lit Lines, r\u00e9alis\u00e9 en tissu (Fores 16), sommiers inclus (2\u00d790\/200) et pieds Swing black (34 cm). La version pr\u00e9sent\u00e9e est livr\u00e9e \u00e0 partir de 9.147 euros. D&#8217;autres dimensions, t\u00eates de lit et finitions sont possibles &#8211; renseignez-vous aupr\u00e8s de nos vendeurs.<\/p>\n","protected":false},"excerpt":{"rendered":"<p>Cadre de lit Tempur Design (180&#215;200) avec t\u00eate de lit Lines, en tissu (Fores). Sommiers inclus, pieds Swing black.<\/p>\n","protected":false},"featured_media":1032049,"comment_status":"open","ping_status":"closed","template":"","meta":{"_relevanssi_hide_post":"","_relevanssi_hide_content":"","_relevanssi_pin_for_all":"","_relevanssi_pin_keywords":"","_relevanssi_unpin_keywords":"","_relevanssi_related_keywords":"","_relevanssi_related_include_ids":"","_relevanssi_related_exclude_ids":"","_relevanssi_related_no_append":"","_relevanssi_related_not_related":"","_relevanssi_related_posts":"","_relevanssi_noindex_reason":""},"product_brand":[],"product_cat":[24156],"product_tag":[],"class_list":["post-1032016","product","type-product","status-publish","has-post-thumbnail","product_cat-Bedkader_fr_BE","first","instock","taxable","shipping-taxable","purchasable","product-type-simple"],"_links":{"self":[{"href":"https:\/\/www.moensmeubelen.be\/fr\/wp-json\/wp\/v2\/product\/1032016","targetHints":{"allow":["GET"]}}],"collection":[{"href":"https:\/\/www.moensmeubelen.be\/fr\/wp-json\/wp\/v2\/product"}],"about":[{"href":"https:\/\/www.moensmeubelen.be\/fr\/wp-json\/wp\/v2\/types\/product"}],"replies":[{"embeddable":true,"href":"https:\/\/www.moensmeubelen.be\/fr\/wp-json\/wp\/v2\/comments?post=1032016"}],"wp:featuredmedia":[{"embeddable":true,"href":"https:\/\/www.moensmeubelen.be\/fr\/wp-json\/wp\/v2\/media\/1032049"}],"wp:attachment":[{"href":"https:\/\/www.moensmeubelen.be\/fr\/wp-json\/wp\/v2\/media?parent=1032016"}],"wp:term":[{"taxonomy":"product_brand","embeddable":true,"href":"https:\/\/www.moensmeubelen.be\/fr\/wp-json\/wp\/v2\/product_brand?post=1032016"},{"taxonomy":"product_cat","embeddable":true,"href":"https:\/\/www.moensmeubelen.be\/fr\/wp-json\/wp\/v2\/product_cat?post=1032016"},{"taxonomy":"product_tag","embeddable":true,"href":"https:\/\/www.moensmeubelen.be\/fr\/wp-json\/wp\/v2\/product_tag?post=1032016"}],"curies":[{"name":"wp","href":"https:\/\/api.w.org\/{rel}","templated":true}]}}

<p>Ce cadre de lit (Tempur, modèle Design) offre un couchage 180&#215;200 avec tête de lit Lines, réalisé en tissu (Fores 16), sommiers inclus (2×90/200) et pieds Swing black (34 cm). La version présentée est livrée à partir de 9.147 euros. D&#8217;autres dimensions, têtes de lit et finitions sont possibles &#8211; renseignez-vous auprès de nos vendeurs.</p>

<p>Cadre de lit Tempur Design (180&#215;200) avec tête de lit Lines, en tissu (Fores). Sommiers inclus, pieds Swing black.</p>
