{"id":1032052,"date":"2026-07-13T22:28:13","date_gmt":"2026-07-13T20:28:13","guid":{"rendered":"https:\/\/www.moensmeubelen.be\/product\/0027-3z-hb-trento-nox-fr_be\/"},"modified":"2026-07-13T22:28:17","modified_gmt":"2026-07-13T20:28:17","slug":"0027-3z-hb-trento-nox-fr_be","status":"publish","type":"product","link":"https:\/\/www.moensmeubelen.be\/fr\/produit\/0027-3z-hb-trento-nox-fr_be\/","title":{"rendered":"0027 &#8211; Cadre de lit 3Z &#8211; Trento"},"content":{"rendered":"<p>Ce cadre de lit (Nox, mod\u00e8le 3Z Primio) offre un couchage 180&#215;200 avec une t\u00eate de lit droite Trento, r\u00e9alis\u00e9 en tissu (Cyber) avec pieds en bois Novica (H13). La version pr\u00e9sent\u00e9e est livr\u00e9e \u00e0 partir de 2.150 euros. En option avec sommiers \u00e0 lattes Latoplus. D&#8217;autres dimensions, t\u00eates de lit et choix de tissus sont possibles &#8211; renseignez-vous aupr\u00e8s de nos vendeurs.<\/p>\n","protected":false},"excerpt":{"rendered":"<p>Cadre de lit 3Z Primio (180&#215;200) avec t\u00eate de lit droite Trento, en tissu (Cyber). Pieds en bois Novica.<\/p>\n","protected":false},"featured_media":1032053,"comment_status":"open","ping_status":"closed","template":"","meta":{"_relevanssi_hide_post":"","_relevanssi_hide_content":"","_relevanssi_pin_for_all":"","_relevanssi_pin_keywords":"","_relevanssi_unpin_keywords":"","_relevanssi_related_keywords":"","_relevanssi_related_include_ids":"","_relevanssi_related_exclude_ids":"","_relevanssi_related_no_append":"","_relevanssi_related_not_related":"","_relevanssi_related_posts":"","_relevanssi_noindex_reason":""},"product_brand":[],"product_cat":[24156],"product_tag":[],"class_list":["post-1032052","product","type-product","status-publish","has-post-thumbnail","product_cat-Bedkader_fr_BE","first","instock","taxable","shipping-taxable","purchasable","product-type-simple"],"_links":{"self":[{"href":"https:\/\/www.moensmeubelen.be\/fr\/wp-json\/wp\/v2\/product\/1032052","targetHints":{"allow":["GET"]}}],"collection":[{"href":"https:\/\/www.moensmeubelen.be\/fr\/wp-json\/wp\/v2\/product"}],"about":[{"href":"https:\/\/www.moensmeubelen.be\/fr\/wp-json\/wp\/v2\/types\/product"}],"replies":[{"embeddable":true,"href":"https:\/\/www.moensmeubelen.be\/fr\/wp-json\/wp\/v2\/comments?post=1032052"}],"wp:featuredmedia":[{"embeddable":true,"href":"https:\/\/www.moensmeubelen.be\/fr\/wp-json\/wp\/v2\/media\/1032053"}],"wp:attachment":[{"href":"https:\/\/www.moensmeubelen.be\/fr\/wp-json\/wp\/v2\/media?parent=1032052"}],"wp:term":[{"taxonomy":"product_brand","embeddable":true,"href":"https:\/\/www.moensmeubelen.be\/fr\/wp-json\/wp\/v2\/product_brand?post=1032052"},{"taxonomy":"product_cat","embeddable":true,"href":"https:\/\/www.moensmeubelen.be\/fr\/wp-json\/wp\/v2\/product_cat?post=1032052"},{"taxonomy":"product_tag","embeddable":true,"href":"https:\/\/www.moensmeubelen.be\/fr\/wp-json\/wp\/v2\/product_tag?post=1032052"}],"curies":[{"name":"wp","href":"https:\/\/api.w.org\/{rel}","templated":true}]}}

<p>Ce cadre de lit (Nox, modèle 3Z Primio) offre un couchage 180&#215;200 avec une tête de lit droite Trento, réalisé en tissu (Cyber) avec pieds en bois Novica (H13). La version présentée est livrée à partir de 2.150 euros. En option avec sommiers à lattes Latoplus. D&#8217;autres dimensions, têtes de lit et choix de tissus sont possibles &#8211; renseignez-vous auprès de nos vendeurs.</p>

<p>Cadre de lit 3Z Primio (180&#215;200) avec tête de lit droite Trento, en tissu (Cyber). Pieds en bois Novica.</p>
