{"id":1032070,"date":"2026-07-13T22:28:44","date_gmt":"2026-07-13T20:28:44","guid":{"rendered":"https:\/\/www.moensmeubelen.be\/product\/0126-newilla-innovation-fr_be\/"},"modified":"2026-07-13T22:28:49","modified_gmt":"2026-07-13T20:28:49","slug":"0126-newilla-innovation-fr_be","status":"publish","type":"product","link":"https:\/\/www.moensmeubelen.be\/fr\/produit\/0126-newilla-innovation-fr_be\/","title":{"rendered":"0126 &#8211; Canap\u00e9-lit Newilla"},"content":{"rendered":"<p>Ce canap\u00e9-lit Newilla (Innovation) offre un couchage de 145 x 200 cm et est r\u00e9alis\u00e9 en tissu Dess 594. La version pr\u00e9sent\u00e9e est livr\u00e9e \u00e0 partir de 2.134 euros. D&#8217;autres tissus et versions sont possibles &#8211; renseignez-vous aupr\u00e8s de nos vendeurs.<\/p>\n","protected":false},"excerpt":{"rendered":"<p>Canap\u00e9-lit Newilla (Innovation) 145-200 avec confort de couchage quotidien. Tissu Dess 594.<\/p>\n","protected":false},"featured_media":1032071,"comment_status":"open","ping_status":"closed","template":"","meta":{"_relevanssi_hide_post":"","_relevanssi_hide_content":"","_relevanssi_pin_for_all":"","_relevanssi_pin_keywords":"","_relevanssi_unpin_keywords":"","_relevanssi_related_keywords":"","_relevanssi_related_include_ids":"","_relevanssi_related_exclude_ids":"","_relevanssi_related_no_append":"","_relevanssi_related_not_related":"","_relevanssi_related_posts":"","_relevanssi_noindex_reason":""},"product_brand":[],"product_cat":[1332],"product_tag":[],"class_list":["post-1032070","product","type-product","status-publish","has-post-thumbnail","product_cat-zetelbedden_fr_BE","first","instock","taxable","shipping-taxable","purchasable","product-type-simple"],"_links":{"self":[{"href":"https:\/\/www.moensmeubelen.be\/fr\/wp-json\/wp\/v2\/product\/1032070","targetHints":{"allow":["GET"]}}],"collection":[{"href":"https:\/\/www.moensmeubelen.be\/fr\/wp-json\/wp\/v2\/product"}],"about":[{"href":"https:\/\/www.moensmeubelen.be\/fr\/wp-json\/wp\/v2\/types\/product"}],"replies":[{"embeddable":true,"href":"https:\/\/www.moensmeubelen.be\/fr\/wp-json\/wp\/v2\/comments?post=1032070"}],"wp:featuredmedia":[{"embeddable":true,"href":"https:\/\/www.moensmeubelen.be\/fr\/wp-json\/wp\/v2\/media\/1032071"}],"wp:attachment":[{"href":"https:\/\/www.moensmeubelen.be\/fr\/wp-json\/wp\/v2\/media?parent=1032070"}],"wp:term":[{"taxonomy":"product_brand","embeddable":true,"href":"https:\/\/www.moensmeubelen.be\/fr\/wp-json\/wp\/v2\/product_brand?post=1032070"},{"taxonomy":"product_cat","embeddable":true,"href":"https:\/\/www.moensmeubelen.be\/fr\/wp-json\/wp\/v2\/product_cat?post=1032070"},{"taxonomy":"product_tag","embeddable":true,"href":"https:\/\/www.moensmeubelen.be\/fr\/wp-json\/wp\/v2\/product_tag?post=1032070"}],"curies":[{"name":"wp","href":"https:\/\/api.w.org\/{rel}","templated":true}]}}

0126 &#8211; Canapé-lit Newilla

<p>Ce canapé-lit Newilla (Innovation) offre un couchage de 145 x 200 cm et est réalisé en tissu Dess 594. La version présentée est livrée à partir de 2.134 euros. D&#8217;autres tissus et versions sont possibles &#8211; renseignez-vous auprès de nos vendeurs.</p>

<p>Canapé-lit Newilla (Innovation) 145-200 avec confort de couchage quotidien. Tissu Dess 594.</p>
