{"id":1032112,"date":"2026-07-13T22:29:55","date_gmt":"2026-07-13T20:29:55","guid":{"rendered":"https:\/\/www.moensmeubelen.be\/product\/0132-bacio-75-sofabed-fr_be\/"},"modified":"2026-07-13T22:51:59","modified_gmt":"2026-07-13T20:51:59","slug":"0132-bacio-75-sofabed-fr_be","status":"publish","type":"product","link":"https:\/\/www.moensmeubelen.be\/fr\/produit\/0132-bacio-75-sofabed-fr_be\/","title":{"rendered":"0132 &#8211; Canap\u00e9-lit Bacio-75"},"content":{"rendered":"<p>Ce canap\u00e9-lit Bacio-75 (Sofabed) dispose d&#8217;un matelas 75 cm et de 2 accoudoirs avec matelas standard 18 cm (L125 H91\/79 P103\/218), r\u00e9alis\u00e9 en tissu Cat. B (Berly gris clair), fermet\u00e9 standard medium. La version pr\u00e9sent\u00e9e est livr\u00e9e \u00e0 partir de 2.735 euros. D&#8217;autres tissus et versions sont possibles &#8211; renseignez-vous aupr\u00e8s de nos vendeurs.<\/p>\n","protected":false},"excerpt":{"rendered":"<p>Canap\u00e9-lit Bacio-75 avec matelas 75 cm et 2 accoudoirs, matelas standard 18 cm (L125 H91\/79 P103). Tissu Cat. B (Berly gris clair), fermet\u00e9 standard medium.<\/p>\n","protected":false},"featured_media":1032113,"comment_status":"open","ping_status":"closed","template":"","meta":{"_relevanssi_hide_post":"","_relevanssi_hide_content":"","_relevanssi_pin_for_all":"","_relevanssi_pin_keywords":"","_relevanssi_unpin_keywords":"","_relevanssi_related_keywords":"","_relevanssi_related_include_ids":"","_relevanssi_related_exclude_ids":"","_relevanssi_related_no_append":"","_relevanssi_related_not_related":"","_relevanssi_related_posts":"","_relevanssi_noindex_reason":""},"product_brand":[],"product_cat":[1332],"product_tag":[],"class_list":["post-1032112","product","type-product","status-publish","has-post-thumbnail","product_cat-zetelbedden_fr_BE","first","instock","taxable","shipping-taxable","purchasable","product-type-simple"],"_links":{"self":[{"href":"https:\/\/www.moensmeubelen.be\/fr\/wp-json\/wp\/v2\/product\/1032112","targetHints":{"allow":["GET"]}}],"collection":[{"href":"https:\/\/www.moensmeubelen.be\/fr\/wp-json\/wp\/v2\/product"}],"about":[{"href":"https:\/\/www.moensmeubelen.be\/fr\/wp-json\/wp\/v2\/types\/product"}],"replies":[{"embeddable":true,"href":"https:\/\/www.moensmeubelen.be\/fr\/wp-json\/wp\/v2\/comments?post=1032112"}],"wp:featuredmedia":[{"embeddable":true,"href":"https:\/\/www.moensmeubelen.be\/fr\/wp-json\/wp\/v2\/media\/1032113"}],"wp:attachment":[{"href":"https:\/\/www.moensmeubelen.be\/fr\/wp-json\/wp\/v2\/media?parent=1032112"}],"wp:term":[{"taxonomy":"product_brand","embeddable":true,"href":"https:\/\/www.moensmeubelen.be\/fr\/wp-json\/wp\/v2\/product_brand?post=1032112"},{"taxonomy":"product_cat","embeddable":true,"href":"https:\/\/www.moensmeubelen.be\/fr\/wp-json\/wp\/v2\/product_cat?post=1032112"},{"taxonomy":"product_tag","embeddable":true,"href":"https:\/\/www.moensmeubelen.be\/fr\/wp-json\/wp\/v2\/product_tag?post=1032112"}],"curies":[{"name":"wp","href":"https:\/\/api.w.org\/{rel}","templated":true}]}}

0132 &#8211; Canapé-lit Bacio-75

<p>Ce canapé-lit Bacio-75 (Sofabed) dispose d&#8217;un matelas 75 cm et de 2 accoudoirs avec matelas standard 18 cm (L125 H91/79 P103/218), réalisé en tissu Cat. B (Berly gris clair), fermeté standard medium. La version présentée est livrée à partir de 2.735 euros. D&#8217;autres tissus et versions sont possibles &#8211; renseignez-vous auprès de nos vendeurs.</p>

<p>Canapé-lit Bacio-75 avec matelas 75 cm et 2 accoudoirs, matelas standard 18 cm (L125 H91/79 P103). Tissu Cat. B (Berly gris clair), fermeté standard medium.</p>
