{"id":1032120,"date":"2026-07-13T22:30:07","date_gmt":"2026-07-13T20:30:07","guid":{"rendered":"https:\/\/www.moensmeubelen.be\/product\/0134-costa-franco-ferri-fr_be\/"},"modified":"2026-07-13T22:30:11","modified_gmt":"2026-07-13T20:30:11","slug":"0134-costa-franco-ferri-fr_be","status":"publish","type":"product","link":"https:\/\/www.moensmeubelen.be\/fr\/produit\/0134-costa-franco-ferri-fr_be\/","title":{"rendered":"0134 &#8211; Canap\u00e9-lit Costa"},"content":{"rendered":"<p>Ce canap\u00e9-lit d&#8217;angle Costa (Franco Ferri) se compose d&#8217;une m\u00e9ridienne large accoudoir droit (L106 H72 P181) et d&#8217;un 3 places large avec lit accoudoir gauche, matelas Espanso (L202 H72 P104\/210). La version pr\u00e9sent\u00e9e est en tissu Cat. 84 (Matisse 001), confort d&#8217;assise hard foam et pieds m\u00e9tal 38 noir, livr\u00e9e \u00e0 partir de 5.580 euros. D&#8217;autres versions et tissus sont possibles &#8211; renseignez-vous aupr\u00e8s de nos vendeurs.<\/p>\n","protected":false},"excerpt":{"rendered":"<p>Canap\u00e9-lit d&#8217;angle Costa avec m\u00e9ridienne large (accoudoir droit) et 3 places large avec lit (accoudoir gauche), matelas Espanso. Tissu Cat. 84 (Matisse 001), confort d&#8217;assise hard foam, pieds m\u00e9tal 38 noir.<\/p>\n","protected":false},"featured_media":1032121,"comment_status":"open","ping_status":"closed","template":"","meta":{"_relevanssi_hide_post":"","_relevanssi_hide_content":"","_relevanssi_pin_for_all":"","_relevanssi_pin_keywords":"","_relevanssi_unpin_keywords":"","_relevanssi_related_keywords":"","_relevanssi_related_include_ids":"","_relevanssi_related_exclude_ids":"","_relevanssi_related_no_append":"","_relevanssi_related_not_related":"","_relevanssi_related_posts":"","_relevanssi_noindex_reason":""},"product_brand":[],"product_cat":[1332],"product_tag":[],"class_list":["post-1032120","product","type-product","status-publish","has-post-thumbnail","product_cat-zetelbedden_fr_BE","first","instock","taxable","shipping-taxable","purchasable","product-type-simple"],"_links":{"self":[{"href":"https:\/\/www.moensmeubelen.be\/fr\/wp-json\/wp\/v2\/product\/1032120","targetHints":{"allow":["GET"]}}],"collection":[{"href":"https:\/\/www.moensmeubelen.be\/fr\/wp-json\/wp\/v2\/product"}],"about":[{"href":"https:\/\/www.moensmeubelen.be\/fr\/wp-json\/wp\/v2\/types\/product"}],"replies":[{"embeddable":true,"href":"https:\/\/www.moensmeubelen.be\/fr\/wp-json\/wp\/v2\/comments?post=1032120"}],"wp:featuredmedia":[{"embeddable":true,"href":"https:\/\/www.moensmeubelen.be\/fr\/wp-json\/wp\/v2\/media\/1032121"}],"wp:attachment":[{"href":"https:\/\/www.moensmeubelen.be\/fr\/wp-json\/wp\/v2\/media?parent=1032120"}],"wp:term":[{"taxonomy":"product_brand","embeddable":true,"href":"https:\/\/www.moensmeubelen.be\/fr\/wp-json\/wp\/v2\/product_brand?post=1032120"},{"taxonomy":"product_cat","embeddable":true,"href":"https:\/\/www.moensmeubelen.be\/fr\/wp-json\/wp\/v2\/product_cat?post=1032120"},{"taxonomy":"product_tag","embeddable":true,"href":"https:\/\/www.moensmeubelen.be\/fr\/wp-json\/wp\/v2\/product_tag?post=1032120"}],"curies":[{"name":"wp","href":"https:\/\/api.w.org\/{rel}","templated":true}]}}

0134 &#8211; Canapé-lit Costa

<p>Ce canapé-lit d&#8217;angle Costa (Franco Ferri) se compose d&#8217;une méridienne large accoudoir droit (L106 H72 P181) et d&#8217;un 3 places large avec lit accoudoir gauche, matelas Espanso (L202 H72 P104/210). La version présentée est en tissu Cat. 84 (Matisse 001), confort d&#8217;assise hard foam et pieds métal 38 noir, livrée à partir de 5.580 euros. D&#8217;autres versions et tissus sont possibles &#8211; renseignez-vous auprès de nos vendeurs.</p>

<p>Canapé-lit d&#8217;angle Costa avec méridienne large (accoudoir droit) et 3 places large avec lit (accoudoir gauche), matelas Espanso. Tissu Cat. 84 (Matisse 001), confort d&#8217;assise hard foam, pieds métal 38 noir.</p>
