{"id":1032334,"date":"2026-07-13T22:35:25","date_gmt":"2026-07-13T20:35:25","guid":{"rendered":"https:\/\/www.moensmeubelen.be\/product\/0186-box-25-pocket-hb-bologna-revor-fr_be\/"},"modified":"2026-07-13T22:35:30","modified_gmt":"2026-07-13T20:35:30","slug":"0186-box-25-pocket-hb-bologna-revor-fr_be","status":"publish","type":"product","link":"https:\/\/www.moensmeubelen.be\/fr\/produit\/0186-box-25-pocket-hb-bologna-revor-fr_be\/","title":{"rendered":"0186 &#8211; Boxspring Box 25 Pocket &#8211; Bologna"},"content":{"rendered":"<p>Ce boxspring (Revor, mod\u00e8le Box 25 Pocket) se compose d&#8217;un sommier plat \u00e0 ressorts ensach\u00e9s en 180\/200, d&#8217;une t\u00eate de lit Bologna et d&#8217;un jeu de pieds Lato Walnut. R\u00e9alis\u00e9 en tissu (Bermuda Taupe). La composition pr\u00e9sent\u00e9e est livr\u00e9e \u00e0 partir de 2.610 euros. D&#8217;autres dimensions, t\u00eates de lit, pieds et choix de tissus sont possibles &#8211; renseignez-vous aupr\u00e8s de nos vendeurs.<\/p>\n","protected":false},"excerpt":{"rendered":"<p>Boxspring Box 25 Pocket (180\/200) avec t\u00eate de lit Bologna et pieds Lato Walnut. Tissu.<\/p>\n","protected":false},"featured_media":1032335,"comment_status":"open","ping_status":"closed","template":"","meta":{"_relevanssi_hide_post":"","_relevanssi_hide_content":"","_relevanssi_pin_for_all":"","_relevanssi_pin_keywords":"","_relevanssi_unpin_keywords":"","_relevanssi_related_keywords":"","_relevanssi_related_include_ids":"","_relevanssi_related_exclude_ids":"","_relevanssi_related_no_append":"","_relevanssi_related_not_related":"","_relevanssi_related_posts":"","_relevanssi_noindex_reason":""},"product_brand":[],"product_cat":[1389],"product_tag":[],"class_list":["post-1032334","product","type-product","status-publish","has-post-thumbnail","product_cat-boxsprings_fr_BE","first","instock","taxable","shipping-taxable","purchasable","product-type-simple"],"_links":{"self":[{"href":"https:\/\/www.moensmeubelen.be\/fr\/wp-json\/wp\/v2\/product\/1032334","targetHints":{"allow":["GET"]}}],"collection":[{"href":"https:\/\/www.moensmeubelen.be\/fr\/wp-json\/wp\/v2\/product"}],"about":[{"href":"https:\/\/www.moensmeubelen.be\/fr\/wp-json\/wp\/v2\/types\/product"}],"replies":[{"embeddable":true,"href":"https:\/\/www.moensmeubelen.be\/fr\/wp-json\/wp\/v2\/comments?post=1032334"}],"wp:featuredmedia":[{"embeddable":true,"href":"https:\/\/www.moensmeubelen.be\/fr\/wp-json\/wp\/v2\/media\/1032335"}],"wp:attachment":[{"href":"https:\/\/www.moensmeubelen.be\/fr\/wp-json\/wp\/v2\/media?parent=1032334"}],"wp:term":[{"taxonomy":"product_brand","embeddable":true,"href":"https:\/\/www.moensmeubelen.be\/fr\/wp-json\/wp\/v2\/product_brand?post=1032334"},{"taxonomy":"product_cat","embeddable":true,"href":"https:\/\/www.moensmeubelen.be\/fr\/wp-json\/wp\/v2\/product_cat?post=1032334"},{"taxonomy":"product_tag","embeddable":true,"href":"https:\/\/www.moensmeubelen.be\/fr\/wp-json\/wp\/v2\/product_tag?post=1032334"}],"curies":[{"name":"wp","href":"https:\/\/api.w.org\/{rel}","templated":true}]}}

<p>Ce boxspring (Revor, modèle Box 25 Pocket) se compose d&#8217;un sommier plat à ressorts ensachés en 180/200, d&#8217;une tête de lit Bologna et d&#8217;un jeu de pieds Lato Walnut. Réalisé en tissu (Bermuda Taupe). La composition présentée est livrée à partir de 2.610 euros. D&#8217;autres dimensions, têtes de lit, pieds et choix de tissus sont possibles &#8211; renseignez-vous auprès de nos vendeurs.</p>

<p>Boxspring Box 25 Pocket (180/200) avec tête de lit Bologna et pieds Lato Walnut. Tissu.</p>
