{"id":1032338,"date":"2026-07-13T22:35:36","date_gmt":"2026-07-13T20:35:36","guid":{"rendered":"https:\/\/www.moensmeubelen.be\/product\/0187-elektro-23-4k-hb-eclectic-uni-revor-fr_be\/"},"modified":"2026-07-13T22:52:03","modified_gmt":"2026-07-13T20:52:03","slug":"0187-elektro-23-4k-hb-eclectic-uni-revor-fr_be","status":"publish","type":"product","link":"https:\/\/www.moensmeubelen.be\/fr\/produit\/0187-elektro-23-4k-hb-eclectic-uni-revor-fr_be\/","title":{"rendered":"0187 &#8211; Boxspring Elektro 23 4K &#8211; Eclectic"},"content":{"rendered":"<p>Ce boxspring \u00e0 r\u00e9glage \u00e9lectrique (Revor, mod\u00e8le Elektro 23 4K) dispose d&#8217;un sommier \u00e9lectrique Ascot Lineair 23 \u00e0 4 sections en 180\/200, d&#8217;une t\u00eate de lit Eclectic et de pieds BO Walnut. R\u00e9alis\u00e9 en tissu (Rolinka Greige). La composition pr\u00e9sent\u00e9e est livr\u00e9e \u00e0 partir de 4.853 euros. D&#8217;autres dimensions, t\u00eates de lit, pieds et choix de tissus sont possibles &#8211; renseignez-vous aupr\u00e8s de nos vendeurs.<\/p>\n","protected":false},"excerpt":{"rendered":"<p>Boxspring \u00e0 r\u00e9glage \u00e9lectrique Ascot Lineair 23 (4 sections, 180\/200) avec t\u00eate de lit Eclectic. Tissu, pieds noyer.<\/p>\n","protected":false},"featured_media":1032339,"comment_status":"open","ping_status":"closed","template":"","meta":{"_relevanssi_hide_post":"","_relevanssi_hide_content":"","_relevanssi_pin_for_all":"","_relevanssi_pin_keywords":"","_relevanssi_unpin_keywords":"","_relevanssi_related_keywords":"","_relevanssi_related_include_ids":"","_relevanssi_related_exclude_ids":"","_relevanssi_related_no_append":"","_relevanssi_related_not_related":"","_relevanssi_related_posts":"","_relevanssi_noindex_reason":""},"product_brand":[],"product_cat":[1389],"product_tag":[],"class_list":["post-1032338","product","type-product","status-publish","has-post-thumbnail","product_cat-boxsprings_fr_BE","first","instock","taxable","shipping-taxable","purchasable","product-type-simple"],"_links":{"self":[{"href":"https:\/\/www.moensmeubelen.be\/fr\/wp-json\/wp\/v2\/product\/1032338","targetHints":{"allow":["GET"]}}],"collection":[{"href":"https:\/\/www.moensmeubelen.be\/fr\/wp-json\/wp\/v2\/product"}],"about":[{"href":"https:\/\/www.moensmeubelen.be\/fr\/wp-json\/wp\/v2\/types\/product"}],"replies":[{"embeddable":true,"href":"https:\/\/www.moensmeubelen.be\/fr\/wp-json\/wp\/v2\/comments?post=1032338"}],"wp:featuredmedia":[{"embeddable":true,"href":"https:\/\/www.moensmeubelen.be\/fr\/wp-json\/wp\/v2\/media\/1032339"}],"wp:attachment":[{"href":"https:\/\/www.moensmeubelen.be\/fr\/wp-json\/wp\/v2\/media?parent=1032338"}],"wp:term":[{"taxonomy":"product_brand","embeddable":true,"href":"https:\/\/www.moensmeubelen.be\/fr\/wp-json\/wp\/v2\/product_brand?post=1032338"},{"taxonomy":"product_cat","embeddable":true,"href":"https:\/\/www.moensmeubelen.be\/fr\/wp-json\/wp\/v2\/product_cat?post=1032338"},{"taxonomy":"product_tag","embeddable":true,"href":"https:\/\/www.moensmeubelen.be\/fr\/wp-json\/wp\/v2\/product_tag?post=1032338"}],"curies":[{"name":"wp","href":"https:\/\/api.w.org\/{rel}","templated":true}]}}

<p>Ce boxspring à réglage électrique (Revor, modèle Elektro 23 4K) dispose d&#8217;un sommier électrique Ascot Lineair 23 à 4 sections en 180/200, d&#8217;une tête de lit Eclectic et de pieds BO Walnut. Réalisé en tissu (Rolinka Greige). La composition présentée est livrée à partir de 4.853 euros. D&#8217;autres dimensions, têtes de lit, pieds et choix de tissus sont possibles &#8211; renseignez-vous auprès de nos vendeurs.</p>

<p>Boxspring à réglage électrique Ascot Lineair 23 (4 sections, 180/200) avec tête de lit Eclectic. Tissu, pieds noyer.</p>
