{"id":1032344,"date":"2026-07-13T22:35:47","date_gmt":"2026-07-13T20:35:47","guid":{"rendered":"https:\/\/www.moensmeubelen.be\/product\/0809-sansa-meubelf-lievens-fr_be\/"},"modified":"2026-07-13T22:35:52","modified_gmt":"2026-07-13T20:35:52","slug":"0809-sansa-meubelf-lievens-fr_be","status":"publish","type":"product","link":"https:\/\/www.moensmeubelen.be\/fr\/produit\/0809-sansa-meubelf-lievens-fr_be\/","title":{"rendered":"0809 &#8211; Salle \u00e0 manger Sansa"},"content":{"rendered":"<p>Cette salle \u00e0 manger Sansa (Meubelfabriek Lievens) est r\u00e9alis\u00e9e en ch\u00eane naturel et comprend, dans la pr\u00e9sentation montr\u00e9e, une table fixe 220 cm (220&#215;100 H77), un bahut 4 portes (L240), une armoire 4 portes (L115), une colonne 1 porte\/3 niches et un meuble TV 4 portes. La pr\u00e9sentation montr\u00e9e est livr\u00e9e \u00e0 partir de 5.160 euros. Pi\u00e8ces s\u00e9par\u00e9es, autres dimensions et finitions possibles &#8211; renseignez-vous aupr\u00e8s de nos vendeurs.<\/p>\n","protected":false},"excerpt":{"rendered":"<p>Salle \u00e0 manger Sansa (Meubelfabriek Lievens) en ch\u00eane naturel : table fixe 220 cm, bahut 4 portes, armoire 4 portes, colonne et meuble TV 4 portes.<\/p>\n","protected":false},"featured_media":1032345,"comment_status":"open","ping_status":"closed","template":"","meta":{"_relevanssi_hide_post":"","_relevanssi_hide_content":"","_relevanssi_pin_for_all":"","_relevanssi_pin_keywords":"","_relevanssi_unpin_keywords":"","_relevanssi_related_keywords":"","_relevanssi_related_include_ids":"","_relevanssi_related_exclude_ids":"","_relevanssi_related_no_append":"","_relevanssi_related_not_related":"","_relevanssi_related_posts":"","_relevanssi_noindex_reason":""},"product_brand":[],"product_cat":[1775],"product_tag":[],"class_list":["post-1032344","product","type-product","status-publish","has-post-thumbnail","product_cat-wonen_fr_BE","first","instock","taxable","shipping-taxable","purchasable","product-type-simple"],"_links":{"self":[{"href":"https:\/\/www.moensmeubelen.be\/fr\/wp-json\/wp\/v2\/product\/1032344","targetHints":{"allow":["GET"]}}],"collection":[{"href":"https:\/\/www.moensmeubelen.be\/fr\/wp-json\/wp\/v2\/product"}],"about":[{"href":"https:\/\/www.moensmeubelen.be\/fr\/wp-json\/wp\/v2\/types\/product"}],"replies":[{"embeddable":true,"href":"https:\/\/www.moensmeubelen.be\/fr\/wp-json\/wp\/v2\/comments?post=1032344"}],"wp:featuredmedia":[{"embeddable":true,"href":"https:\/\/www.moensmeubelen.be\/fr\/wp-json\/wp\/v2\/media\/1032345"}],"wp:attachment":[{"href":"https:\/\/www.moensmeubelen.be\/fr\/wp-json\/wp\/v2\/media?parent=1032344"}],"wp:term":[{"taxonomy":"product_brand","embeddable":true,"href":"https:\/\/www.moensmeubelen.be\/fr\/wp-json\/wp\/v2\/product_brand?post=1032344"},{"taxonomy":"product_cat","embeddable":true,"href":"https:\/\/www.moensmeubelen.be\/fr\/wp-json\/wp\/v2\/product_cat?post=1032344"},{"taxonomy":"product_tag","embeddable":true,"href":"https:\/\/www.moensmeubelen.be\/fr\/wp-json\/wp\/v2\/product_tag?post=1032344"}],"curies":[{"name":"wp","href":"https:\/\/api.w.org\/{rel}","templated":true}]}}

0809 &#8211; Salle à manger Sansa

<p>Cette salle à manger Sansa (Meubelfabriek Lievens) est réalisée en chêne naturel et comprend, dans la présentation montrée, une table fixe 220 cm (220&#215;100 H77), un bahut 4 portes (L240), une armoire 4 portes (L115), une colonne 1 porte/3 niches et un meuble TV 4 portes. La présentation montrée est livrée à partir de 5.160 euros. Pièces séparées, autres dimensions et finitions possibles &#8211; renseignez-vous auprès de nos vendeurs.</p>

<p>Salle à manger Sansa (Meubelfabriek Lievens) en chêne naturel : table fixe 220 cm, bahut 4 portes, armoire 4 portes, colonne et meuble TV 4 portes.</p>
