{"id":1032352,"date":"2026-07-13T22:35:59","date_gmt":"2026-07-13T20:35:59","guid":{"rendered":"https:\/\/www.moensmeubelen.be\/product\/0811-fiera-theuns-fr_be\/"},"modified":"2026-07-13T22:36:03","modified_gmt":"2026-07-13T20:36:03","slug":"0811-fiera-theuns-fr_be","status":"publish","type":"product","link":"https:\/\/www.moensmeubelen.be\/fr\/produit\/0811-fiera-theuns-fr_be\/","title":{"rendered":"0811 &#8211; Salle \u00e0 manger Fiera"},"content":{"rendered":"<p>Cette salle \u00e0 manger Fiera (Theuns) est r\u00e9alis\u00e9e en E14M et comprend, dans la pr\u00e9sentation montr\u00e9e, une table extensible 240\/320 cm (240\/320&#215;100 H76), un bahut n\u00b04 (L235), une vitrine n\u00b02 (L111 H207), un meuble TV n\u00b03 verre (L179), un bar massif droit (L66 H151) et une table de salon (130&#215;70). La pr\u00e9sentation montr\u00e9e est livr\u00e9e \u00e0 partir de 9.330 euros. Pi\u00e8ces s\u00e9par\u00e9es, autres dimensions et finitions possibles &#8211; renseignez-vous aupr\u00e8s de nos vendeurs.<\/p>\n","protected":false},"excerpt":{"rendered":"<p>Salle \u00e0 manger Fiera (Theuns), finition E14M : table extensible 240\/320 cm, bahut n\u00b04, vitrine n\u00b02, meuble TV n\u00b03 verre, bar massif droit et table de salon.<\/p>\n","protected":false},"featured_media":1032353,"comment_status":"open","ping_status":"closed","template":"","meta":{"_relevanssi_hide_post":"","_relevanssi_hide_content":"","_relevanssi_pin_for_all":"","_relevanssi_pin_keywords":"","_relevanssi_unpin_keywords":"","_relevanssi_related_keywords":"","_relevanssi_related_include_ids":"","_relevanssi_related_exclude_ids":"","_relevanssi_related_no_append":"","_relevanssi_related_not_related":"","_relevanssi_related_posts":"","_relevanssi_noindex_reason":""},"product_brand":[],"product_cat":[1775],"product_tag":[],"class_list":["post-1032352","product","type-product","status-publish","has-post-thumbnail","product_cat-wonen_fr_BE","first","instock","taxable","shipping-taxable","purchasable","product-type-simple"],"_links":{"self":[{"href":"https:\/\/www.moensmeubelen.be\/fr\/wp-json\/wp\/v2\/product\/1032352","targetHints":{"allow":["GET"]}}],"collection":[{"href":"https:\/\/www.moensmeubelen.be\/fr\/wp-json\/wp\/v2\/product"}],"about":[{"href":"https:\/\/www.moensmeubelen.be\/fr\/wp-json\/wp\/v2\/types\/product"}],"replies":[{"embeddable":true,"href":"https:\/\/www.moensmeubelen.be\/fr\/wp-json\/wp\/v2\/comments?post=1032352"}],"wp:featuredmedia":[{"embeddable":true,"href":"https:\/\/www.moensmeubelen.be\/fr\/wp-json\/wp\/v2\/media\/1032353"}],"wp:attachment":[{"href":"https:\/\/www.moensmeubelen.be\/fr\/wp-json\/wp\/v2\/media?parent=1032352"}],"wp:term":[{"taxonomy":"product_brand","embeddable":true,"href":"https:\/\/www.moensmeubelen.be\/fr\/wp-json\/wp\/v2\/product_brand?post=1032352"},{"taxonomy":"product_cat","embeddable":true,"href":"https:\/\/www.moensmeubelen.be\/fr\/wp-json\/wp\/v2\/product_cat?post=1032352"},{"taxonomy":"product_tag","embeddable":true,"href":"https:\/\/www.moensmeubelen.be\/fr\/wp-json\/wp\/v2\/product_tag?post=1032352"}],"curies":[{"name":"wp","href":"https:\/\/api.w.org\/{rel}","templated":true}]}}

0811 &#8211; Salle à manger Fiera

<p>Cette salle à manger Fiera (Theuns) est réalisée en E14M et comprend, dans la présentation montrée, une table extensible 240/320 cm (240/320&#215;100 H76), un bahut n°4 (L235), une vitrine n°2 (L111 H207), un meuble TV n°3 verre (L179), un bar massif droit (L66 H151) et une table de salon (130&#215;70). La présentation montrée est livrée à partir de 9.330 euros. Pièces séparées, autres dimensions et finitions possibles &#8211; renseignez-vous auprès de nos vendeurs.</p>

<p>Salle à manger Fiera (Theuns), finition E14M : table extensible 240/320 cm, bahut n°4, vitrine n°2, meuble TV n°3 verre, bar massif droit et table de salon.</p>
