{"id":1032360,"date":"2026-07-13T22:36:11","date_gmt":"2026-07-13T20:36:11","guid":{"rendered":"https:\/\/www.moensmeubelen.be\/product\/0812-santos-bauwens-mdr-fr_be\/"},"modified":"2026-07-13T22:36:15","modified_gmt":"2026-07-13T20:36:15","slug":"0812-santos-bauwens-mdr-fr_be","status":"publish","type":"product","link":"https:\/\/www.moensmeubelen.be\/fr\/produit\/0812-santos-bauwens-mdr-fr_be\/","title":{"rendered":"0812 &#8211; Salle \u00e0 manger Santos"},"content":{"rendered":"<p>Cette salle \u00e0 manger Santos (Bauwens-MDR) est r\u00e9alis\u00e9e en canyon oak et comprend, dans la pr\u00e9sentation montr\u00e9e, une table extensible 190\/240 cm (190\/240&#215;100 H76), un bahut 220 avec \u00e9clairage (L220 H92), une vitrine 120 avec \u00e9clairage (L120 H180) et un meuble TV 170 (L170 H54). La pr\u00e9sentation montr\u00e9e est livr\u00e9e \u00e0 partir de 3.180 euros (chaises en option, \u00e0 partir de 135 euros\/pi\u00e8ce). Pi\u00e8ces s\u00e9par\u00e9es, autres dimensions et finitions possibles &#8211; renseignez-vous aupr\u00e8s de nos vendeurs.<\/p>\n","protected":false},"excerpt":{"rendered":"<p>Salle \u00e0 manger Santos (Bauwens-MDR) en canyon oak : table extensible 190\/240 cm, bahut 220 avec \u00e9clairage, vitrine 120 avec \u00e9clairage et meuble TV 170. Chaises en option.<\/p>\n","protected":false},"featured_media":1032361,"comment_status":"open","ping_status":"closed","template":"","meta":{"_relevanssi_hide_post":"","_relevanssi_hide_content":"","_relevanssi_pin_for_all":"","_relevanssi_pin_keywords":"","_relevanssi_unpin_keywords":"","_relevanssi_related_keywords":"","_relevanssi_related_include_ids":"","_relevanssi_related_exclude_ids":"","_relevanssi_related_no_append":"","_relevanssi_related_not_related":"","_relevanssi_related_posts":"","_relevanssi_noindex_reason":""},"product_brand":[],"product_cat":[1775],"product_tag":[],"class_list":["post-1032360","product","type-product","status-publish","has-post-thumbnail","product_cat-wonen_fr_BE","first","instock","taxable","shipping-taxable","purchasable","product-type-simple"],"_links":{"self":[{"href":"https:\/\/www.moensmeubelen.be\/fr\/wp-json\/wp\/v2\/product\/1032360","targetHints":{"allow":["GET"]}}],"collection":[{"href":"https:\/\/www.moensmeubelen.be\/fr\/wp-json\/wp\/v2\/product"}],"about":[{"href":"https:\/\/www.moensmeubelen.be\/fr\/wp-json\/wp\/v2\/types\/product"}],"replies":[{"embeddable":true,"href":"https:\/\/www.moensmeubelen.be\/fr\/wp-json\/wp\/v2\/comments?post=1032360"}],"wp:featuredmedia":[{"embeddable":true,"href":"https:\/\/www.moensmeubelen.be\/fr\/wp-json\/wp\/v2\/media\/1032361"}],"wp:attachment":[{"href":"https:\/\/www.moensmeubelen.be\/fr\/wp-json\/wp\/v2\/media?parent=1032360"}],"wp:term":[{"taxonomy":"product_brand","embeddable":true,"href":"https:\/\/www.moensmeubelen.be\/fr\/wp-json\/wp\/v2\/product_brand?post=1032360"},{"taxonomy":"product_cat","embeddable":true,"href":"https:\/\/www.moensmeubelen.be\/fr\/wp-json\/wp\/v2\/product_cat?post=1032360"},{"taxonomy":"product_tag","embeddable":true,"href":"https:\/\/www.moensmeubelen.be\/fr\/wp-json\/wp\/v2\/product_tag?post=1032360"}],"curies":[{"name":"wp","href":"https:\/\/api.w.org\/{rel}","templated":true}]}}

0812 &#8211; Salle à manger Santos

<p>Cette salle à manger Santos (Bauwens-MDR) est réalisée en canyon oak et comprend, dans la présentation montrée, une table extensible 190/240 cm (190/240&#215;100 H76), un bahut 220 avec éclairage (L220 H92), une vitrine 120 avec éclairage (L120 H180) et un meuble TV 170 (L170 H54). La présentation montrée est livrée à partir de 3.180 euros (chaises en option, à partir de 135 euros/pièce). Pièces séparées, autres dimensions et finitions possibles &#8211; renseignez-vous auprès de nos vendeurs.</p>

<p>Salle à manger Santos (Bauwens-MDR) en canyon oak : table extensible 190/240 cm, bahut 220 avec éclairage, vitrine 120 avec éclairage et meuble TV 170. Chaises en option.</p>
