{"id":1032382,"date":"2026-07-13T22:36:46","date_gmt":"2026-07-13T20:36:46","guid":{"rendered":"https:\/\/www.moensmeubelen.be\/product\/0815-lago-meubar-fr_be\/"},"modified":"2026-07-13T22:36:51","modified_gmt":"2026-07-13T20:36:51","slug":"0815-lago-meubar-fr_be","status":"publish","type":"product","link":"https:\/\/www.moensmeubelen.be\/fr\/produit\/0815-lago-meubar-fr_be\/","title":{"rendered":"0815 &#8211; Salle \u00e0 manger Lago"},"content":{"rendered":"<p>Cette salle \u00e0 manger Lago (Meubar) est r\u00e9alis\u00e9e en brushed walnut nature (K810 bis) et comprend, dans la pr\u00e9sentation montr\u00e9e, une table 225&#215;100 avec pied YMM, un grand bahut (L236 H92), un grand bar (L115 H176), un meuble TV petit suspendu (L163), une colonne suspendue (L41 H154) et une table de salon (L135). La pr\u00e9sentation montr\u00e9e est livr\u00e9e \u00e0 partir de 4.340 euros. Pi\u00e8ces s\u00e9par\u00e9es, autres dimensions et finitions possibles &#8211; renseignez-vous aupr\u00e8s de nos vendeurs.<\/p>\n","protected":false},"excerpt":{"rendered":"<p>Salle \u00e0 manger Lago (Meubar) en brushed walnut nature (K810 bis) : table 225 cm, grand bahut, grand bar, meuble TV petit suspendu, colonne suspendue et table de salon.<\/p>\n","protected":false},"featured_media":1032383,"comment_status":"open","ping_status":"closed","template":"","meta":{"_relevanssi_hide_post":"","_relevanssi_hide_content":"","_relevanssi_pin_for_all":"","_relevanssi_pin_keywords":"","_relevanssi_unpin_keywords":"","_relevanssi_related_keywords":"","_relevanssi_related_include_ids":"","_relevanssi_related_exclude_ids":"","_relevanssi_related_no_append":"","_relevanssi_related_not_related":"","_relevanssi_related_posts":"","_relevanssi_noindex_reason":""},"product_brand":[],"product_cat":[1775],"product_tag":[],"class_list":["post-1032382","product","type-product","status-publish","has-post-thumbnail","product_cat-wonen_fr_BE","first","instock","taxable","shipping-taxable","purchasable","product-type-simple"],"_links":{"self":[{"href":"https:\/\/www.moensmeubelen.be\/fr\/wp-json\/wp\/v2\/product\/1032382","targetHints":{"allow":["GET"]}}],"collection":[{"href":"https:\/\/www.moensmeubelen.be\/fr\/wp-json\/wp\/v2\/product"}],"about":[{"href":"https:\/\/www.moensmeubelen.be\/fr\/wp-json\/wp\/v2\/types\/product"}],"replies":[{"embeddable":true,"href":"https:\/\/www.moensmeubelen.be\/fr\/wp-json\/wp\/v2\/comments?post=1032382"}],"wp:featuredmedia":[{"embeddable":true,"href":"https:\/\/www.moensmeubelen.be\/fr\/wp-json\/wp\/v2\/media\/1032383"}],"wp:attachment":[{"href":"https:\/\/www.moensmeubelen.be\/fr\/wp-json\/wp\/v2\/media?parent=1032382"}],"wp:term":[{"taxonomy":"product_brand","embeddable":true,"href":"https:\/\/www.moensmeubelen.be\/fr\/wp-json\/wp\/v2\/product_brand?post=1032382"},{"taxonomy":"product_cat","embeddable":true,"href":"https:\/\/www.moensmeubelen.be\/fr\/wp-json\/wp\/v2\/product_cat?post=1032382"},{"taxonomy":"product_tag","embeddable":true,"href":"https:\/\/www.moensmeubelen.be\/fr\/wp-json\/wp\/v2\/product_tag?post=1032382"}],"curies":[{"name":"wp","href":"https:\/\/api.w.org\/{rel}","templated":true}]}}

0815 &#8211; Salle à manger Lago

<p>Cette salle à manger Lago (Meubar) est réalisée en brushed walnut nature (K810 bis) et comprend, dans la présentation montrée, une table 225&#215;100 avec pied YMM, un grand bahut (L236 H92), un grand bar (L115 H176), un meuble TV petit suspendu (L163), une colonne suspendue (L41 H154) et une table de salon (L135). La présentation montrée est livrée à partir de 4.340 euros. Pièces séparées, autres dimensions et finitions possibles &#8211; renseignez-vous auprès de nos vendeurs.</p>

<p>Salle à manger Lago (Meubar) en brushed walnut nature (K810 bis) : table 225 cm, grand bahut, grand bar, meuble TV petit suspendu, colonne suspendue et table de salon.</p>
