{"id":1032390,"date":"2026-07-13T22:36:57","date_gmt":"2026-07-13T20:36:57","guid":{"rendered":"https:\/\/www.moensmeubelen.be\/product\/0816-patio-evan-fr_be\/"},"modified":"2026-07-13T22:37:01","modified_gmt":"2026-07-13T20:37:01","slug":"0816-patio-evan-fr_be","status":"publish","type":"product","link":"https:\/\/www.moensmeubelen.be\/fr\/produit\/0816-patio-evan-fr_be\/","title":{"rendered":"0816 &#8211; Salle \u00e0 manger Patio"},"content":{"rendered":"<p>Cette salle \u00e0 manger Patio (Evan) est r\u00e9alis\u00e9e en K674 old teak avec matt black et comprend, dans la pr\u00e9sentation montr\u00e9e (finition 1), une table ovale 225&#215;120 (pied m\u00e9tal noir), un grand bahut DR1 (L233 H88), un bar BAR1 (L144 H186) et un meuble TV grand LB2 (L210 H59). La pr\u00e9sentation montr\u00e9e est livr\u00e9e \u00e0 partir de 3.510 euros. Pi\u00e8ces s\u00e9par\u00e9es, autres dimensions et finitions possibles &#8211; renseignez-vous aupr\u00e8s de nos vendeurs.<\/p>\n","protected":false},"excerpt":{"rendered":"<p>Salle \u00e0 manger Patio (Evan) en K674 old teak + matt black : table ovale 225&#215;120, grand bahut DR1, bar BAR1 et meuble TV grand LB2.<\/p>\n","protected":false},"featured_media":1032391,"comment_status":"open","ping_status":"closed","template":"","meta":{"_relevanssi_hide_post":"","_relevanssi_hide_content":"","_relevanssi_pin_for_all":"","_relevanssi_pin_keywords":"","_relevanssi_unpin_keywords":"","_relevanssi_related_keywords":"","_relevanssi_related_include_ids":"","_relevanssi_related_exclude_ids":"","_relevanssi_related_no_append":"","_relevanssi_related_not_related":"","_relevanssi_related_posts":"","_relevanssi_noindex_reason":""},"product_brand":[],"product_cat":[1775],"product_tag":[],"class_list":["post-1032390","product","type-product","status-publish","has-post-thumbnail","product_cat-wonen_fr_BE","first","instock","taxable","shipping-taxable","purchasable","product-type-simple"],"_links":{"self":[{"href":"https:\/\/www.moensmeubelen.be\/fr\/wp-json\/wp\/v2\/product\/1032390","targetHints":{"allow":["GET"]}}],"collection":[{"href":"https:\/\/www.moensmeubelen.be\/fr\/wp-json\/wp\/v2\/product"}],"about":[{"href":"https:\/\/www.moensmeubelen.be\/fr\/wp-json\/wp\/v2\/types\/product"}],"replies":[{"embeddable":true,"href":"https:\/\/www.moensmeubelen.be\/fr\/wp-json\/wp\/v2\/comments?post=1032390"}],"wp:featuredmedia":[{"embeddable":true,"href":"https:\/\/www.moensmeubelen.be\/fr\/wp-json\/wp\/v2\/media\/1032391"}],"wp:attachment":[{"href":"https:\/\/www.moensmeubelen.be\/fr\/wp-json\/wp\/v2\/media?parent=1032390"}],"wp:term":[{"taxonomy":"product_brand","embeddable":true,"href":"https:\/\/www.moensmeubelen.be\/fr\/wp-json\/wp\/v2\/product_brand?post=1032390"},{"taxonomy":"product_cat","embeddable":true,"href":"https:\/\/www.moensmeubelen.be\/fr\/wp-json\/wp\/v2\/product_cat?post=1032390"},{"taxonomy":"product_tag","embeddable":true,"href":"https:\/\/www.moensmeubelen.be\/fr\/wp-json\/wp\/v2\/product_tag?post=1032390"}],"curies":[{"name":"wp","href":"https:\/\/api.w.org\/{rel}","templated":true}]}}

0816 &#8211; Salle à manger Patio

<p>Cette salle à manger Patio (Evan) est réalisée en K674 old teak avec matt black et comprend, dans la présentation montrée (finition 1), une table ovale 225&#215;120 (pied métal noir), un grand bahut DR1 (L233 H88), un bar BAR1 (L144 H186) et un meuble TV grand LB2 (L210 H59). La présentation montrée est livrée à partir de 3.510 euros. Pièces séparées, autres dimensions et finitions possibles &#8211; renseignez-vous auprès de nos vendeurs.</p>

<p>Salle à manger Patio (Evan) en K674 old teak + matt black : table ovale 225&#215;120, grand bahut DR1, bar BAR1 et meuble TV grand LB2.</p>
