{"id":1032398,"date":"2026-07-13T22:37:08","date_gmt":"2026-07-13T20:37:08","guid":{"rendered":"https:\/\/www.moensmeubelen.be\/product\/0817-valerio-bauwens-mdr-fr_be\/"},"modified":"2026-07-13T22:37:13","modified_gmt":"2026-07-13T20:37:13","slug":"0817-valerio-bauwens-mdr-fr_be","status":"publish","type":"product","link":"https:\/\/www.moensmeubelen.be\/fr\/produit\/0817-valerio-bauwens-mdr-fr_be\/","title":{"rendered":"0817 &#8211; Salle \u00e0 manger Valerio"},"content":{"rendered":"<p>Cet ensemble de salle \u00e0 manger complet (Bauwens-MDR, mod\u00e8le Valerio) est r\u00e9alis\u00e9 en noyer clair et comprend : table extensible 200\u2192250&#215;100 (pied Omega), buffet 235 (3D3L), armoire-bar 135, meuble TV 170 et table de salon 130 (pied araign\u00e9e). L&#8217;ensemble pr\u00e9sent\u00e9 est livr\u00e9 \u00e0 partir de 3.940 euros. Les pi\u00e8ces s\u00e9par\u00e9es et d&#8217;autres dimensions sont \u00e9galement possibles &#8211; renseignez-vous aupr\u00e8s de nos vendeurs.<\/p>\n","protected":false},"excerpt":{"rendered":"<p>Ensemble de salle \u00e0 manger complet en noyer clair : table extensible Valerio (200\u2192250&#215;100), buffet, armoire-bar, meuble TV et table de salon.<\/p>\n","protected":false},"featured_media":1032399,"comment_status":"open","ping_status":"closed","template":"","meta":{"_relevanssi_hide_post":"","_relevanssi_hide_content":"","_relevanssi_pin_for_all":"","_relevanssi_pin_keywords":"","_relevanssi_unpin_keywords":"","_relevanssi_related_keywords":"","_relevanssi_related_include_ids":"","_relevanssi_related_exclude_ids":"","_relevanssi_related_no_append":"","_relevanssi_related_not_related":"","_relevanssi_related_posts":"","_relevanssi_noindex_reason":""},"product_brand":[],"product_cat":[1775],"product_tag":[],"class_list":["post-1032398","product","type-product","status-publish","has-post-thumbnail","product_cat-wonen_fr_BE","first","instock","taxable","shipping-taxable","purchasable","product-type-simple"],"_links":{"self":[{"href":"https:\/\/www.moensmeubelen.be\/fr\/wp-json\/wp\/v2\/product\/1032398","targetHints":{"allow":["GET"]}}],"collection":[{"href":"https:\/\/www.moensmeubelen.be\/fr\/wp-json\/wp\/v2\/product"}],"about":[{"href":"https:\/\/www.moensmeubelen.be\/fr\/wp-json\/wp\/v2\/types\/product"}],"replies":[{"embeddable":true,"href":"https:\/\/www.moensmeubelen.be\/fr\/wp-json\/wp\/v2\/comments?post=1032398"}],"wp:featuredmedia":[{"embeddable":true,"href":"https:\/\/www.moensmeubelen.be\/fr\/wp-json\/wp\/v2\/media\/1032399"}],"wp:attachment":[{"href":"https:\/\/www.moensmeubelen.be\/fr\/wp-json\/wp\/v2\/media?parent=1032398"}],"wp:term":[{"taxonomy":"product_brand","embeddable":true,"href":"https:\/\/www.moensmeubelen.be\/fr\/wp-json\/wp\/v2\/product_brand?post=1032398"},{"taxonomy":"product_cat","embeddable":true,"href":"https:\/\/www.moensmeubelen.be\/fr\/wp-json\/wp\/v2\/product_cat?post=1032398"},{"taxonomy":"product_tag","embeddable":true,"href":"https:\/\/www.moensmeubelen.be\/fr\/wp-json\/wp\/v2\/product_tag?post=1032398"}],"curies":[{"name":"wp","href":"https:\/\/api.w.org\/{rel}","templated":true}]}}

0817 &#8211; Salle à manger Valerio

<p>Cet ensemble de salle à manger complet (Bauwens-MDR, modèle Valerio) est réalisé en noyer clair et comprend : table extensible 200→250&#215;100 (pied Omega), buffet 235 (3D3L), armoire-bar 135, meuble TV 170 et table de salon 130 (pied araignée). L&#8217;ensemble présenté est livré à partir de 3.940 euros. Les pièces séparées et d&#8217;autres dimensions sont également possibles &#8211; renseignez-vous auprès de nos vendeurs.</p>

<p>Ensemble de salle à manger complet en noyer clair : table extensible Valerio (200→250&#215;100), buffet, armoire-bar, meuble TV et table de salon.</p>
