{"id":1032494,"date":"2026-07-13T22:38:44","date_gmt":"2026-07-13T20:38:44","guid":{"rendered":"https:\/\/www.moensmeubelen.be\/product\/0822-ravello-evan-fr_be\/"},"modified":"2026-07-13T22:38:48","modified_gmt":"2026-07-13T20:38:48","slug":"0822-ravello-evan-fr_be","status":"publish","type":"product","link":"https:\/\/www.moensmeubelen.be\/fr\/produit\/0822-ravello-evan-fr_be\/","title":{"rendered":"0822 &#8211; Salle \u00e0 manger Ravello"},"content":{"rendered":"<p>Cet ensemble de salle \u00e0 manger complet (Evan, mod\u00e8le Ravello) est r\u00e9alis\u00e9 en Sand Oak naturel et champagne et comprend : table 225&#215;100, 6 chaises Locarno HA110, grand buffet, armoire-bar, table de salon T13 et meuble TV. L&#8217;ensemble pr\u00e9sent\u00e9 est livr\u00e9 \u00e0 partir de 4.440 euros (mobilier 3.870 euros + 6 chaises 570 euros). Les pi\u00e8ces s\u00e9par\u00e9es et d&#8217;autres dimensions sont \u00e9galement possibles &#8211; renseignez-vous aupr\u00e8s de nos vendeurs.<\/p>\n","protected":false},"excerpt":{"rendered":"<p>Ensemble de salle \u00e0 manger complet en Sand Oak\/Champagne : table Ravello (225&#215;100), 6 chaises Locarno, buffet, armoire-bar, table de salon et meuble TV.<\/p>\n","protected":false},"featured_media":1032495,"comment_status":"open","ping_status":"closed","template":"","meta":{"_relevanssi_hide_post":"","_relevanssi_hide_content":"","_relevanssi_pin_for_all":"","_relevanssi_pin_keywords":"","_relevanssi_unpin_keywords":"","_relevanssi_related_keywords":"","_relevanssi_related_include_ids":"","_relevanssi_related_exclude_ids":"","_relevanssi_related_no_append":"","_relevanssi_related_not_related":"","_relevanssi_related_posts":"","_relevanssi_noindex_reason":""},"product_brand":[],"product_cat":[1775],"product_tag":[],"class_list":["post-1032494","product","type-product","status-publish","has-post-thumbnail","product_cat-wonen_fr_BE","first","instock","taxable","shipping-taxable","purchasable","product-type-simple"],"_links":{"self":[{"href":"https:\/\/www.moensmeubelen.be\/fr\/wp-json\/wp\/v2\/product\/1032494","targetHints":{"allow":["GET"]}}],"collection":[{"href":"https:\/\/www.moensmeubelen.be\/fr\/wp-json\/wp\/v2\/product"}],"about":[{"href":"https:\/\/www.moensmeubelen.be\/fr\/wp-json\/wp\/v2\/types\/product"}],"replies":[{"embeddable":true,"href":"https:\/\/www.moensmeubelen.be\/fr\/wp-json\/wp\/v2\/comments?post=1032494"}],"wp:featuredmedia":[{"embeddable":true,"href":"https:\/\/www.moensmeubelen.be\/fr\/wp-json\/wp\/v2\/media\/1032495"}],"wp:attachment":[{"href":"https:\/\/www.moensmeubelen.be\/fr\/wp-json\/wp\/v2\/media?parent=1032494"}],"wp:term":[{"taxonomy":"product_brand","embeddable":true,"href":"https:\/\/www.moensmeubelen.be\/fr\/wp-json\/wp\/v2\/product_brand?post=1032494"},{"taxonomy":"product_cat","embeddable":true,"href":"https:\/\/www.moensmeubelen.be\/fr\/wp-json\/wp\/v2\/product_cat?post=1032494"},{"taxonomy":"product_tag","embeddable":true,"href":"https:\/\/www.moensmeubelen.be\/fr\/wp-json\/wp\/v2\/product_tag?post=1032494"}],"curies":[{"name":"wp","href":"https:\/\/api.w.org\/{rel}","templated":true}]}}

0822 &#8211; Salle à manger Ravello

<p>Cet ensemble de salle à manger complet (Evan, modèle Ravello) est réalisé en Sand Oak naturel et champagne et comprend : table 225&#215;100, 6 chaises Locarno HA110, grand buffet, armoire-bar, table de salon T13 et meuble TV. L&#8217;ensemble présenté est livré à partir de 4.440 euros (mobilier 3.870 euros + 6 chaises 570 euros). Les pièces séparées et d&#8217;autres dimensions sont également possibles &#8211; renseignez-vous auprès de nos vendeurs.</p>

<p>Ensemble de salle à manger complet en Sand Oak/Champagne : table Ravello (225&#215;100), 6 chaises Locarno, buffet, armoire-bar, table de salon et meuble TV.</p>
