{"id":1032514,"date":"2026-07-13T22:39:23","date_gmt":"2026-07-13T20:39:23","guid":{"rendered":"https:\/\/www.moensmeubelen.be\/product\/2662-stanford-recor-sitac-fr_be\/"},"modified":"2026-07-13T22:39:28","modified_gmt":"2026-07-13T20:39:28","slug":"2662-stanford-recor-sitac-fr_be","status":"publish","type":"product","link":"https:\/\/www.moensmeubelen.be\/fr\/produit\/2662-stanford-recor-sitac-fr_be\/","title":{"rendered":"2662 &#8211; Salon relax Stanford"},"content":{"rendered":"<p>Ce grand salon relax (Recor-Sitac, mod\u00e8le Stanford) associe un canap\u00e9 3 places \u00e0 deux fauteuils relax \u00e9lectriques avec t\u00eati\u00e8res r\u00e9glables \u00e9lectriquement, dont un avec fonction lift (2 moteurs). R\u00e9alis\u00e9 en tissu (Samoa cr\u00e8me) avec un confort d&#8217;assise ferme et des pieds en plastique. La composition pr\u00e9sent\u00e9e est livr\u00e9e \u00e0 partir de 6.890 euros. D&#8217;autres compositions et choix de tissus sont possibles &#8211; renseignez-vous aupr\u00e8s de nos vendeurs.<\/p>\n","protected":false},"excerpt":{"rendered":"<p>Grand salon relax 3 places en tissu (Samoa cr\u00e8me) avec 2 relax \u00e9lectriques, t\u00eati\u00e8res \u00e9lectriques et fonction lift. Confort d&#8217;assise ferme.<\/p>\n","protected":false},"featured_media":1032515,"comment_status":"open","ping_status":"closed","template":"","meta":{"_relevanssi_hide_post":"","_relevanssi_hide_content":"","_relevanssi_pin_for_all":"","_relevanssi_pin_keywords":"","_relevanssi_unpin_keywords":"","_relevanssi_related_keywords":"","_relevanssi_related_include_ids":"","_relevanssi_related_exclude_ids":"","_relevanssi_related_no_append":"","_relevanssi_related_not_related":"","_relevanssi_related_posts":"","_relevanssi_noindex_reason":""},"product_brand":[],"product_cat":[5647],"product_tag":[],"class_list":["post-1032514","product","type-product","status-publish","has-post-thumbnail","product_cat-zetels_l2_fr_BE","first","instock","taxable","shipping-taxable","purchasable","product-type-simple"],"_links":{"self":[{"href":"https:\/\/www.moensmeubelen.be\/fr\/wp-json\/wp\/v2\/product\/1032514","targetHints":{"allow":["GET"]}}],"collection":[{"href":"https:\/\/www.moensmeubelen.be\/fr\/wp-json\/wp\/v2\/product"}],"about":[{"href":"https:\/\/www.moensmeubelen.be\/fr\/wp-json\/wp\/v2\/types\/product"}],"replies":[{"embeddable":true,"href":"https:\/\/www.moensmeubelen.be\/fr\/wp-json\/wp\/v2\/comments?post=1032514"}],"wp:featuredmedia":[{"embeddable":true,"href":"https:\/\/www.moensmeubelen.be\/fr\/wp-json\/wp\/v2\/media\/1032515"}],"wp:attachment":[{"href":"https:\/\/www.moensmeubelen.be\/fr\/wp-json\/wp\/v2\/media?parent=1032514"}],"wp:term":[{"taxonomy":"product_brand","embeddable":true,"href":"https:\/\/www.moensmeubelen.be\/fr\/wp-json\/wp\/v2\/product_brand?post=1032514"},{"taxonomy":"product_cat","embeddable":true,"href":"https:\/\/www.moensmeubelen.be\/fr\/wp-json\/wp\/v2\/product_cat?post=1032514"},{"taxonomy":"product_tag","embeddable":true,"href":"https:\/\/www.moensmeubelen.be\/fr\/wp-json\/wp\/v2\/product_tag?post=1032514"}],"curies":[{"name":"wp","href":"https:\/\/api.w.org\/{rel}","templated":true}]}}

<p>Ce grand salon relax (Recor-Sitac, modèle Stanford) associe un canapé 3 places à deux fauteuils relax électriques avec têtières réglables électriquement, dont un avec fonction lift (2 moteurs). Réalisé en tissu (Samoa crème) avec un confort d&#8217;assise ferme et des pieds en plastique. La composition présentée est livrée à partir de 6.890 euros. D&#8217;autres compositions et choix de tissus sont possibles &#8211; renseignez-vous auprès de nos vendeurs.</p>

<p>Grand salon relax 3 places en tissu (Samoa crème) avec 2 relax électriques, têtières électriques et fonction lift. Confort d&#8217;assise ferme.</p>
