{"id":1033190,"date":"2026-07-13T22:59:05","date_gmt":"2026-07-13T20:59:05","guid":{"rendered":"https:\/\/www.moensmeubelen.be\/product\/3434-rs-b0327-htl-fr_be\/"},"modified":"2026-07-13T23:47:23","modified_gmt":"2026-07-13T21:47:23","slug":"3434-rs-b0327-htl-fr_be","status":"publish","type":"product","link":"https:\/\/www.moensmeubelen.be\/fr\/produit\/3434-rs-b0327-htl-fr_be\/","title":{"rendered":"3434 &#8211; Salon relax RS-B0327"},"content":{"rendered":"<p>Cet ensemble relax (HTL, mod\u00e8le RS-B0327) se compose d&#8217;un 2,5 places avec deux relax \u00e9lectriques et port USB, compl\u00e9t\u00e9 par un canap\u00e9 2 places s\u00e9par\u00e9. R\u00e9alis\u00e9 en tissu (BFA) avec un confort d&#8217;assise standard et des pieds m\u00e9talliques noir mat. La composition pr\u00e9sent\u00e9e est livr\u00e9e \u00e0 partir de 2.550 euros. D&#8217;autres compositions et choix de tissus sont possibles &#8211; renseignez-vous aupr\u00e8s de nos vendeurs.<\/p>\n","protected":false},"excerpt":{"rendered":"<p>Ensemble relax en tissu avec un 2,5 places \u00e0 2 relax \u00e9lectriques et port USB, compl\u00e9t\u00e9 par un canap\u00e9 2 places. Confort d&#8217;assise standard, pieds m\u00e9talliques.<\/p>\n","protected":false},"featured_media":1033191,"comment_status":"open","ping_status":"closed","template":"","meta":{"_relevanssi_hide_post":"","_relevanssi_hide_content":"","_relevanssi_pin_for_all":"","_relevanssi_pin_keywords":"","_relevanssi_unpin_keywords":"","_relevanssi_related_keywords":"","_relevanssi_related_include_ids":"","_relevanssi_related_exclude_ids":"","_relevanssi_related_no_append":"","_relevanssi_related_not_related":"","_relevanssi_related_posts":"","_relevanssi_noindex_reason":""},"product_brand":[],"product_cat":[5647],"product_tag":[],"class_list":["post-1033190","product","type-product","status-publish","has-post-thumbnail","product_cat-zetels_l2_fr_BE","first","instock","taxable","shipping-taxable","purchasable","product-type-simple"],"_links":{"self":[{"href":"https:\/\/www.moensmeubelen.be\/fr\/wp-json\/wp\/v2\/product\/1033190","targetHints":{"allow":["GET"]}}],"collection":[{"href":"https:\/\/www.moensmeubelen.be\/fr\/wp-json\/wp\/v2\/product"}],"about":[{"href":"https:\/\/www.moensmeubelen.be\/fr\/wp-json\/wp\/v2\/types\/product"}],"replies":[{"embeddable":true,"href":"https:\/\/www.moensmeubelen.be\/fr\/wp-json\/wp\/v2\/comments?post=1033190"}],"wp:featuredmedia":[{"embeddable":true,"href":"https:\/\/www.moensmeubelen.be\/fr\/wp-json\/wp\/v2\/media\/1033191"}],"wp:attachment":[{"href":"https:\/\/www.moensmeubelen.be\/fr\/wp-json\/wp\/v2\/media?parent=1033190"}],"wp:term":[{"taxonomy":"product_brand","embeddable":true,"href":"https:\/\/www.moensmeubelen.be\/fr\/wp-json\/wp\/v2\/product_brand?post=1033190"},{"taxonomy":"product_cat","embeddable":true,"href":"https:\/\/www.moensmeubelen.be\/fr\/wp-json\/wp\/v2\/product_cat?post=1033190"},{"taxonomy":"product_tag","embeddable":true,"href":"https:\/\/www.moensmeubelen.be\/fr\/wp-json\/wp\/v2\/product_tag?post=1033190"}],"curies":[{"name":"wp","href":"https:\/\/api.w.org\/{rel}","templated":true}]}}

<p>Cet ensemble relax (HTL, modèle RS-B0327) se compose d&#8217;un 2,5 places avec deux relax électriques et port USB, complété par un canapé 2 places séparé. Réalisé en tissu (BFA) avec un confort d&#8217;assise standard et des pieds métalliques noir mat. La composition présentée est livrée à partir de 2.550 euros. D&#8217;autres compositions et choix de tissus sont possibles &#8211; renseignez-vous auprès de nos vendeurs.</p>

<p>Ensemble relax en tissu avec un 2,5 places à 2 relax électriques et port USB, complété par un canapé 2 places. Confort d&#8217;assise standard, pieds métalliques.</p>
