{"id":1033230,"date":"2026-07-13T23:00:26","date_gmt":"2026-07-13T21:00:26","guid":{"rendered":"https:\/\/www.moensmeubelen.be\/product\/3442-desio-belform-eu-fr_be\/"},"modified":"2026-07-13T23:00:30","modified_gmt":"2026-07-13T21:00:30","slug":"3442-desio-belform-eu-fr_be","status":"publish","type":"product","link":"https:\/\/www.moensmeubelen.be\/fr\/produit\/3442-desio-belform-eu-fr_be\/","title":{"rendered":"3442 &#8211; Salon relax Desio"},"content":{"rendered":"<p>Ce salon relax 3 places en cuir (Belform, mod\u00e8le Desio) offre un confort d&#8217;assise g\u00e9n\u00e9reux avec fonction relax (HRC). R\u00e9alis\u00e9 en cuir Diamant Chestnut avec un confort d&#8217;assise medium. La composition pr\u00e9sent\u00e9e est livr\u00e9e \u00e0 partir de 3.770 euros. D&#8217;autres compositions et choix de cuir ou de tissu sont possibles &#8211; renseignez-vous aupr\u00e8s de nos vendeurs.<\/p>\n","protected":false},"excerpt":{"rendered":"<p>Salon relax 3 places en cuir (HRC), coloris Diamant Chestnut, avec fonction relax et confort d&#8217;assise medium.<\/p>\n","protected":false},"featured_media":1033231,"comment_status":"open","ping_status":"closed","template":"","meta":{"_relevanssi_hide_post":"","_relevanssi_hide_content":"","_relevanssi_pin_for_all":"","_relevanssi_pin_keywords":"","_relevanssi_unpin_keywords":"","_relevanssi_related_keywords":"","_relevanssi_related_include_ids":"","_relevanssi_related_exclude_ids":"","_relevanssi_related_no_append":"","_relevanssi_related_not_related":"","_relevanssi_related_posts":"","_relevanssi_noindex_reason":""},"product_brand":[],"product_cat":[5647],"product_tag":[],"class_list":["post-1033230","product","type-product","status-publish","has-post-thumbnail","product_cat-zetels_l2_fr_BE","first","instock","taxable","shipping-taxable","purchasable","product-type-simple"],"_links":{"self":[{"href":"https:\/\/www.moensmeubelen.be\/fr\/wp-json\/wp\/v2\/product\/1033230","targetHints":{"allow":["GET"]}}],"collection":[{"href":"https:\/\/www.moensmeubelen.be\/fr\/wp-json\/wp\/v2\/product"}],"about":[{"href":"https:\/\/www.moensmeubelen.be\/fr\/wp-json\/wp\/v2\/types\/product"}],"replies":[{"embeddable":true,"href":"https:\/\/www.moensmeubelen.be\/fr\/wp-json\/wp\/v2\/comments?post=1033230"}],"wp:featuredmedia":[{"embeddable":true,"href":"https:\/\/www.moensmeubelen.be\/fr\/wp-json\/wp\/v2\/media\/1033231"}],"wp:attachment":[{"href":"https:\/\/www.moensmeubelen.be\/fr\/wp-json\/wp\/v2\/media?parent=1033230"}],"wp:term":[{"taxonomy":"product_brand","embeddable":true,"href":"https:\/\/www.moensmeubelen.be\/fr\/wp-json\/wp\/v2\/product_brand?post=1033230"},{"taxonomy":"product_cat","embeddable":true,"href":"https:\/\/www.moensmeubelen.be\/fr\/wp-json\/wp\/v2\/product_cat?post=1033230"},{"taxonomy":"product_tag","embeddable":true,"href":"https:\/\/www.moensmeubelen.be\/fr\/wp-json\/wp\/v2\/product_tag?post=1033230"}],"curies":[{"name":"wp","href":"https:\/\/api.w.org\/{rel}","templated":true}]}}

<p>Ce salon relax 3 places en cuir (Belform, modèle Desio) offre un confort d&#8217;assise généreux avec fonction relax (HRC). Réalisé en cuir Diamant Chestnut avec un confort d&#8217;assise medium. La composition présentée est livrée à partir de 3.770 euros. D&#8217;autres compositions et choix de cuir ou de tissu sont possibles &#8211; renseignez-vous auprès de nos vendeurs.</p>
