{"id":1033234,"date":"2026-07-13T23:00:35","date_gmt":"2026-07-13T21:00:35","guid":{"rendered":"https:\/\/www.moensmeubelen.be\/product\/3450-a590-nest-trayton-fr_be\/"},"modified":"2026-07-13T23:00:40","modified_gmt":"2026-07-13T21:00:40","slug":"3450-a590-nest-trayton-fr_be","status":"publish","type":"product","link":"https:\/\/www.moensmeubelen.be\/fr\/produit\/3450-a590-nest-trayton-fr_be\/","title":{"rendered":"3450 &#8211; Salon relax A590"},"content":{"rendered":"<p>Ce salon relax en cuir (Nest by Trayton, mod\u00e8le A590) s&#8217;inspire de la forme pure et fluide d&#8217;une goutte d&#8217;eau : des lignes douces et organiques, \u00e0 la fois modernes et intemporelles. R\u00e9alis\u00e9 en cuir (ivoire CGBO) avec un confort d&#8217;assise standard, deux relax \u00e9lectriques et des t\u00eati\u00e8res r\u00e9glables \u00e9lectriquement. La composition pr\u00e9sent\u00e9e est livr\u00e9e \u00e0 partir de 5.550 euros. D&#8217;autres compositions et choix de cuir ou de tissu sont possibles &#8211; renseignez-vous aupr\u00e8s de nos vendeurs.<\/p>\n","protected":false},"excerpt":{"rendered":"<p>\u00c9l\u00e9gant salon relax en cuir avec 2 relax \u00e9lectriques et t\u00eati\u00e8res r\u00e9glables \u00e9lectriquement. Inspir\u00e9 de la forme fluide d&#8217;une goutte d&#8217;eau.<\/p>\n","protected":false},"featured_media":1033235,"comment_status":"open","ping_status":"closed","template":"","meta":{"_relevanssi_hide_post":"","_relevanssi_hide_content":"","_relevanssi_pin_for_all":"","_relevanssi_pin_keywords":"","_relevanssi_unpin_keywords":"","_relevanssi_related_keywords":"","_relevanssi_related_include_ids":"","_relevanssi_related_exclude_ids":"","_relevanssi_related_no_append":"","_relevanssi_related_not_related":"","_relevanssi_related_posts":"","_relevanssi_noindex_reason":""},"product_brand":[],"product_cat":[5647],"product_tag":[],"class_list":["post-1033234","product","type-product","status-publish","has-post-thumbnail","product_cat-zetels_l2_fr_BE","first","instock","taxable","shipping-taxable","purchasable","product-type-simple"],"_links":{"self":[{"href":"https:\/\/www.moensmeubelen.be\/fr\/wp-json\/wp\/v2\/product\/1033234","targetHints":{"allow":["GET"]}}],"collection":[{"href":"https:\/\/www.moensmeubelen.be\/fr\/wp-json\/wp\/v2\/product"}],"about":[{"href":"https:\/\/www.moensmeubelen.be\/fr\/wp-json\/wp\/v2\/types\/product"}],"replies":[{"embeddable":true,"href":"https:\/\/www.moensmeubelen.be\/fr\/wp-json\/wp\/v2\/comments?post=1033234"}],"wp:featuredmedia":[{"embeddable":true,"href":"https:\/\/www.moensmeubelen.be\/fr\/wp-json\/wp\/v2\/media\/1033235"}],"wp:attachment":[{"href":"https:\/\/www.moensmeubelen.be\/fr\/wp-json\/wp\/v2\/media?parent=1033234"}],"wp:term":[{"taxonomy":"product_brand","embeddable":true,"href":"https:\/\/www.moensmeubelen.be\/fr\/wp-json\/wp\/v2\/product_brand?post=1033234"},{"taxonomy":"product_cat","embeddable":true,"href":"https:\/\/www.moensmeubelen.be\/fr\/wp-json\/wp\/v2\/product_cat?post=1033234"},{"taxonomy":"product_tag","embeddable":true,"href":"https:\/\/www.moensmeubelen.be\/fr\/wp-json\/wp\/v2\/product_tag?post=1033234"}],"curies":[{"name":"wp","href":"https:\/\/api.w.org\/{rel}","templated":true}]}}

<p>Ce salon relax en cuir (Nest by Trayton, modèle A590) s&#8217;inspire de la forme pure et fluide d&#8217;une goutte d&#8217;eau : des lignes douces et organiques, à la fois modernes et intemporelles. Réalisé en cuir (ivoire CGBO) avec un confort d&#8217;assise standard, deux relax électriques et des têtières réglables électriquement. La composition présentée est livrée à partir de 5.550 euros. D&#8217;autres compositions et choix de cuir ou de tissu sont possibles &#8211; renseignez-vous auprès de nos vendeurs.</p>

<p>Élégant salon relax en cuir avec 2 relax électriques et têtières réglables électriquement. Inspiré de la forme fluide d&#8217;une goutte d&#8217;eau.</p>
