{"id":1033238,"date":"2026-07-13T23:00:46","date_gmt":"2026-07-13T21:00:46","guid":{"rendered":"https:\/\/www.moensmeubelen.be\/product\/3451-km6735-kuka-home-fr_be\/"},"modified":"2026-07-13T23:47:23","modified_gmt":"2026-07-13T21:47:23","slug":"3451-km6735-kuka-home-fr_be","status":"publish","type":"product","link":"https:\/\/www.moensmeubelen.be\/fr\/produit\/3451-km6735-kuka-home-fr_be\/","title":{"rendered":"3451 &#8211; Salon relax KM6735"},"content":{"rendered":"<p>Ce salon relax en cuir (Kuka Home, mod\u00e8le KM6735) associe un 2 places \u00e0 deux relax 1,5 place avec t\u00eati\u00e8res r\u00e9glables manuellement. R\u00e9alis\u00e9 en cuir (Veneto Ash) avec un confort d&#8217;assise standard et des pieds en m\u00e9tal et bois. La composition pr\u00e9sent\u00e9e est livr\u00e9e \u00e0 partir de 3.530 euros. D&#8217;autres compositions et choix de cuir ou de tissu sont possibles &#8211; renseignez-vous aupr\u00e8s de nos vendeurs.<\/p>\n","protected":false},"excerpt":{"rendered":"<p>Salon relax en cuir avec un 2 places et deux relax 1,5 place avec t\u00eati\u00e8res r\u00e9glables manuellement. Confort d&#8217;assise standard, pieds en m\u00e9tal et bois.<\/p>\n","protected":false},"featured_media":1033239,"comment_status":"open","ping_status":"closed","template":"","meta":{"_relevanssi_hide_post":"","_relevanssi_hide_content":"","_relevanssi_pin_for_all":"","_relevanssi_pin_keywords":"","_relevanssi_unpin_keywords":"","_relevanssi_related_keywords":"","_relevanssi_related_include_ids":"","_relevanssi_related_exclude_ids":"","_relevanssi_related_no_append":"","_relevanssi_related_not_related":"","_relevanssi_related_posts":"","_relevanssi_noindex_reason":""},"product_brand":[],"product_cat":[5647],"product_tag":[],"class_list":["post-1033238","product","type-product","status-publish","has-post-thumbnail","product_cat-zetels_l2_fr_BE","first","instock","taxable","shipping-taxable","purchasable","product-type-simple"],"_links":{"self":[{"href":"https:\/\/www.moensmeubelen.be\/fr\/wp-json\/wp\/v2\/product\/1033238","targetHints":{"allow":["GET"]}}],"collection":[{"href":"https:\/\/www.moensmeubelen.be\/fr\/wp-json\/wp\/v2\/product"}],"about":[{"href":"https:\/\/www.moensmeubelen.be\/fr\/wp-json\/wp\/v2\/types\/product"}],"replies":[{"embeddable":true,"href":"https:\/\/www.moensmeubelen.be\/fr\/wp-json\/wp\/v2\/comments?post=1033238"}],"wp:featuredmedia":[{"embeddable":true,"href":"https:\/\/www.moensmeubelen.be\/fr\/wp-json\/wp\/v2\/media\/1033239"}],"wp:attachment":[{"href":"https:\/\/www.moensmeubelen.be\/fr\/wp-json\/wp\/v2\/media?parent=1033238"}],"wp:term":[{"taxonomy":"product_brand","embeddable":true,"href":"https:\/\/www.moensmeubelen.be\/fr\/wp-json\/wp\/v2\/product_brand?post=1033238"},{"taxonomy":"product_cat","embeddable":true,"href":"https:\/\/www.moensmeubelen.be\/fr\/wp-json\/wp\/v2\/product_cat?post=1033238"},{"taxonomy":"product_tag","embeddable":true,"href":"https:\/\/www.moensmeubelen.be\/fr\/wp-json\/wp\/v2\/product_tag?post=1033238"}],"curies":[{"name":"wp","href":"https:\/\/api.w.org\/{rel}","templated":true}]}}

<p>Ce salon relax en cuir (Kuka Home, modèle KM6735) associe un 2 places à deux relax 1,5 place avec têtières réglables manuellement. Réalisé en cuir (Veneto Ash) avec un confort d&#8217;assise standard et des pieds en métal et bois. La composition présentée est livrée à partir de 3.530 euros. D&#8217;autres compositions et choix de cuir ou de tissu sont possibles &#8211; renseignez-vous auprès de nos vendeurs.</p>

<p>Salon relax en cuir avec un 2 places et deux relax 1,5 place avec têtières réglables manuellement. Confort d&#8217;assise standard, pieds en métal et bois.</p>
