{"id":1033246,"date":"2026-07-13T23:01:07","date_gmt":"2026-07-13T21:01:07","guid":{"rendered":"https:\/\/www.moensmeubelen.be\/product\/3453-km6830-kuka-home-fr_be\/"},"modified":"2026-07-13T23:47:23","modified_gmt":"2026-07-13T21:47:23","slug":"3453-km6830-kuka-home-fr_be","status":"publish","type":"product","link":"https:\/\/www.moensmeubelen.be\/fr\/produit\/3453-km6830-kuka-home-fr_be\/","title":{"rendered":"3453 &#8211; Salon d&#8217;angle KM6830"},"content":{"rendered":"<p>Ce salon d&#8217;angle en tissu (Kuka Home, mod\u00e8le KM6830) forme une composition en L avec un \u00e9l\u00e9ment d&#8217;angle, des places avec t\u00eati\u00e8res r\u00e9glables manuellement, un module de finition \u00e0 droite et une console centrale avec rangement et porte-gobelet. R\u00e9alis\u00e9 en tissu (Nathan Cloud) avec un confort d&#8217;assise standard et des pieds m\u00e9talliques noirs. La composition pr\u00e9sent\u00e9e est livr\u00e9e \u00e0 partir de 2.430 euros. Les dimensions sont indicatives. D&#8217;autres compositions et choix de tissus sont possibles &#8211; renseignez-vous aupr\u00e8s de nos vendeurs.<\/p>\n","protected":false},"excerpt":{"rendered":"<p>Salon d&#8217;angle en tissu avec \u00e9l\u00e9ment d&#8217;angle, t\u00eati\u00e8res r\u00e9glables manuellement et console centrale avec rangement et porte-gobelet. Confort d&#8217;assise standard, pieds m\u00e9talliques noirs.<\/p>\n","protected":false},"featured_media":1033247,"comment_status":"open","ping_status":"closed","template":"","meta":{"_relevanssi_hide_post":"","_relevanssi_hide_content":"","_relevanssi_pin_for_all":"","_relevanssi_pin_keywords":"","_relevanssi_unpin_keywords":"","_relevanssi_related_keywords":"","_relevanssi_related_include_ids":"","_relevanssi_related_exclude_ids":"","_relevanssi_related_no_append":"","_relevanssi_related_not_related":"","_relevanssi_related_posts":"","_relevanssi_noindex_reason":""},"product_brand":[],"product_cat":[5647],"product_tag":[],"class_list":["post-1033246","product","type-product","status-publish","has-post-thumbnail","product_cat-zetels_l2_fr_BE","first","instock","taxable","shipping-taxable","purchasable","product-type-simple"],"_links":{"self":[{"href":"https:\/\/www.moensmeubelen.be\/fr\/wp-json\/wp\/v2\/product\/1033246","targetHints":{"allow":["GET"]}}],"collection":[{"href":"https:\/\/www.moensmeubelen.be\/fr\/wp-json\/wp\/v2\/product"}],"about":[{"href":"https:\/\/www.moensmeubelen.be\/fr\/wp-json\/wp\/v2\/types\/product"}],"replies":[{"embeddable":true,"href":"https:\/\/www.moensmeubelen.be\/fr\/wp-json\/wp\/v2\/comments?post=1033246"}],"wp:featuredmedia":[{"embeddable":true,"href":"https:\/\/www.moensmeubelen.be\/fr\/wp-json\/wp\/v2\/media\/1033247"}],"wp:attachment":[{"href":"https:\/\/www.moensmeubelen.be\/fr\/wp-json\/wp\/v2\/media?parent=1033246"}],"wp:term":[{"taxonomy":"product_brand","embeddable":true,"href":"https:\/\/www.moensmeubelen.be\/fr\/wp-json\/wp\/v2\/product_brand?post=1033246"},{"taxonomy":"product_cat","embeddable":true,"href":"https:\/\/www.moensmeubelen.be\/fr\/wp-json\/wp\/v2\/product_cat?post=1033246"},{"taxonomy":"product_tag","embeddable":true,"href":"https:\/\/www.moensmeubelen.be\/fr\/wp-json\/wp\/v2\/product_tag?post=1033246"}],"curies":[{"name":"wp","href":"https:\/\/api.w.org\/{rel}","templated":true}]}}

<p>Ce salon d&#8217;angle en tissu (Kuka Home, modèle KM6830) forme une composition en L avec un élément d&#8217;angle, des places avec têtières réglables manuellement, un module de finition à droite et une console centrale avec rangement et porte-gobelet. Réalisé en tissu (Nathan Cloud) avec un confort d&#8217;assise standard et des pieds métalliques noirs. La composition présentée est livrée à partir de 2.430 euros. Les dimensions sont indicatives. D&#8217;autres compositions et choix de tissus sont possibles &#8211; renseignez-vous auprès de nos vendeurs.</p>

<p>Salon d&#8217;angle en tissu avec élément d&#8217;angle, têtières réglables manuellement et console centrale avec rangement et porte-gobelet. Confort d&#8217;assise standard, pieds métalliques noirs.</p>
