{"id":1033258,"date":"2026-07-13T23:01:40","date_gmt":"2026-07-13T21:01:40","guid":{"rendered":"https:\/\/www.moensmeubelen.be\/product\/3461-tropea-gealux-fr_be\/"},"modified":"2026-07-13T23:01:44","modified_gmt":"2026-07-13T21:01:44","slug":"3461-tropea-gealux-fr_be","status":"publish","type":"product","link":"https:\/\/www.moensmeubelen.be\/fr\/produit\/3461-tropea-gealux-fr_be\/","title":{"rendered":"3461 &#8211; Salon d&#8217;angle Tropea"},"content":{"rendered":"<p>Ce grand salon d&#8217;angle modulaire (Gealux, mod\u00e8le Tropea) associe une m\u00e9ridienne avec pouf, un \u00e9l\u00e9ment d&#8217;angle et un relax 1 place pour une g\u00e9n\u00e9reuse composition en L. R\u00e9alis\u00e9 en tissu (SG30 La Thuile) avec un confort d&#8217;assise moelleux. La composition pr\u00e9sent\u00e9e est livr\u00e9e \u00e0 partir de 9.720 euros. Les dimensions sont indicatives &#8211; la composition est enti\u00e8rement modulable. D&#8217;autres compositions et choix de tissus sont possibles &#8211; renseignez-vous aupr\u00e8s de nos vendeurs.<\/p>\n","protected":false},"excerpt":{"rendered":"<p>Grand salon d&#8217;angle modulaire en tissu avec m\u00e9ridienne (pouf), \u00e9l\u00e9ment d&#8217;angle et un relax 1 place \u00e9lectrique. Confort d&#8217;assise moelleux.<\/p>\n","protected":false},"featured_media":1033259,"comment_status":"open","ping_status":"closed","template":"","meta":{"_relevanssi_hide_post":"","_relevanssi_hide_content":"","_relevanssi_pin_for_all":"","_relevanssi_pin_keywords":"","_relevanssi_unpin_keywords":"","_relevanssi_related_keywords":"","_relevanssi_related_include_ids":"","_relevanssi_related_exclude_ids":"","_relevanssi_related_no_append":"","_relevanssi_related_not_related":"","_relevanssi_related_posts":"","_relevanssi_noindex_reason":""},"product_brand":[],"product_cat":[5647],"product_tag":[],"class_list":["post-1033258","product","type-product","status-publish","has-post-thumbnail","product_cat-zetels_l2_fr_BE","first","instock","taxable","shipping-taxable","purchasable","product-type-simple"],"_links":{"self":[{"href":"https:\/\/www.moensmeubelen.be\/fr\/wp-json\/wp\/v2\/product\/1033258","targetHints":{"allow":["GET"]}}],"collection":[{"href":"https:\/\/www.moensmeubelen.be\/fr\/wp-json\/wp\/v2\/product"}],"about":[{"href":"https:\/\/www.moensmeubelen.be\/fr\/wp-json\/wp\/v2\/types\/product"}],"replies":[{"embeddable":true,"href":"https:\/\/www.moensmeubelen.be\/fr\/wp-json\/wp\/v2\/comments?post=1033258"}],"wp:featuredmedia":[{"embeddable":true,"href":"https:\/\/www.moensmeubelen.be\/fr\/wp-json\/wp\/v2\/media\/1033259"}],"wp:attachment":[{"href":"https:\/\/www.moensmeubelen.be\/fr\/wp-json\/wp\/v2\/media?parent=1033258"}],"wp:term":[{"taxonomy":"product_brand","embeddable":true,"href":"https:\/\/www.moensmeubelen.be\/fr\/wp-json\/wp\/v2\/product_brand?post=1033258"},{"taxonomy":"product_cat","embeddable":true,"href":"https:\/\/www.moensmeubelen.be\/fr\/wp-json\/wp\/v2\/product_cat?post=1033258"},{"taxonomy":"product_tag","embeddable":true,"href":"https:\/\/www.moensmeubelen.be\/fr\/wp-json\/wp\/v2\/product_tag?post=1033258"}],"curies":[{"name":"wp","href":"https:\/\/api.w.org\/{rel}","templated":true}]}}

<p>Ce grand salon d&#8217;angle modulaire (Gealux, modèle Tropea) associe une méridienne avec pouf, un élément d&#8217;angle et un relax 1 place pour une généreuse composition en L. Réalisé en tissu (SG30 La Thuile) avec un confort d&#8217;assise moelleux. La composition présentée est livrée à partir de 9.720 euros. Les dimensions sont indicatives &#8211; la composition est entièrement modulable. D&#8217;autres compositions et choix de tissus sont possibles &#8211; renseignez-vous auprès de nos vendeurs.</p>

<p>Grand salon d&#8217;angle modulaire en tissu avec méridienne (pouf), élément d&#8217;angle et un relax 1 place électrique. Confort d&#8217;assise moelleux.</p>
