{"id":712064,"date":"2026-04-27T00:00:00","date_gmt":"2026-04-27T00:00:00","guid":{"rendered":""},"modified":"2026-04-27T17:38:53","modified_gmt":"2026-04-27T15:38:53","slug":"alpha1234xxx-fr_BE","status":"publish","type":"product","link":"https:\/\/www.moensmeubelen.be\/fr\/produit\/alpha1234xxx-fr_BE\/","title":{"rendered":"alpha1234xxx"},"content":{"rendered":"<p><font style=\\\\\\\"vertical-align: inherit;\\\\\\\"><font style=\\\\\\\"vertical-align: inherit;\\\\\\\">Fauteuil \u00e9lectrique 3 places (188 cm de large) + \u00e9l\u00e9ment d\\&#8217;angle (122 cm de large) + ottomane \u00e0 droite (112 cm de large, 112 cm de profondeur)<\/font><\/font><\/p>\n","protected":false},"excerpt":{"rendered":"<p><\/p>\n<p><\/p>\n<p><font style=\\\"vertical-align: inherit;\\\"><font style=\\\"vertical-align: inherit;\\\">Beaucoup de substances et de couleurs diff\u00e9rentes possibles&nbsp;<\/font><\/font><\/p>\n","protected":false},"featured_media":159576,"comment_status":"open","ping_status":"open","template":"","meta":{"_relevanssi_hide_post":"","_relevanssi_hide_content":"","_relevanssi_pin_for_all":"","_relevanssi_pin_keywords":"","_relevanssi_unpin_keywords":"","_relevanssi_related_keywords":"","_relevanssi_related_include_ids":"","_relevanssi_related_exclude_ids":"","_relevanssi_related_no_append":"","_relevanssi_related_not_related":"","_relevanssi_related_posts":"","_relevanssi_noindex_reason":""},"product_brand":[],"product_cat":[5647],"product_tag":[],"class_list":["post-712064","product","type-product","status-publish","has-post-thumbnail","product_cat-zetels_l2_fr_BE","first","onbackorder","taxable","shipping-taxable","purchasable","product-type-simple"],"_links":{"self":[{"href":"https:\/\/www.moensmeubelen.be\/fr\/wp-json\/wp\/v2\/product\/712064","targetHints":{"allow":["GET"]}}],"collection":[{"href":"https:\/\/www.moensmeubelen.be\/fr\/wp-json\/wp\/v2\/product"}],"about":[{"href":"https:\/\/www.moensmeubelen.be\/fr\/wp-json\/wp\/v2\/types\/product"}],"replies":[{"embeddable":true,"href":"https:\/\/www.moensmeubelen.be\/fr\/wp-json\/wp\/v2\/comments?post=712064"}],"wp:featuredmedia":[{"embeddable":true,"href":"https:\/\/www.moensmeubelen.be\/fr\/wp-json\/wp\/v2\/media\/159576"}],"wp:attachment":[{"href":"https:\/\/www.moensmeubelen.be\/fr\/wp-json\/wp\/v2\/media?parent=712064"}],"wp:term":[{"taxonomy":"product_brand","embeddable":true,"href":"https:\/\/www.moensmeubelen.be\/fr\/wp-json\/wp\/v2\/product_brand?post=712064"},{"taxonomy":"product_cat","embeddable":true,"href":"https:\/\/www.moensmeubelen.be\/fr\/wp-json\/wp\/v2\/product_cat?post=712064"},{"taxonomy":"product_tag","embeddable":true,"href":"https:\/\/www.moensmeubelen.be\/fr\/wp-json\/wp\/v2\/product_tag?post=712064"}],"curies":[{"name":"wp","href":"https:\/\/api.w.org\/{rel}","templated":true}]}}

<p><font style=\\\"vertical-align: inherit;\\\"><font style=\\\"vertical-align: inherit;\\\">Fauteuil électrique 3 places (188 cm de large) + élément d\&#8217;angle (122 cm de large) + ottomane à droite (112 cm de large, 112 cm de profondeur)</font></font></p>

<p></p>
<p></p>
<p><font style=\"vertical-align: inherit;\"><font style=\"vertical-align: inherit;\">Beaucoup de substances et de couleurs différentes possibles&nbsp;</font></font></p>
