{"id":712072,"date":"2026-06-28T00:00:00","date_gmt":"2026-06-28T00:00:00","guid":{"rendered":"https:\/\/new.moensmeubelen.be\/product\/08617001-fr_be\/"},"modified":"2026-06-28T20:18:13","modified_gmt":"2026-06-28T18:18:13","slug":"08617001-fr_BE","status":"publish","type":"product","link":"https:\/\/www.moensmeubelen.be\/fr\/produit\/08617001-fr_BE\/","title":{"rendered":"Jane, universel 45 x 45 cm"},"content":{"rendered":"<p>Un bon canap\u00e9 ou un fauteuil agr\u00e9able sans coussin, c\\&#8217;est inimaginable! Sous votre t\u00eate, dans votre dos, sous vos bras, sur vos genoux, devant votre visgage pendant un film d\\&#8217;horreur\u2026 Ce splendide coussin de 45&#215;45 cm existe en tissu et pour la couleur, c\\&#8217;est \u00e0 vous de d\u00e9cider. Un tel coussin ne pourra que rendre votre canap\u00e9 ou votre fauteuil encore plus confortable.<\/p>\n","protected":false},"excerpt":{"rendered":"<p>Jane, universel 45 x 45 cm<\/p>\n","protected":false},"featured_media":1000426,"comment_status":"open","ping_status":"open","template":"","meta":{"_relevanssi_hide_post":"","_relevanssi_hide_content":"","_relevanssi_pin_for_all":"","_relevanssi_pin_keywords":"","_relevanssi_unpin_keywords":"","_relevanssi_related_keywords":"","_relevanssi_related_include_ids":"","_relevanssi_related_exclude_ids":"","_relevanssi_related_no_append":"","_relevanssi_related_not_related":"","_relevanssi_related_posts":"","_relevanssi_noindex_reason":""},"product_brand":[],"product_cat":[24113],"product_tag":[],"class_list":["post-712072","product","type-product","status-publish","has-post-thumbnail","product_cat-Kussens_fr_BE","first","onbackorder","taxable","shipping-taxable","purchasable","product-type-simple"],"_links":{"self":[{"href":"https:\/\/www.moensmeubelen.be\/fr\/wp-json\/wp\/v2\/product\/712072","targetHints":{"allow":["GET"]}}],"collection":[{"href":"https:\/\/www.moensmeubelen.be\/fr\/wp-json\/wp\/v2\/product"}],"about":[{"href":"https:\/\/www.moensmeubelen.be\/fr\/wp-json\/wp\/v2\/types\/product"}],"replies":[{"embeddable":true,"href":"https:\/\/www.moensmeubelen.be\/fr\/wp-json\/wp\/v2\/comments?post=712072"}],"wp:featuredmedia":[{"embeddable":true,"href":"https:\/\/www.moensmeubelen.be\/fr\/wp-json\/wp\/v2\/media\/1000426"}],"wp:attachment":[{"href":"https:\/\/www.moensmeubelen.be\/fr\/wp-json\/wp\/v2\/media?parent=712072"}],"wp:term":[{"taxonomy":"product_brand","embeddable":true,"href":"https:\/\/www.moensmeubelen.be\/fr\/wp-json\/wp\/v2\/product_brand?post=712072"},{"taxonomy":"product_cat","embeddable":true,"href":"https:\/\/www.moensmeubelen.be\/fr\/wp-json\/wp\/v2\/product_cat?post=712072"},{"taxonomy":"product_tag","embeddable":true,"href":"https:\/\/www.moensmeubelen.be\/fr\/wp-json\/wp\/v2\/product_tag?post=712072"}],"curies":[{"name":"wp","href":"https:\/\/api.w.org\/{rel}","templated":true}]}}

<p>Un bon canapé ou un fauteuil agréable sans coussin, c\&#8217;est inimaginable! Sous votre tête, dans votre dos, sous vos bras, sur vos genoux, devant votre visgage pendant un film d\&#8217;horreur… Ce splendide coussin de 45&#215;45 cm existe en tissu et pour la couleur, c\&#8217;est à vous de décider. Un tel coussin ne pourra que rendre votre canapé ou votre fauteuil encore plus confortable.</p>
