{"id":712174,"date":"2026-05-07T00:00:00","date_gmt":"2026-05-07T00:00:00","guid":{"rendered":""},"modified":"2026-05-07T11:43:32","modified_gmt":"2026-05-07T09:43:32","slug":"29547ZWA-fr_BE","status":"publish","type":"product","link":"https:\/\/www.moensmeubelen.be\/fr\/produit\/29547ZWA-fr_BE\/","title":{"rendered":"Malvino, chaise &#8211; pied traineau inox carre + poignee rond &#8211; noir"},"content":{"rendered":"<p>Cette chaise de salle \u00e0 manger Malvino en cuir noir ressemble \u00e9norm\u00e9ment \u00e0 sa jumelle en tissu, Malene. Elle est dot\u00e9e d\u2019une structure swing frame carr\u00e9e en inox. Pratique, la poign\u00e9e ronde sur son dossier prot\u00e8ge le rev\u00eatement de l\u2019usure et des doigts sales. Cette version de chaise de salle \u00e0 manger est de stock et donc rapidement disponible.<\/p>\n","protected":false},"excerpt":{"rendered":"<p>Malvino, chaise &#8211; pied traineau inox carre + poignee rond &#8211; noir<\/p>\n","protected":false},"featured_media":958514,"comment_status":"open","ping_status":"open","template":"","meta":{"_relevanssi_hide_post":"","_relevanssi_hide_content":"","_relevanssi_pin_for_all":"","_relevanssi_pin_keywords":"","_relevanssi_unpin_keywords":"","_relevanssi_related_keywords":"","_relevanssi_related_include_ids":"","_relevanssi_related_exclude_ids":"","_relevanssi_related_no_append":"","_relevanssi_related_not_related":"","_relevanssi_related_posts":"","_relevanssi_noindex_reason":""},"product_brand":[],"product_cat":[1370],"product_tag":[],"class_list":["post-712174","product","type-product","status-publish","has-post-thumbnail","product_cat-eetkamerstoelen_fr_BE","first","onbackorder","taxable","shipping-taxable","purchasable","product-type-simple"],"_links":{"self":[{"href":"https:\/\/www.moensmeubelen.be\/fr\/wp-json\/wp\/v2\/product\/712174","targetHints":{"allow":["GET"]}}],"collection":[{"href":"https:\/\/www.moensmeubelen.be\/fr\/wp-json\/wp\/v2\/product"}],"about":[{"href":"https:\/\/www.moensmeubelen.be\/fr\/wp-json\/wp\/v2\/types\/product"}],"replies":[{"embeddable":true,"href":"https:\/\/www.moensmeubelen.be\/fr\/wp-json\/wp\/v2\/comments?post=712174"}],"wp:featuredmedia":[{"embeddable":true,"href":"https:\/\/www.moensmeubelen.be\/fr\/wp-json\/wp\/v2\/media\/958514"}],"wp:attachment":[{"href":"https:\/\/www.moensmeubelen.be\/fr\/wp-json\/wp\/v2\/media?parent=712174"}],"wp:term":[{"taxonomy":"product_brand","embeddable":true,"href":"https:\/\/www.moensmeubelen.be\/fr\/wp-json\/wp\/v2\/product_brand?post=712174"},{"taxonomy":"product_cat","embeddable":true,"href":"https:\/\/www.moensmeubelen.be\/fr\/wp-json\/wp\/v2\/product_cat?post=712174"},{"taxonomy":"product_tag","embeddable":true,"href":"https:\/\/www.moensmeubelen.be\/fr\/wp-json\/wp\/v2\/product_tag?post=712174"}],"curies":[{"name":"wp","href":"https:\/\/api.w.org\/{rel}","templated":true}]}}

<p>Cette chaise de salle à manger Malvino en cuir noir ressemble énormément à sa jumelle en tissu, Malene. Elle est dotée d’une structure swing frame carrée en inox. Pratique, la poignée ronde sur son dossier protège le revêtement de l’usure et des doigts sales. Cette version de chaise de salle à manger est de stock et donc rapidement disponible.</p>
