{"id":712212,"date":"2026-04-16T00:00:00","date_gmt":"2026-04-16T00:00:00","guid":{"rendered":""},"modified":"2026-04-16T14:13:13","modified_gmt":"2026-04-16T12:13:13","slug":"29722GRN-fr_BE","status":"publish","type":"product","link":"https:\/\/www.moensmeubelen.be\/fr\/produit\/29722GRN-fr_BE\/","title":{"rendered":"Brody, chaise &#8211; combination facade Savannah \/ cote arriere Kibo &#8211; Vert"},"content":{"rendered":"<p>Cette version de la chaise de salle \u00e0 manger Brody de la collection Henders &#038; Hazel est disponible tr\u00e8s rapidement dans le coloris vert. Ce mod\u00e8le est recouvert d\u2019une combinaison de tissu Savannah (\u00e0 l\u2019avant) et Kibo (\u00e0 l\u2019arri\u00e8re), tous deux dans une teinte vert pastel. Avec son design minimaliste et son pi\u00e8tement \u00e9toil\u00e9, cette chaise de salle \u00e0 manger affiche une superbe allure tendance. Un v\u00e9ritable bijou dans votre int\u00e9rieur.<\/p>\n","protected":false},"excerpt":{"rendered":"<p>Brody, chaise &#8211; combination facade Savannah \/ cote arriere Kibo &#8211; Vert<\/p>\n","protected":false},"featured_media":943107,"comment_status":"open","ping_status":"open","template":"","meta":{"_relevanssi_hide_post":"","_relevanssi_hide_content":"","_relevanssi_pin_for_all":"","_relevanssi_pin_keywords":"","_relevanssi_unpin_keywords":"","_relevanssi_related_keywords":"","_relevanssi_related_include_ids":"","_relevanssi_related_exclude_ids":"","_relevanssi_related_no_append":"","_relevanssi_related_not_related":"","_relevanssi_related_posts":"","_relevanssi_noindex_reason":""},"product_brand":[],"product_cat":[1370],"product_tag":[],"class_list":["post-712212","product","type-product","status-publish","has-post-thumbnail","product_cat-eetkamerstoelen_fr_BE","first","onbackorder","taxable","shipping-taxable","purchasable","product-type-simple"],"_links":{"self":[{"href":"https:\/\/www.moensmeubelen.be\/fr\/wp-json\/wp\/v2\/product\/712212","targetHints":{"allow":["GET"]}}],"collection":[{"href":"https:\/\/www.moensmeubelen.be\/fr\/wp-json\/wp\/v2\/product"}],"about":[{"href":"https:\/\/www.moensmeubelen.be\/fr\/wp-json\/wp\/v2\/types\/product"}],"replies":[{"embeddable":true,"href":"https:\/\/www.moensmeubelen.be\/fr\/wp-json\/wp\/v2\/comments?post=712212"}],"wp:featuredmedia":[{"embeddable":true,"href":"https:\/\/www.moensmeubelen.be\/fr\/wp-json\/wp\/v2\/media\/943107"}],"wp:attachment":[{"href":"https:\/\/www.moensmeubelen.be\/fr\/wp-json\/wp\/v2\/media?parent=712212"}],"wp:term":[{"taxonomy":"product_brand","embeddable":true,"href":"https:\/\/www.moensmeubelen.be\/fr\/wp-json\/wp\/v2\/product_brand?post=712212"},{"taxonomy":"product_cat","embeddable":true,"href":"https:\/\/www.moensmeubelen.be\/fr\/wp-json\/wp\/v2\/product_cat?post=712212"},{"taxonomy":"product_tag","embeddable":true,"href":"https:\/\/www.moensmeubelen.be\/fr\/wp-json\/wp\/v2\/product_tag?post=712212"}],"curies":[{"name":"wp","href":"https:\/\/api.w.org\/{rel}","templated":true}]}}

<p>Cette version de la chaise de salle à manger Brody de la collection Henders &#038; Hazel est disponible très rapidement dans le coloris vert. Ce modèle est recouvert d’une combinaison de tissu Savannah (à l’avant) et Kibo (à l’arrière), tous deux dans une teinte vert pastel. Avec son design minimaliste et son piètement étoilé, cette chaise de salle à manger affiche une superbe allure tendance. Un véritable bijou dans votre intérieur.</p>
