{"id":712654,"date":"2026-04-16T00:00:00","date_gmt":"2026-04-16T00:00:00","guid":{"rendered":""},"modified":"2026-04-16T14:16:43","modified_gmt":"2026-04-16T12:16:43","slug":"36331RWB-fr_BE","status":"publish","type":"product","link":"https:\/\/www.moensmeubelen.be\/fr\/produit\/36331RWB-fr_BE\/","title":{"rendered":"Metalo, buffet 210 cm &#8211; 2-portes + 2-tiroirs + 1-niche (+ LED)"},"content":{"rendered":"<p>Craquez pour le buffet Metalo d\\&#8217;inspiration industrielle. Avec ses 2 portes, ses 2 tiroirs et sa niche, ce buffet \u00e0 \u00e9clairage led constitue un bel espace de rangement. Large de 210 cm, il s\u00e9duit par son contraste entre le bois et le m\u00e9tal, pour un r\u00e9sultat \u00e0 la fois authentique et r\u00e9tro. A l\\&#8217;entr\u00e9e, au bureau ou dans le s\u00e9jour, ce <a href=\\\"\/fr-be\/hh\/meubles-de-rangement\/vaisseliers\/\\\">buffet<\/a> trouve facilement sa place dans un int\u00e9rieur.<\/p>\n","protected":false},"excerpt":{"rendered":"<p>Metalo, buffet 210 cm &#8211; 2-portes + 2-tiroirs + 1-niche (+ LED)<\/p>\n","protected":false},"featured_media":943278,"comment_status":"open","ping_status":"open","template":"","meta":{"_relevanssi_hide_post":"","_relevanssi_hide_content":"","_relevanssi_pin_for_all":"","_relevanssi_pin_keywords":"","_relevanssi_unpin_keywords":"","_relevanssi_related_keywords":"","_relevanssi_related_include_ids":"","_relevanssi_related_exclude_ids":"","_relevanssi_related_no_append":"","_relevanssi_related_not_related":"","_relevanssi_related_posts":"","_relevanssi_noindex_reason":""},"product_brand":[],"product_cat":[1377],"product_tag":[],"class_list":["post-712654","product","type-product","status-publish","has-post-thumbnail","product_cat-dressoirs_fr_BE","first","onbackorder","taxable","shipping-taxable","purchasable","product-type-simple"],"_links":{"self":[{"href":"https:\/\/www.moensmeubelen.be\/fr\/wp-json\/wp\/v2\/product\/712654","targetHints":{"allow":["GET"]}}],"collection":[{"href":"https:\/\/www.moensmeubelen.be\/fr\/wp-json\/wp\/v2\/product"}],"about":[{"href":"https:\/\/www.moensmeubelen.be\/fr\/wp-json\/wp\/v2\/types\/product"}],"replies":[{"embeddable":true,"href":"https:\/\/www.moensmeubelen.be\/fr\/wp-json\/wp\/v2\/comments?post=712654"}],"wp:featuredmedia":[{"embeddable":true,"href":"https:\/\/www.moensmeubelen.be\/fr\/wp-json\/wp\/v2\/media\/943278"}],"wp:attachment":[{"href":"https:\/\/www.moensmeubelen.be\/fr\/wp-json\/wp\/v2\/media?parent=712654"}],"wp:term":[{"taxonomy":"product_brand","embeddable":true,"href":"https:\/\/www.moensmeubelen.be\/fr\/wp-json\/wp\/v2\/product_brand?post=712654"},{"taxonomy":"product_cat","embeddable":true,"href":"https:\/\/www.moensmeubelen.be\/fr\/wp-json\/wp\/v2\/product_cat?post=712654"},{"taxonomy":"product_tag","embeddable":true,"href":"https:\/\/www.moensmeubelen.be\/fr\/wp-json\/wp\/v2\/product_tag?post=712654"}],"curies":[{"name":"wp","href":"https:\/\/api.w.org\/{rel}","templated":true}]}}

<p>Craquez pour le buffet Metalo d\&#8217;inspiration industrielle. Avec ses 2 portes, ses 2 tiroirs et sa niche, ce buffet à éclairage led constitue un bel espace de rangement. Large de 210 cm, il séduit par son contraste entre le bois et le métal, pour un résultat à la fois authentique et rétro. A l\&#8217;entrée, au bureau ou dans le séjour, ce <a href=\"/fr-be/hh/meubles-de-rangement/vaisseliers/\">buffet</a> trouve facilement sa place dans un intérieur.</p>
