{"id":712998,"date":"2026-04-16T00:00:00","date_gmt":"2026-04-16T00:00:00","guid":{"rendered":""},"modified":"2026-04-16T14:19:35","modified_gmt":"2026-04-16T12:19:35","slug":"36572RCO-fr_BE","status":"publish","type":"product","link":"https:\/\/www.moensmeubelen.be\/fr\/produit\/36572RCO-fr_BE\/","title":{"rendered":"Julien, fauteuil &#8211; cadre noir &#8211; Corsica &#8211; cognac"},"content":{"rendered":"<p>Cette chaise avec accoudoirs Julien a un design intemporel. Le cadre noir brut donne \u00e0 la chaise un caract\u00e8re robuste. La chaise est recouverte du tissu microfibre sur cro\u00fbte de cuir Corsica dans la couleur Cognac. Les surpiq\u00fbres, le dossier et le si\u00e8ge capitonn\u00e9s sont remarquables. Conseil de style : associez la chaise Julien avec et sans accoudoirs et optez pour un m\u00e9lange de 2 ou 3 coloris pour un effet ludique.<\/p>\n","protected":false},"excerpt":{"rendered":"<p>Julien, fauteuil &#8211; cadre noir &#8211; Corsica &#8211; cognac<\/p>\n","protected":false},"featured_media":943404,"comment_status":"open","ping_status":"open","template":"","meta":{"_relevanssi_hide_post":"","_relevanssi_hide_content":"","_relevanssi_pin_for_all":"","_relevanssi_pin_keywords":"","_relevanssi_unpin_keywords":"","_relevanssi_related_keywords":"","_relevanssi_related_include_ids":"","_relevanssi_related_exclude_ids":"","_relevanssi_related_no_append":"","_relevanssi_related_not_related":"","_relevanssi_related_posts":"","_relevanssi_noindex_reason":""},"product_brand":[],"product_cat":[24145],"product_tag":[],"class_list":["post-712998","product","type-product","status-publish","has-post-thumbnail","product_cat-Armstoelen_fr_BE","first","onbackorder","taxable","shipping-taxable","purchasable","product-type-simple"],"_links":{"self":[{"href":"https:\/\/www.moensmeubelen.be\/fr\/wp-json\/wp\/v2\/product\/712998","targetHints":{"allow":["GET"]}}],"collection":[{"href":"https:\/\/www.moensmeubelen.be\/fr\/wp-json\/wp\/v2\/product"}],"about":[{"href":"https:\/\/www.moensmeubelen.be\/fr\/wp-json\/wp\/v2\/types\/product"}],"replies":[{"embeddable":true,"href":"https:\/\/www.moensmeubelen.be\/fr\/wp-json\/wp\/v2\/comments?post=712998"}],"wp:featuredmedia":[{"embeddable":true,"href":"https:\/\/www.moensmeubelen.be\/fr\/wp-json\/wp\/v2\/media\/943404"}],"wp:attachment":[{"href":"https:\/\/www.moensmeubelen.be\/fr\/wp-json\/wp\/v2\/media?parent=712998"}],"wp:term":[{"taxonomy":"product_brand","embeddable":true,"href":"https:\/\/www.moensmeubelen.be\/fr\/wp-json\/wp\/v2\/product_brand?post=712998"},{"taxonomy":"product_cat","embeddable":true,"href":"https:\/\/www.moensmeubelen.be\/fr\/wp-json\/wp\/v2\/product_cat?post=712998"},{"taxonomy":"product_tag","embeddable":true,"href":"https:\/\/www.moensmeubelen.be\/fr\/wp-json\/wp\/v2\/product_tag?post=712998"}],"curies":[{"name":"wp","href":"https:\/\/api.w.org\/{rel}","templated":true}]}}

<p>Cette chaise avec accoudoirs Julien a un design intemporel. Le cadre noir brut donne à la chaise un caractère robuste. La chaise est recouverte du tissu microfibre sur croûte de cuir Corsica dans la couleur Cognac. Les surpiqûres, le dossier et le siège capitonnés sont remarquables. Conseil de style : associez la chaise Julien avec et sans accoudoirs et optez pour un mélange de 2 ou 3 coloris pour un effet ludique.</p>
