{"id":713118,"date":"2026-06-28T00:00:00","date_gmt":"2026-06-28T00:00:00","guid":{"rendered":""},"modified":"2026-06-28T20:18:43","modified_gmt":"2026-06-28T18:18:43","slug":"36664COG-fr_BE","status":"publish","type":"product","link":"https:\/\/www.moensmeubelen.be\/fr\/produit\/36664COG-fr_BE\/","title":{"rendered":"Mac, chaise de bar &#8211; pied off black Rocky + poignee Catania noir &#8211; Cognac"},"content":{"rendered":"<p>Vous cherchez une chaise de bar \u00e0 la mode et confortable? Alors la chaise de bar MAC est vraiment faite pour vous ! Posez la chaise pr\u00e8s d\\&#8217;un \u00eelot de cuisine ou d\\&#8217;une table de bar. La chaise a \u00e9t\u00e9 fabriqu\u00e9e en tissu microfibre Rocky et a un cadre off black. Super pratique: la chaise MAC est pivotante et poss\u00e8de une poign\u00e9e en cuir Catania sur le dos.<\/p>\n","protected":false},"excerpt":{"rendered":"<p>Mac, chaise de bar &#8211; pied off black Rocky + poignee Catania noir &#8211; Cognac<\/p>\n","protected":false},"featured_media":1000442,"comment_status":"open","ping_status":"open","template":"","meta":{"_relevanssi_hide_post":"","_relevanssi_hide_content":"","_relevanssi_pin_for_all":"","_relevanssi_pin_keywords":"","_relevanssi_unpin_keywords":"","_relevanssi_related_keywords":"","_relevanssi_related_include_ids":"","_relevanssi_related_exclude_ids":"","_relevanssi_related_no_append":"","_relevanssi_related_not_related":"","_relevanssi_related_posts":"","_relevanssi_noindex_reason":""},"product_brand":[],"product_cat":[1373],"product_tag":[],"class_list":["post-713118","product","type-product","status-publish","has-post-thumbnail","product_cat-barkrukken_fr_BE","first","onbackorder","taxable","shipping-taxable","purchasable","product-type-simple"],"_links":{"self":[{"href":"https:\/\/www.moensmeubelen.be\/fr\/wp-json\/wp\/v2\/product\/713118","targetHints":{"allow":["GET"]}}],"collection":[{"href":"https:\/\/www.moensmeubelen.be\/fr\/wp-json\/wp\/v2\/product"}],"about":[{"href":"https:\/\/www.moensmeubelen.be\/fr\/wp-json\/wp\/v2\/types\/product"}],"replies":[{"embeddable":true,"href":"https:\/\/www.moensmeubelen.be\/fr\/wp-json\/wp\/v2\/comments?post=713118"}],"wp:featuredmedia":[{"embeddable":true,"href":"https:\/\/www.moensmeubelen.be\/fr\/wp-json\/wp\/v2\/media\/1000442"}],"wp:attachment":[{"href":"https:\/\/www.moensmeubelen.be\/fr\/wp-json\/wp\/v2\/media?parent=713118"}],"wp:term":[{"taxonomy":"product_brand","embeddable":true,"href":"https:\/\/www.moensmeubelen.be\/fr\/wp-json\/wp\/v2\/product_brand?post=713118"},{"taxonomy":"product_cat","embeddable":true,"href":"https:\/\/www.moensmeubelen.be\/fr\/wp-json\/wp\/v2\/product_cat?post=713118"},{"taxonomy":"product_tag","embeddable":true,"href":"https:\/\/www.moensmeubelen.be\/fr\/wp-json\/wp\/v2\/product_tag?post=713118"}],"curies":[{"name":"wp","href":"https:\/\/api.w.org\/{rel}","templated":true}]}}

<p>Vous cherchez une chaise de bar à la mode et confortable? Alors la chaise de bar MAC est vraiment faite pour vous ! Posez la chaise près d\&#8217;un îlot de cuisine ou d\&#8217;une table de bar. La chaise a été fabriquée en tissu microfibre Rocky et a un cadre off black. Super pratique: la chaise MAC est pivotante et possède une poignée en cuir Catania sur le dos.</p>
