{"id":713128,"date":"2026-06-28T00:00:00","date_gmt":"2026-06-28T00:00:00","guid":{"rendered":""},"modified":"2026-06-28T20:18:51","modified_gmt":"2026-06-28T18:18:51","slug":"36664LGR-fr_BE","status":"publish","type":"product","link":"https:\/\/www.moensmeubelen.be\/fr\/produit\/36664LGR-fr_BE\/","title":{"rendered":"Mac, chaise de bar &#8211; pied off black Rocky + poignee Catania noir &#8211; Gris clair"},"content":{"rendered":"<p>Vous recherchez une chaise de bar tendance et confortable? La chaise de bar MAC est parfaite pour l\\&#8217;\u00eelot de cuisine ou \u00e0 une table de bar. MAC est une chaise robuste, fabriqu\u00e9e en tissu microfibre Rocky. La poign\u00e9e en cuir noir est \u00e9galement id\u00e9ale, tout comme le cadre pivotant \u00e0 180\u00b0, tr\u00e8s pratique, qui permet de s\\&#8217;assoir et  descendre facilement.<\/p>\n","protected":false},"excerpt":{"rendered":"<p>Mac, chaise de bar &#8211; pied off black Rocky + poignee Catania noir &#8211; Gris clair<\/p>\n","protected":false},"featured_media":1000448,"comment_status":"open","ping_status":"open","template":"","meta":{"_relevanssi_hide_post":"","_relevanssi_hide_content":"","_relevanssi_pin_for_all":"","_relevanssi_pin_keywords":"","_relevanssi_unpin_keywords":"","_relevanssi_related_keywords":"","_relevanssi_related_include_ids":"","_relevanssi_related_exclude_ids":"","_relevanssi_related_no_append":"","_relevanssi_related_not_related":"","_relevanssi_related_posts":"","_relevanssi_noindex_reason":""},"product_brand":[],"product_cat":[1373],"product_tag":[],"class_list":["post-713128","product","type-product","status-publish","has-post-thumbnail","product_cat-barkrukken_fr_BE","first","onbackorder","taxable","shipping-taxable","purchasable","product-type-simple"],"_links":{"self":[{"href":"https:\/\/www.moensmeubelen.be\/fr\/wp-json\/wp\/v2\/product\/713128","targetHints":{"allow":["GET"]}}],"collection":[{"href":"https:\/\/www.moensmeubelen.be\/fr\/wp-json\/wp\/v2\/product"}],"about":[{"href":"https:\/\/www.moensmeubelen.be\/fr\/wp-json\/wp\/v2\/types\/product"}],"replies":[{"embeddable":true,"href":"https:\/\/www.moensmeubelen.be\/fr\/wp-json\/wp\/v2\/comments?post=713128"}],"wp:featuredmedia":[{"embeddable":true,"href":"https:\/\/www.moensmeubelen.be\/fr\/wp-json\/wp\/v2\/media\/1000448"}],"wp:attachment":[{"href":"https:\/\/www.moensmeubelen.be\/fr\/wp-json\/wp\/v2\/media?parent=713128"}],"wp:term":[{"taxonomy":"product_brand","embeddable":true,"href":"https:\/\/www.moensmeubelen.be\/fr\/wp-json\/wp\/v2\/product_brand?post=713128"},{"taxonomy":"product_cat","embeddable":true,"href":"https:\/\/www.moensmeubelen.be\/fr\/wp-json\/wp\/v2\/product_cat?post=713128"},{"taxonomy":"product_tag","embeddable":true,"href":"https:\/\/www.moensmeubelen.be\/fr\/wp-json\/wp\/v2\/product_tag?post=713128"}],"curies":[{"name":"wp","href":"https:\/\/api.w.org\/{rel}","templated":true}]}}

<p>Vous recherchez une chaise de bar tendance et confortable? La chaise de bar MAC est parfaite pour l\&#8217;îlot de cuisine ou à une table de bar. MAC est une chaise robuste, fabriquée en tissu microfibre Rocky. La poignée en cuir noir est également idéale, tout comme le cadre pivotant à 180°, très pratique, qui permet de s\&#8217;assoir et  descendre facilement.</p>
