{"id":713265,"date":"2026-06-26T00:00:00","date_gmt":"2026-06-26T00:00:00","guid":{"rendered":""},"modified":"2026-06-26T10:34:53","modified_gmt":"2026-06-26T08:34:53","slug":"36688OLI-fr_BE","status":"publish","type":"product","link":"https:\/\/www.moensmeubelen.be\/fr\/produit\/36688OLI-fr_BE\/","title":{"rendered":"Manou, chaise de bar &#8211; off black &#8211; tissu Karese &#8211; Olive"},"content":{"rendered":"<p>Cette table de bar moderne Manou mesure 102 cm de haut et affiche un design tr\u00e8s tendance. Manou est facile \u00e0 combiner avec diff\u00e9rents styles de vie. Le dossier et l\\&#8217;assise matelass\u00e9s sont frappants. Le pi\u00e9tement est en m\u00e9tal noir et le tissu Karese est un tissu en microfibre solide, qui rend la chaise doux au toucher, mais en m\u00eame temps super r\u00e9sistant. Cette version de la chaise est fabriqu\u00e9e dans la couleur olive.<\/p>\n","protected":false},"excerpt":{"rendered":"<p>Manou, chaise de bar &#8211; off black &#8211; tissu Karese &#8211; Olive<\/p>\n","protected":false},"featured_media":981115,"comment_status":"open","ping_status":"open","template":"","meta":{"_relevanssi_hide_post":"","_relevanssi_hide_content":"","_relevanssi_pin_for_all":"","_relevanssi_pin_keywords":"","_relevanssi_unpin_keywords":"","_relevanssi_related_keywords":"","_relevanssi_related_include_ids":"","_relevanssi_related_exclude_ids":"","_relevanssi_related_no_append":"","_relevanssi_related_not_related":"","_relevanssi_related_posts":"","_relevanssi_noindex_reason":""},"product_brand":[],"product_cat":[1373],"product_tag":[],"class_list":["post-713265","product","type-product","status-publish","has-post-thumbnail","product_cat-barkrukken_fr_BE","first","onbackorder","sale","taxable","shipping-taxable","purchasable","product-type-simple"],"_links":{"self":[{"href":"https:\/\/www.moensmeubelen.be\/fr\/wp-json\/wp\/v2\/product\/713265","targetHints":{"allow":["GET"]}}],"collection":[{"href":"https:\/\/www.moensmeubelen.be\/fr\/wp-json\/wp\/v2\/product"}],"about":[{"href":"https:\/\/www.moensmeubelen.be\/fr\/wp-json\/wp\/v2\/types\/product"}],"replies":[{"embeddable":true,"href":"https:\/\/www.moensmeubelen.be\/fr\/wp-json\/wp\/v2\/comments?post=713265"}],"wp:featuredmedia":[{"embeddable":true,"href":"https:\/\/www.moensmeubelen.be\/fr\/wp-json\/wp\/v2\/media\/981115"}],"wp:attachment":[{"href":"https:\/\/www.moensmeubelen.be\/fr\/wp-json\/wp\/v2\/media?parent=713265"}],"wp:term":[{"taxonomy":"product_brand","embeddable":true,"href":"https:\/\/www.moensmeubelen.be\/fr\/wp-json\/wp\/v2\/product_brand?post=713265"},{"taxonomy":"product_cat","embeddable":true,"href":"https:\/\/www.moensmeubelen.be\/fr\/wp-json\/wp\/v2\/product_cat?post=713265"},{"taxonomy":"product_tag","embeddable":true,"href":"https:\/\/www.moensmeubelen.be\/fr\/wp-json\/wp\/v2\/product_tag?post=713265"}],"curies":[{"name":"wp","href":"https:\/\/api.w.org\/{rel}","templated":true}]}}

<p>Cette table de bar moderne Manou mesure 102 cm de haut et affiche un design très tendance. Manou est facile à combiner avec différents styles de vie. Le dossier et l\&#8217;assise matelassés sont frappants. Le piétement est en métal noir et le tissu Karese est un tissu en microfibre solide, qui rend la chaise doux au toucher, mais en même temps super résistant. Cette version de la chaise est fabriquée dans la couleur olive.</p>
