{"id":713981,"date":"2026-04-16T00:00:00","date_gmt":"2026-04-16T00:00:00","guid":{"rendered":""},"modified":"2026-04-16T14:34:43","modified_gmt":"2026-04-16T12:34:43","slug":"36873OLI-fr_BE","status":"publish","type":"product","link":"https:\/\/www.moensmeubelen.be\/fr\/produit\/36873OLI-fr_BE\/","title":{"rendered":"Mischa, chaise de bar &#8211; pieds traineau rond + poignee &#8211; tissu Karese &#8211; Olive"},"content":{"rendered":"<p>Les tables et chaises de bar sont populaires dans les int\u00e9rieurs. La chaise de bar Mischa s\\&#8217;inscrit dans cette tendance. La chaise est confortable gr\u00e2ce \u00e0 son assise baquet. Pour le rev\u00eatement, nous avons choisi le Karese, un tissu semblable au velours. Ce tissu est doux et facile \u00e0 entretenir. La chaise de bar repose sur un cadre traineau arrondi en m\u00e9tal noir. Pratique, la poign\u00e9e situ\u00e9e sur le dossier vous permet de d\u00e9placer facilement la chaise de bar.<\/p>\n","protected":false},"excerpt":{"rendered":"<p>Mischa, chaise de bar &#8211; pieds traineau rond + poignee &#8211; tissu Karese &#8211; Olive<\/p>\n","protected":false},"featured_media":943884,"comment_status":"open","ping_status":"open","template":"","meta":{"_relevanssi_hide_post":"","_relevanssi_hide_content":"","_relevanssi_pin_for_all":"","_relevanssi_pin_keywords":"","_relevanssi_unpin_keywords":"","_relevanssi_related_keywords":"","_relevanssi_related_include_ids":"","_relevanssi_related_exclude_ids":"","_relevanssi_related_no_append":"","_relevanssi_related_not_related":"","_relevanssi_related_posts":"","_relevanssi_noindex_reason":""},"product_brand":[],"product_cat":[1373],"product_tag":[],"class_list":["post-713981","product","type-product","status-publish","has-post-thumbnail","product_cat-barkrukken_fr_BE","first","onbackorder","taxable","shipping-taxable","purchasable","product-type-simple"],"_links":{"self":[{"href":"https:\/\/www.moensmeubelen.be\/fr\/wp-json\/wp\/v2\/product\/713981","targetHints":{"allow":["GET"]}}],"collection":[{"href":"https:\/\/www.moensmeubelen.be\/fr\/wp-json\/wp\/v2\/product"}],"about":[{"href":"https:\/\/www.moensmeubelen.be\/fr\/wp-json\/wp\/v2\/types\/product"}],"replies":[{"embeddable":true,"href":"https:\/\/www.moensmeubelen.be\/fr\/wp-json\/wp\/v2\/comments?post=713981"}],"wp:featuredmedia":[{"embeddable":true,"href":"https:\/\/www.moensmeubelen.be\/fr\/wp-json\/wp\/v2\/media\/943884"}],"wp:attachment":[{"href":"https:\/\/www.moensmeubelen.be\/fr\/wp-json\/wp\/v2\/media?parent=713981"}],"wp:term":[{"taxonomy":"product_brand","embeddable":true,"href":"https:\/\/www.moensmeubelen.be\/fr\/wp-json\/wp\/v2\/product_brand?post=713981"},{"taxonomy":"product_cat","embeddable":true,"href":"https:\/\/www.moensmeubelen.be\/fr\/wp-json\/wp\/v2\/product_cat?post=713981"},{"taxonomy":"product_tag","embeddable":true,"href":"https:\/\/www.moensmeubelen.be\/fr\/wp-json\/wp\/v2\/product_tag?post=713981"}],"curies":[{"name":"wp","href":"https:\/\/api.w.org\/{rel}","templated":true}]}}

<p>Les tables et chaises de bar sont populaires dans les intérieurs. La chaise de bar Mischa s\&#8217;inscrit dans cette tendance. La chaise est confortable grâce à son assise baquet. Pour le revêtement, nous avons choisi le Karese, un tissu semblable au velours. Ce tissu est doux et facile à entretenir. La chaise de bar repose sur un cadre traineau arrondi en métal noir. Pratique, la poignée située sur le dossier vous permet de déplacer facilement la chaise de bar.</p>
