{"id":714001,"date":"2026-04-16T00:00:00","date_gmt":"2026-04-16T00:00:00","guid":{"rendered":""},"modified":"2026-04-16T14:35:11","modified_gmt":"2026-04-16T12:35:11","slug":"36874OKE-fr_BE","status":"publish","type":"product","link":"https:\/\/www.moensmeubelen.be\/fr\/produit\/36874OKE-fr_BE\/","title":{"rendered":"Mischa, chaise de bar &#8211; 4-pieds + poignee &#8211; tissu Karese &#8211; Jaune ocre"},"content":{"rendered":"<p>L\\&#8217;\u00e9l\u00e9ment le plus frappant de cette chaise de bar moderne Mischa est la couleur ocre de son rev\u00eatement. L\\&#8217;ocre est une couleur populaire dans les int\u00e9rieurs en raison de son aspect chaleureux. Le tissu Karese, semblable \u00e0 du velours, est doux, confortable et facile \u00e0 entretenir. La chaise de bar repose sur des pieds en m\u00e9tal noir et dispose d\\&#8217;une poign\u00e9e pratique sur le dossier, ce qui permet de la d\u00e9placer facilement. Mischa est disponible en plusieurs versions et coloris.<\/p>\n","protected":false},"excerpt":{"rendered":"<p>Mischa, chaise de bar &#8211; 4-pieds + poignee &#8211; tissu Karese &#8211; Jaune ocre<\/p>\n","protected":false},"featured_media":943902,"comment_status":"open","ping_status":"open","template":"","meta":{"_relevanssi_hide_post":"","_relevanssi_hide_content":"","_relevanssi_pin_for_all":"","_relevanssi_pin_keywords":"","_relevanssi_unpin_keywords":"","_relevanssi_related_keywords":"","_relevanssi_related_include_ids":"","_relevanssi_related_exclude_ids":"","_relevanssi_related_no_append":"","_relevanssi_related_not_related":"","_relevanssi_related_posts":"","_relevanssi_noindex_reason":""},"product_brand":[],"product_cat":[1373],"product_tag":[],"class_list":["post-714001","product","type-product","status-publish","has-post-thumbnail","product_cat-barkrukken_fr_BE","first","onbackorder","taxable","shipping-taxable","purchasable","product-type-simple"],"_links":{"self":[{"href":"https:\/\/www.moensmeubelen.be\/fr\/wp-json\/wp\/v2\/product\/714001","targetHints":{"allow":["GET"]}}],"collection":[{"href":"https:\/\/www.moensmeubelen.be\/fr\/wp-json\/wp\/v2\/product"}],"about":[{"href":"https:\/\/www.moensmeubelen.be\/fr\/wp-json\/wp\/v2\/types\/product"}],"replies":[{"embeddable":true,"href":"https:\/\/www.moensmeubelen.be\/fr\/wp-json\/wp\/v2\/comments?post=714001"}],"wp:featuredmedia":[{"embeddable":true,"href":"https:\/\/www.moensmeubelen.be\/fr\/wp-json\/wp\/v2\/media\/943902"}],"wp:attachment":[{"href":"https:\/\/www.moensmeubelen.be\/fr\/wp-json\/wp\/v2\/media?parent=714001"}],"wp:term":[{"taxonomy":"product_brand","embeddable":true,"href":"https:\/\/www.moensmeubelen.be\/fr\/wp-json\/wp\/v2\/product_brand?post=714001"},{"taxonomy":"product_cat","embeddable":true,"href":"https:\/\/www.moensmeubelen.be\/fr\/wp-json\/wp\/v2\/product_cat?post=714001"},{"taxonomy":"product_tag","embeddable":true,"href":"https:\/\/www.moensmeubelen.be\/fr\/wp-json\/wp\/v2\/product_tag?post=714001"}],"curies":[{"name":"wp","href":"https:\/\/api.w.org\/{rel}","templated":true}]}}

<p>L\&#8217;élément le plus frappant de cette chaise de bar moderne Mischa est la couleur ocre de son revêtement. L\&#8217;ocre est une couleur populaire dans les intérieurs en raison de son aspect chaleureux. Le tissu Karese, semblable à du velours, est doux, confortable et facile à entretenir. La chaise de bar repose sur des pieds en métal noir et dispose d\&#8217;une poignée pratique sur le dossier, ce qui permet de la déplacer facilement. Mischa est disponible en plusieurs versions et coloris.</p>
