{"id":714019,"date":"2026-04-16T00:00:00","date_gmt":"2026-04-16T00:00:00","guid":{"rendered":""},"modified":"2026-04-16T14:35:34","modified_gmt":"2026-04-16T12:35:34","slug":"36875KOP-fr_BE","status":"publish","type":"product","link":"https:\/\/www.moensmeubelen.be\/fr\/produit\/36875KOP-fr_BE\/","title":{"rendered":"Mischa, chaise de bar &#8211; pieds traineau carre + poignee &#8211; tissu Karese &#8211; cuivre"},"content":{"rendered":"<p>Les couleurs chaudes cr\u00e9ent imm\u00e9diatement une atmosph\u00e8re dans l\\&#8217;int\u00e9rieur, c\\&#8217;est pourquoi cette chaise de bar Mischa est tapiss\u00e9e du tissu Karese dans la couleur cuivre. Le Karese est un tissu semblable \u00e0 du velours, \u00e0 l\\&#8217;aspect chaud et luxueux. La chaise de bar repose sur un cadre traineau carr\u00e9 en m\u00e9tal noir. La poign\u00e9e du dossier est pratique pour d\u00e9placer facilement la chaise de bar. Mischa est disponible en plusieurs versions et coloris.<\/p>\n","protected":false},"excerpt":{"rendered":"<p>Mischa, chaise de bar &#8211; pieds traineau carre + poignee &#8211; tissu Karese &#8211; cuivre<\/p>\n","protected":false},"featured_media":943920,"comment_status":"open","ping_status":"open","template":"","meta":{"_relevanssi_hide_post":"","_relevanssi_hide_content":"","_relevanssi_pin_for_all":"","_relevanssi_pin_keywords":"","_relevanssi_unpin_keywords":"","_relevanssi_related_keywords":"","_relevanssi_related_include_ids":"","_relevanssi_related_exclude_ids":"","_relevanssi_related_no_append":"","_relevanssi_related_not_related":"","_relevanssi_related_posts":"","_relevanssi_noindex_reason":""},"product_brand":[],"product_cat":[1373],"product_tag":[],"class_list":["post-714019","product","type-product","status-publish","has-post-thumbnail","product_cat-barkrukken_fr_BE","first","onbackorder","taxable","shipping-taxable","purchasable","product-type-simple"],"_links":{"self":[{"href":"https:\/\/www.moensmeubelen.be\/fr\/wp-json\/wp\/v2\/product\/714019","targetHints":{"allow":["GET"]}}],"collection":[{"href":"https:\/\/www.moensmeubelen.be\/fr\/wp-json\/wp\/v2\/product"}],"about":[{"href":"https:\/\/www.moensmeubelen.be\/fr\/wp-json\/wp\/v2\/types\/product"}],"replies":[{"embeddable":true,"href":"https:\/\/www.moensmeubelen.be\/fr\/wp-json\/wp\/v2\/comments?post=714019"}],"wp:featuredmedia":[{"embeddable":true,"href":"https:\/\/www.moensmeubelen.be\/fr\/wp-json\/wp\/v2\/media\/943920"}],"wp:attachment":[{"href":"https:\/\/www.moensmeubelen.be\/fr\/wp-json\/wp\/v2\/media?parent=714019"}],"wp:term":[{"taxonomy":"product_brand","embeddable":true,"href":"https:\/\/www.moensmeubelen.be\/fr\/wp-json\/wp\/v2\/product_brand?post=714019"},{"taxonomy":"product_cat","embeddable":true,"href":"https:\/\/www.moensmeubelen.be\/fr\/wp-json\/wp\/v2\/product_cat?post=714019"},{"taxonomy":"product_tag","embeddable":true,"href":"https:\/\/www.moensmeubelen.be\/fr\/wp-json\/wp\/v2\/product_tag?post=714019"}],"curies":[{"name":"wp","href":"https:\/\/api.w.org\/{rel}","templated":true}]}}

<p>Les couleurs chaudes créent immédiatement une atmosphère dans l\&#8217;intérieur, c\&#8217;est pourquoi cette chaise de bar Mischa est tapissée du tissu Karese dans la couleur cuivre. Le Karese est un tissu semblable à du velours, à l\&#8217;aspect chaud et luxueux. La chaise de bar repose sur un cadre traineau carré en métal noir. La poignée du dossier est pratique pour déplacer facilement la chaise de bar. Mischa est disponible en plusieurs versions et coloris.</p>
