{"id":714025,"date":"2026-04-16T00:00:00","date_gmt":"2026-04-16T00:00:00","guid":{"rendered":""},"modified":"2026-04-16T14:35:41","modified_gmt":"2026-04-16T12:35:41","slug":"36875OKE-fr_BE","status":"publish","type":"product","link":"https:\/\/www.moensmeubelen.be\/fr\/produit\/36875OKE-fr_BE\/","title":{"rendered":"Mischa, chaise de bar &#8211; pieds traineau carre + poignee &#8211; tissu Karese &#8211; Jaune ocre"},"content":{"rendered":"<p>Cette version de la chaise de bar Mischa a un cadre traineau carr\u00e9 en m\u00e9tal noir. La chaise de bar est recouverte du tissu velout\u00e9 Karese de couleur ocre. Le karese est un tissu doux, chaud et facile \u00e0 entretenir. La poign\u00e9e situ\u00e9e \u00e0 l\\&#8217;arri\u00e8re de la chaise de bar permet de la d\u00e9placer facilement.  Mischa est disponible en plusieurs versions et coloris.<\/p>\n","protected":false},"excerpt":{"rendered":"<p>Mischa, chaise de bar &#8211; pieds traineau carre + poignee &#8211; tissu Karese &#8211; Jaune ocre<\/p>\n","protected":false},"featured_media":943926,"comment_status":"open","ping_status":"open","template":"","meta":{"_relevanssi_hide_post":"","_relevanssi_hide_content":"","_relevanssi_pin_for_all":"","_relevanssi_pin_keywords":"","_relevanssi_unpin_keywords":"","_relevanssi_related_keywords":"","_relevanssi_related_include_ids":"","_relevanssi_related_exclude_ids":"","_relevanssi_related_no_append":"","_relevanssi_related_not_related":"","_relevanssi_related_posts":"","_relevanssi_noindex_reason":""},"product_brand":[],"product_cat":[1373],"product_tag":[],"class_list":["post-714025","product","type-product","status-publish","has-post-thumbnail","product_cat-barkrukken_fr_BE","first","onbackorder","taxable","shipping-taxable","purchasable","product-type-simple"],"_links":{"self":[{"href":"https:\/\/www.moensmeubelen.be\/fr\/wp-json\/wp\/v2\/product\/714025","targetHints":{"allow":["GET"]}}],"collection":[{"href":"https:\/\/www.moensmeubelen.be\/fr\/wp-json\/wp\/v2\/product"}],"about":[{"href":"https:\/\/www.moensmeubelen.be\/fr\/wp-json\/wp\/v2\/types\/product"}],"replies":[{"embeddable":true,"href":"https:\/\/www.moensmeubelen.be\/fr\/wp-json\/wp\/v2\/comments?post=714025"}],"wp:featuredmedia":[{"embeddable":true,"href":"https:\/\/www.moensmeubelen.be\/fr\/wp-json\/wp\/v2\/media\/943926"}],"wp:attachment":[{"href":"https:\/\/www.moensmeubelen.be\/fr\/wp-json\/wp\/v2\/media?parent=714025"}],"wp:term":[{"taxonomy":"product_brand","embeddable":true,"href":"https:\/\/www.moensmeubelen.be\/fr\/wp-json\/wp\/v2\/product_brand?post=714025"},{"taxonomy":"product_cat","embeddable":true,"href":"https:\/\/www.moensmeubelen.be\/fr\/wp-json\/wp\/v2\/product_cat?post=714025"},{"taxonomy":"product_tag","embeddable":true,"href":"https:\/\/www.moensmeubelen.be\/fr\/wp-json\/wp\/v2\/product_tag?post=714025"}],"curies":[{"name":"wp","href":"https:\/\/api.w.org\/{rel}","templated":true}]}}

<p>Cette version de la chaise de bar Mischa a un cadre traineau carré en métal noir. La chaise de bar est recouverte du tissu velouté Karese de couleur ocre. Le karese est un tissu doux, chaud et facile à entretenir. La poignée située à l\&#8217;arrière de la chaise de bar permet de la déplacer facilement.  Mischa est disponible en plusieurs versions et coloris.</p>
