{"id":714083,"date":"2026-04-16T00:00:00","date_gmt":"2026-04-16T00:00:00","guid":{"rendered":""},"modified":"2026-04-16T14:36:51","modified_gmt":"2026-04-16T12:36:51","slug":"36877OKE-fr_BE","status":"publish","type":"product","link":"https:\/\/www.moensmeubelen.be\/fr\/produit\/36877OKE-fr_BE\/","title":{"rendered":"Michiel, chaise de bar &#8211; 4-pieds + poignee &#8211; tissu Pala &#8211; Jaune ocre"},"content":{"rendered":"<p>Merveilleusement confortable, ce tabouret de bar de la collection Michiel affiche une allure \u00e9l\u00e9gante et un design intemporel. Les pieds m\u00e9talliques contrastent harmonieusement avec la teinte gris clair du si\u00e8ge en microfibre Pala, facile d\\&#8217;entretien. La poign\u00e9e int\u00e9gr\u00e9e au dossier est aussi \u00e9l\u00e9gante que fonctionnelle.<\/p>\n","protected":false},"excerpt":{"rendered":"<p>Michiel, chaise de bar &#8211; 4-pieds + poignee &#8211; tissu Pala &#8211; Jaune ocre<\/p>\n","protected":false},"featured_media":943974,"comment_status":"open","ping_status":"open","template":"","meta":{"_relevanssi_hide_post":"","_relevanssi_hide_content":"","_relevanssi_pin_for_all":"","_relevanssi_pin_keywords":"","_relevanssi_unpin_keywords":"","_relevanssi_related_keywords":"","_relevanssi_related_include_ids":"","_relevanssi_related_exclude_ids":"","_relevanssi_related_no_append":"","_relevanssi_related_not_related":"","_relevanssi_related_posts":"","_relevanssi_noindex_reason":""},"product_brand":[],"product_cat":[1373],"product_tag":[],"class_list":["post-714083","product","type-product","status-publish","has-post-thumbnail","product_cat-barkrukken_fr_BE","first","onbackorder","taxable","shipping-taxable","purchasable","product-type-simple"],"_links":{"self":[{"href":"https:\/\/www.moensmeubelen.be\/fr\/wp-json\/wp\/v2\/product\/714083","targetHints":{"allow":["GET"]}}],"collection":[{"href":"https:\/\/www.moensmeubelen.be\/fr\/wp-json\/wp\/v2\/product"}],"about":[{"href":"https:\/\/www.moensmeubelen.be\/fr\/wp-json\/wp\/v2\/types\/product"}],"replies":[{"embeddable":true,"href":"https:\/\/www.moensmeubelen.be\/fr\/wp-json\/wp\/v2\/comments?post=714083"}],"wp:featuredmedia":[{"embeddable":true,"href":"https:\/\/www.moensmeubelen.be\/fr\/wp-json\/wp\/v2\/media\/943974"}],"wp:attachment":[{"href":"https:\/\/www.moensmeubelen.be\/fr\/wp-json\/wp\/v2\/media?parent=714083"}],"wp:term":[{"taxonomy":"product_brand","embeddable":true,"href":"https:\/\/www.moensmeubelen.be\/fr\/wp-json\/wp\/v2\/product_brand?post=714083"},{"taxonomy":"product_cat","embeddable":true,"href":"https:\/\/www.moensmeubelen.be\/fr\/wp-json\/wp\/v2\/product_cat?post=714083"},{"taxonomy":"product_tag","embeddable":true,"href":"https:\/\/www.moensmeubelen.be\/fr\/wp-json\/wp\/v2\/product_tag?post=714083"}],"curies":[{"name":"wp","href":"https:\/\/api.w.org\/{rel}","templated":true}]}}

<p>Merveilleusement confortable, ce tabouret de bar de la collection Michiel affiche une allure élégante et un design intemporel. Les pieds métalliques contrastent harmonieusement avec la teinte gris clair du siège en microfibre Pala, facile d\&#8217;entretien. La poignée intégrée au dossier est aussi élégante que fonctionnelle.</p>
