{"id":714093,"date":"2026-04-16T00:00:00","date_gmt":"2026-04-16T00:00:00","guid":{"rendered":""},"modified":"2026-04-16T14:36:57","modified_gmt":"2026-04-16T12:36:57","slug":"36878ANT-fr_BE","status":"publish","type":"product","link":"https:\/\/www.moensmeubelen.be\/fr\/produit\/36878ANT-fr_BE\/","title":{"rendered":"Michiel, chaise de bar &#8211; pieds traineau carre + poignee &#8211; tissu Pala &#8211; Anthracite"},"content":{"rendered":"<p>Ce tabouret de bar moderne et raffin\u00e9 fait partie de la collection Michiel, qui comprend diff\u00e9rents mod\u00e8les de chaises de salle \u00e0 manger et de tabourets de bar. Tous les mod\u00e8les poss\u00e8dent le m\u00eame si\u00e8ge, seul le design diff\u00e8re l\u00e9g\u00e8rement. Ce tabouret de bar est dot\u00e9 de quatre pieds m\u00e9talliques noirs. Le confortable si\u00e8ge est recouvert de tissu Pala ocre. Vous pr\u00e9f\u00e9rez d\\&#8217;autres pieds ou coloris\u00a0? Vous trouverez certainement votre bonheur dans cette collection.<\/p>\n","protected":false},"excerpt":{"rendered":"<p>Michiel, chaise de bar &#8211; pieds traineau carre + poignee &#8211; tissu Pala &#8211; Anthracite<\/p>\n","protected":false},"featured_media":943980,"comment_status":"open","ping_status":"open","template":"","meta":{"_relevanssi_hide_post":"","_relevanssi_hide_content":"","_relevanssi_pin_for_all":"","_relevanssi_pin_keywords":"","_relevanssi_unpin_keywords":"","_relevanssi_related_keywords":"","_relevanssi_related_include_ids":"","_relevanssi_related_exclude_ids":"","_relevanssi_related_no_append":"","_relevanssi_related_not_related":"","_relevanssi_related_posts":"","_relevanssi_noindex_reason":""},"product_brand":[],"product_cat":[1373],"product_tag":[],"class_list":["post-714093","product","type-product","status-publish","has-post-thumbnail","product_cat-barkrukken_fr_BE","first","onbackorder","taxable","shipping-taxable","purchasable","product-type-simple"],"_links":{"self":[{"href":"https:\/\/www.moensmeubelen.be\/fr\/wp-json\/wp\/v2\/product\/714093","targetHints":{"allow":["GET"]}}],"collection":[{"href":"https:\/\/www.moensmeubelen.be\/fr\/wp-json\/wp\/v2\/product"}],"about":[{"href":"https:\/\/www.moensmeubelen.be\/fr\/wp-json\/wp\/v2\/types\/product"}],"replies":[{"embeddable":true,"href":"https:\/\/www.moensmeubelen.be\/fr\/wp-json\/wp\/v2\/comments?post=714093"}],"wp:featuredmedia":[{"embeddable":true,"href":"https:\/\/www.moensmeubelen.be\/fr\/wp-json\/wp\/v2\/media\/943980"}],"wp:attachment":[{"href":"https:\/\/www.moensmeubelen.be\/fr\/wp-json\/wp\/v2\/media?parent=714093"}],"wp:term":[{"taxonomy":"product_brand","embeddable":true,"href":"https:\/\/www.moensmeubelen.be\/fr\/wp-json\/wp\/v2\/product_brand?post=714093"},{"taxonomy":"product_cat","embeddable":true,"href":"https:\/\/www.moensmeubelen.be\/fr\/wp-json\/wp\/v2\/product_cat?post=714093"},{"taxonomy":"product_tag","embeddable":true,"href":"https:\/\/www.moensmeubelen.be\/fr\/wp-json\/wp\/v2\/product_tag?post=714093"}],"curies":[{"name":"wp","href":"https:\/\/api.w.org\/{rel}","templated":true}]}}

<p>Ce tabouret de bar moderne et raffiné fait partie de la collection Michiel, qui comprend différents modèles de chaises de salle à manger et de tabourets de bar. Tous les modèles possèdent le même siège, seul le design diffère légèrement. Ce tabouret de bar est doté de quatre pieds métalliques noirs. Le confortable siège est recouvert de tissu Pala ocre. Vous préférez d\&#8217;autres pieds ou coloris ? Vous trouverez certainement votre bonheur dans cette collection.</p>
