{"id":714099,"date":"2026-04-16T00:00:00","date_gmt":"2026-04-16T00:00:00","guid":{"rendered":""},"modified":"2026-04-16T14:37:05","modified_gmt":"2026-04-16T12:37:05","slug":"36878GRN-fr_BE","status":"publish","type":"product","link":"https:\/\/www.moensmeubelen.be\/fr\/produit\/36878GRN-fr_BE\/","title":{"rendered":"Michiel, chaise de bar &#8211; pieds traineau carre + poignee &#8211; tissu Pala &#8211; Vert"},"content":{"rendered":"<p>Installez-vous dans ce tabouret de bar moderne et laissez-vous surprendre par son incroyable confort. Le tabouret de bar Michiel se d\u00e9cline dans diff\u00e9rentes versions. Celle-ci arbore un cadre swing frame carr\u00e9 en m\u00e9tal noir surmont\u00e9 d\u2019un confortable si\u00e8ge moderne. Il est recouvert d\u2019un Microfibre Pala anthracite, facile d\u2019entretien. Vous pr\u00e9f\u00e9rez d\\&#8217;autres pieds ou coloris ? Il existe une foule de mod\u00e8les dans une vaste palette de couleurs.<\/p>\n","protected":false},"excerpt":{"rendered":"<p>Michiel, chaise de bar &#8211; pieds traineau carre + poignee &#8211; tissu Pala &#8211; Vert<\/p>\n","protected":false},"featured_media":943986,"comment_status":"open","ping_status":"open","template":"","meta":{"_relevanssi_hide_post":"","_relevanssi_hide_content":"","_relevanssi_pin_for_all":"","_relevanssi_pin_keywords":"","_relevanssi_unpin_keywords":"","_relevanssi_related_keywords":"","_relevanssi_related_include_ids":"","_relevanssi_related_exclude_ids":"","_relevanssi_related_no_append":"","_relevanssi_related_not_related":"","_relevanssi_related_posts":"","_relevanssi_noindex_reason":""},"product_brand":[],"product_cat":[1373],"product_tag":[],"class_list":["post-714099","product","type-product","status-publish","has-post-thumbnail","product_cat-barkrukken_fr_BE","first","onbackorder","taxable","shipping-taxable","purchasable","product-type-simple"],"_links":{"self":[{"href":"https:\/\/www.moensmeubelen.be\/fr\/wp-json\/wp\/v2\/product\/714099","targetHints":{"allow":["GET"]}}],"collection":[{"href":"https:\/\/www.moensmeubelen.be\/fr\/wp-json\/wp\/v2\/product"}],"about":[{"href":"https:\/\/www.moensmeubelen.be\/fr\/wp-json\/wp\/v2\/types\/product"}],"replies":[{"embeddable":true,"href":"https:\/\/www.moensmeubelen.be\/fr\/wp-json\/wp\/v2\/comments?post=714099"}],"wp:featuredmedia":[{"embeddable":true,"href":"https:\/\/www.moensmeubelen.be\/fr\/wp-json\/wp\/v2\/media\/943986"}],"wp:attachment":[{"href":"https:\/\/www.moensmeubelen.be\/fr\/wp-json\/wp\/v2\/media?parent=714099"}],"wp:term":[{"taxonomy":"product_brand","embeddable":true,"href":"https:\/\/www.moensmeubelen.be\/fr\/wp-json\/wp\/v2\/product_brand?post=714099"},{"taxonomy":"product_cat","embeddable":true,"href":"https:\/\/www.moensmeubelen.be\/fr\/wp-json\/wp\/v2\/product_cat?post=714099"},{"taxonomy":"product_tag","embeddable":true,"href":"https:\/\/www.moensmeubelen.be\/fr\/wp-json\/wp\/v2\/product_tag?post=714099"}],"curies":[{"name":"wp","href":"https:\/\/api.w.org\/{rel}","templated":true}]}}

<p>Installez-vous dans ce tabouret de bar moderne et laissez-vous surprendre par son incroyable confort. Le tabouret de bar Michiel se décline dans différentes versions. Celle-ci arbore un cadre swing frame carré en métal noir surmonté d’un confortable siège moderne. Il est recouvert d’un Microfibre Pala anthracite, facile d’entretien. Vous préférez d\&#8217;autres pieds ou coloris ? Il existe une foule de modèles dans une vaste palette de couleurs.</p>
