{"id":714109,"date":"2026-04-16T00:00:00","date_gmt":"2026-04-16T00:00:00","guid":{"rendered":""},"modified":"2026-04-16T14:37:13","modified_gmt":"2026-04-16T12:37:13","slug":"36878LGR-fr_BE","status":"publish","type":"product","link":"https:\/\/www.moensmeubelen.be\/fr\/produit\/36878LGR-fr_BE\/","title":{"rendered":"Michiel, chaise de bar &#8211; pieds traineau carre + poignee &#8211; tissu Pala &#8211; Gris clair"},"content":{"rendered":"<p>Admirez ce superbe tabouret de bar de la collection Michiel. Elle comporte diff\u00e9rents mod\u00e8les, tous dot\u00e9s du m\u00eame si\u00e8ge. Seuls les pieds et les coloris varient. Ce tabouret de bar est dot\u00e9 d\u2019un cadre swing frame carr\u00e9 noir. Le si\u00e8ge est recouvert d\\&#8217;un similicuir Pala dans une chaleureuse teinte verte. Son atout\u00a0? La poign\u00e9e pratique int\u00e9gr\u00e9e au dossier.<\/p>\n","protected":false},"excerpt":{"rendered":"<p>Michiel, chaise de bar &#8211; pieds traineau carre + poignee &#8211; tissu Pala &#8211; Gris clair<\/p>\n","protected":false},"featured_media":943992,"comment_status":"open","ping_status":"open","template":"","meta":{"_relevanssi_hide_post":"","_relevanssi_hide_content":"","_relevanssi_pin_for_all":"","_relevanssi_pin_keywords":"","_relevanssi_unpin_keywords":"","_relevanssi_related_keywords":"","_relevanssi_related_include_ids":"","_relevanssi_related_exclude_ids":"","_relevanssi_related_no_append":"","_relevanssi_related_not_related":"","_relevanssi_related_posts":"","_relevanssi_noindex_reason":""},"product_brand":[],"product_cat":[1373],"product_tag":[],"class_list":["post-714109","product","type-product","status-publish","has-post-thumbnail","product_cat-barkrukken_fr_BE","first","onbackorder","taxable","shipping-taxable","purchasable","product-type-simple"],"_links":{"self":[{"href":"https:\/\/www.moensmeubelen.be\/fr\/wp-json\/wp\/v2\/product\/714109","targetHints":{"allow":["GET"]}}],"collection":[{"href":"https:\/\/www.moensmeubelen.be\/fr\/wp-json\/wp\/v2\/product"}],"about":[{"href":"https:\/\/www.moensmeubelen.be\/fr\/wp-json\/wp\/v2\/types\/product"}],"replies":[{"embeddable":true,"href":"https:\/\/www.moensmeubelen.be\/fr\/wp-json\/wp\/v2\/comments?post=714109"}],"wp:featuredmedia":[{"embeddable":true,"href":"https:\/\/www.moensmeubelen.be\/fr\/wp-json\/wp\/v2\/media\/943992"}],"wp:attachment":[{"href":"https:\/\/www.moensmeubelen.be\/fr\/wp-json\/wp\/v2\/media?parent=714109"}],"wp:term":[{"taxonomy":"product_brand","embeddable":true,"href":"https:\/\/www.moensmeubelen.be\/fr\/wp-json\/wp\/v2\/product_brand?post=714109"},{"taxonomy":"product_cat","embeddable":true,"href":"https:\/\/www.moensmeubelen.be\/fr\/wp-json\/wp\/v2\/product_cat?post=714109"},{"taxonomy":"product_tag","embeddable":true,"href":"https:\/\/www.moensmeubelen.be\/fr\/wp-json\/wp\/v2\/product_tag?post=714109"}],"curies":[{"name":"wp","href":"https:\/\/api.w.org\/{rel}","templated":true}]}}

<p>Admirez ce superbe tabouret de bar de la collection Michiel. Elle comporte différents modèles, tous dotés du même siège. Seuls les pieds et les coloris varient. Ce tabouret de bar est doté d’un cadre swing frame carré noir. Le siège est recouvert d\&#8217;un similicuir Pala dans une chaleureuse teinte verte. Son atout ? La poignée pratique intégrée au dossier.</p>
