{"id":714125,"date":"2026-04-16T00:00:00","date_gmt":"2026-04-16T00:00:00","guid":{"rendered":""},"modified":"2026-04-16T14:37:27","modified_gmt":"2026-04-16T12:37:27","slug":"36896ANT-fr_BE","status":"publish","type":"product","link":"https:\/\/www.moensmeubelen.be\/fr\/produit\/36896ANT-fr_BE\/","title":{"rendered":"Mischa, chaise &#8211; pieds traineau carre + poignee &#8211; tissu karese &#8211; Anthracite"},"content":{"rendered":"<p>Vous aimez d\u00eener longtemps ? Et, vous voulez aussi vous asseoir confortablement. Vous le ferez sur cette chaise de salle \u00e0 manger Mischa. La chaise a un design contemporain. Le cadre traineau carr\u00e9 en m\u00e9tal noir est remarquable. Cette version de Mischa est garnie de tissu Karese en anthracite. Le karese est un tissu chaud, n\u00e9cessitant peu d\\&#8217;entretien, avec un aspect velours. Il existe une version avec ou sans accoudoirs. La chaise de salle \u00e0 manger Mischa est disponible en plusieurs versions et coloris.<\/p>\n","protected":false},"excerpt":{"rendered":"<p>Mischa, chaise &#8211; pieds traineau carre + poignee &#8211; tissu karese &#8211; Anthracite<\/p>\n","protected":false},"featured_media":944004,"comment_status":"open","ping_status":"open","template":"","meta":{"_relevanssi_hide_post":"","_relevanssi_hide_content":"","_relevanssi_pin_for_all":"","_relevanssi_pin_keywords":"","_relevanssi_unpin_keywords":"","_relevanssi_related_keywords":"","_relevanssi_related_include_ids":"","_relevanssi_related_exclude_ids":"","_relevanssi_related_no_append":"","_relevanssi_related_not_related":"","_relevanssi_related_posts":"","_relevanssi_noindex_reason":""},"product_brand":[],"product_cat":[1370],"product_tag":[],"class_list":["post-714125","product","type-product","status-publish","has-post-thumbnail","product_cat-eetkamerstoelen_fr_BE","first","onbackorder","taxable","shipping-taxable","purchasable","product-type-simple"],"_links":{"self":[{"href":"https:\/\/www.moensmeubelen.be\/fr\/wp-json\/wp\/v2\/product\/714125","targetHints":{"allow":["GET"]}}],"collection":[{"href":"https:\/\/www.moensmeubelen.be\/fr\/wp-json\/wp\/v2\/product"}],"about":[{"href":"https:\/\/www.moensmeubelen.be\/fr\/wp-json\/wp\/v2\/types\/product"}],"replies":[{"embeddable":true,"href":"https:\/\/www.moensmeubelen.be\/fr\/wp-json\/wp\/v2\/comments?post=714125"}],"wp:featuredmedia":[{"embeddable":true,"href":"https:\/\/www.moensmeubelen.be\/fr\/wp-json\/wp\/v2\/media\/944004"}],"wp:attachment":[{"href":"https:\/\/www.moensmeubelen.be\/fr\/wp-json\/wp\/v2\/media?parent=714125"}],"wp:term":[{"taxonomy":"product_brand","embeddable":true,"href":"https:\/\/www.moensmeubelen.be\/fr\/wp-json\/wp\/v2\/product_brand?post=714125"},{"taxonomy":"product_cat","embeddable":true,"href":"https:\/\/www.moensmeubelen.be\/fr\/wp-json\/wp\/v2\/product_cat?post=714125"},{"taxonomy":"product_tag","embeddable":true,"href":"https:\/\/www.moensmeubelen.be\/fr\/wp-json\/wp\/v2\/product_tag?post=714125"}],"curies":[{"name":"wp","href":"https:\/\/api.w.org\/{rel}","templated":true}]}}

<p>Vous aimez dîner longtemps ? Et, vous voulez aussi vous asseoir confortablement. Vous le ferez sur cette chaise de salle à manger Mischa. La chaise a un design contemporain. Le cadre traineau carré en métal noir est remarquable. Cette version de Mischa est garnie de tissu Karese en anthracite. Le karese est un tissu chaud, nécessitant peu d\&#8217;entretien, avec un aspect velours. Il existe une version avec ou sans accoudoirs. La chaise de salle à manger Mischa est disponible en plusieurs versions et coloris.</p>
