{"id":714627,"date":"2026-04-26T00:00:00","date_gmt":"2026-04-26T00:00:00","guid":{"rendered":""},"modified":"2026-04-26T22:47:40","modified_gmt":"2026-04-26T20:47:40","slug":"38303001-fr_BE","status":"publish","type":"product","link":"https:\/\/www.moensmeubelen.be\/fr\/produit\/38303001-fr_BE\/","title":{"rendered":"Napels, 3-places"},"content":{"rendered":"<p>Laissez-vous s\u00e9duire par la collection de canap\u00e9s Napels sign\u00e9e Henders &#038; Hazel. Par exemple, ce mod\u00e8le trois places s\u2019adapte enti\u00e8rement \u00e0 vos pr\u00e9f\u00e9rences\u00a0: pieds, hauteur d\u2019assise, accoudoirs, fonction relax, dossier fixe ou r\u00e9glable&#8230; les choix ne manquent pas, m\u00eame en mati\u00e8re de rev\u00eatement. Pr\u00e9f\u00e9rez-vous le tissu, le cuir ou un m\u00e9lange des deux\u00a0? Tout est possible\u00a0!<\/p>\n","protected":false},"excerpt":{"rendered":"<p>Napels, 3-places<\/p>\n","protected":false},"featured_media":944166,"comment_status":"open","ping_status":"open","template":"","meta":{"_relevanssi_hide_post":"","_relevanssi_hide_content":"","_relevanssi_pin_for_all":"","_relevanssi_pin_keywords":"","_relevanssi_unpin_keywords":"","_relevanssi_related_keywords":"","_relevanssi_related_include_ids":"","_relevanssi_related_exclude_ids":"","_relevanssi_related_no_append":"","_relevanssi_related_not_related":"","_relevanssi_related_posts":"","_relevanssi_noindex_reason":""},"product_brand":[],"product_cat":[5647],"product_tag":[],"class_list":["post-714627","product","type-product","status-publish","has-post-thumbnail","product_cat-zetels_l2_fr_BE","first","onbackorder","taxable","shipping-taxable","purchasable","product-type-simple"],"_links":{"self":[{"href":"https:\/\/www.moensmeubelen.be\/fr\/wp-json\/wp\/v2\/product\/714627","targetHints":{"allow":["GET"]}}],"collection":[{"href":"https:\/\/www.moensmeubelen.be\/fr\/wp-json\/wp\/v2\/product"}],"about":[{"href":"https:\/\/www.moensmeubelen.be\/fr\/wp-json\/wp\/v2\/types\/product"}],"replies":[{"embeddable":true,"href":"https:\/\/www.moensmeubelen.be\/fr\/wp-json\/wp\/v2\/comments?post=714627"}],"wp:featuredmedia":[{"embeddable":true,"href":"https:\/\/www.moensmeubelen.be\/fr\/wp-json\/wp\/v2\/media\/944166"}],"wp:attachment":[{"href":"https:\/\/www.moensmeubelen.be\/fr\/wp-json\/wp\/v2\/media?parent=714627"}],"wp:term":[{"taxonomy":"product_brand","embeddable":true,"href":"https:\/\/www.moensmeubelen.be\/fr\/wp-json\/wp\/v2\/product_brand?post=714627"},{"taxonomy":"product_cat","embeddable":true,"href":"https:\/\/www.moensmeubelen.be\/fr\/wp-json\/wp\/v2\/product_cat?post=714627"},{"taxonomy":"product_tag","embeddable":true,"href":"https:\/\/www.moensmeubelen.be\/fr\/wp-json\/wp\/v2\/product_tag?post=714627"}],"curies":[{"name":"wp","href":"https:\/\/api.w.org\/{rel}","templated":true}]}}

<p>Laissez-vous séduire par la collection de canapés Napels signée Henders &#038; Hazel. Par exemple, ce modèle trois places s’adapte entièrement à vos préférences : pieds, hauteur d’assise, accoudoirs, fonction relax, dossier fixe ou réglable&#8230; les choix ne manquent pas, même en matière de revêtement. Préférez-vous le tissu, le cuir ou un mélange des deux ? Tout est possible !</p>
