{"id":714941,"date":"2026-04-16T00:00:00","date_gmt":"2026-04-16T00:00:00","guid":{"rendered":""},"modified":"2026-04-16T14:43:15","modified_gmt":"2026-04-16T12:43:15","slug":"39618RWB-fr_BE","status":"publish","type":"product","link":"https:\/\/www.moensmeubelen.be\/fr\/produit\/39618RWB-fr_BE\/","title":{"rendered":"Farmland, dressette 170 cm &#8211; 2-portes + 2-tiroirs + 2-niches (+ LED)"},"content":{"rendered":"<p>La dressette est un meuble qui gagne de plus en plus en popularit\u00e9. Celle-ci provient de la collection Farmland de Henders &#038; Hazel et est fabriqu\u00e9e en ch\u00eane et placage de ch\u00eane. Les d\u00e9tails m\u00e9talliques se d\u00e9marquent, donnant \u00e0 la dressette un aspect robuste et contemporain. Avec 2 portes, 2 tiroirs et 2 niches avec \u00e9clairage LED, cette armoire offre un espace de rangement surprenant. La dressette mesure 170 cm de large et seulement 45 cm de profondeur !<\/p>\n","protected":false},"excerpt":{"rendered":"<p>Farmland, dressette 170 cm &#8211; 2-portes + 2-tiroirs + 2-niches (+ LED)<\/p>\n","protected":false},"featured_media":944266,"comment_status":"open","ping_status":"open","template":"","meta":{"_relevanssi_hide_post":"","_relevanssi_hide_content":"","_relevanssi_pin_for_all":"","_relevanssi_pin_keywords":"","_relevanssi_unpin_keywords":"","_relevanssi_related_keywords":"","_relevanssi_related_include_ids":"","_relevanssi_related_exclude_ids":"","_relevanssi_related_no_append":"","_relevanssi_related_not_related":"","_relevanssi_related_posts":"","_relevanssi_noindex_reason":""},"product_brand":[],"product_cat":[5637],"product_tag":[],"class_list":["post-714941","product","type-product","status-publish","has-post-thumbnail","product_cat-bergkasten_fr_BE","first","onbackorder","taxable","shipping-taxable","purchasable","product-type-simple"],"_links":{"self":[{"href":"https:\/\/www.moensmeubelen.be\/fr\/wp-json\/wp\/v2\/product\/714941","targetHints":{"allow":["GET"]}}],"collection":[{"href":"https:\/\/www.moensmeubelen.be\/fr\/wp-json\/wp\/v2\/product"}],"about":[{"href":"https:\/\/www.moensmeubelen.be\/fr\/wp-json\/wp\/v2\/types\/product"}],"replies":[{"embeddable":true,"href":"https:\/\/www.moensmeubelen.be\/fr\/wp-json\/wp\/v2\/comments?post=714941"}],"wp:featuredmedia":[{"embeddable":true,"href":"https:\/\/www.moensmeubelen.be\/fr\/wp-json\/wp\/v2\/media\/944266"}],"wp:attachment":[{"href":"https:\/\/www.moensmeubelen.be\/fr\/wp-json\/wp\/v2\/media?parent=714941"}],"wp:term":[{"taxonomy":"product_brand","embeddable":true,"href":"https:\/\/www.moensmeubelen.be\/fr\/wp-json\/wp\/v2\/product_brand?post=714941"},{"taxonomy":"product_cat","embeddable":true,"href":"https:\/\/www.moensmeubelen.be\/fr\/wp-json\/wp\/v2\/product_cat?post=714941"},{"taxonomy":"product_tag","embeddable":true,"href":"https:\/\/www.moensmeubelen.be\/fr\/wp-json\/wp\/v2\/product_tag?post=714941"}],"curies":[{"name":"wp","href":"https:\/\/api.w.org\/{rel}","templated":true}]}}

<p>La dressette est un meuble qui gagne de plus en plus en popularité. Celle-ci provient de la collection Farmland de Henders &#038; Hazel et est fabriquée en chêne et placage de chêne. Les détails métalliques se démarquent, donnant à la dressette un aspect robuste et contemporain. Avec 2 portes, 2 tiroirs et 2 niches avec éclairage LED, cette armoire offre un espace de rangement surprenant. La dressette mesure 170 cm de large et seulement 45 cm de profondeur !</p>
