{"id":715089,"date":"2026-04-16T00:00:00","date_gmt":"2026-04-16T00:00:00","guid":{"rendered":""},"modified":"2026-04-16T14:44:53","modified_gmt":"2026-04-16T12:44:53","slug":"39899WIT-fr_BE","status":"publish","type":"product","link":"https:\/\/www.moensmeubelen.be\/fr\/produit\/39899WIT-fr_BE\/","title":{"rendered":"Jardin, buffet bas 210 cm &#8211; 1-tiroir + 1-niche + 2-portes rabattantes (+ LED) &#8211; blanc"},"content":{"rendered":"<p>Ce meuble TV spacieux provient de la collection Jardin de Henders &#038; Hazel et a une allure campagnarde moderne. Le meuble TV mesure pas moins de 210 cm de large, dispose d\\&#8217;un tiroir, d\\&#8217;une niche, de 2 abattants et d\\&#8217;un \u00e9clairage LED int\u00e9gr\u00e9. En combinant le placage de ch\u00eane de couleur Railway Brown avec des parties en MDF de couleur Pure White, ce meuble a un look contemporain et frais qui s\\&#8217;int\u00e8gre bien dans un int\u00e9rieur campagnard.<\/p>\n","protected":false},"excerpt":{"rendered":"<p>Jardin, buffet bas 210 cm &#8211; 1-tiroir + 1-niche + 2-portes rabattantes (+ LED) &#8211; blanc<\/p>\n","protected":false},"featured_media":944338,"comment_status":"open","ping_status":"open","template":"","meta":{"_relevanssi_hide_post":"","_relevanssi_hide_content":"","_relevanssi_pin_for_all":"","_relevanssi_pin_keywords":"","_relevanssi_unpin_keywords":"","_relevanssi_related_keywords":"","_relevanssi_related_include_ids":"","_relevanssi_related_exclude_ids":"","_relevanssi_related_no_append":"","_relevanssi_related_not_related":"","_relevanssi_related_posts":"","_relevanssi_noindex_reason":""},"product_brand":[],"product_cat":[1321],"product_tag":[],"class_list":["post-715089","product","type-product","status-publish","has-post-thumbnail","product_cat-tv_meubels_fr_BE","first","onbackorder","taxable","shipping-taxable","purchasable","product-type-simple"],"_links":{"self":[{"href":"https:\/\/www.moensmeubelen.be\/fr\/wp-json\/wp\/v2\/product\/715089","targetHints":{"allow":["GET"]}}],"collection":[{"href":"https:\/\/www.moensmeubelen.be\/fr\/wp-json\/wp\/v2\/product"}],"about":[{"href":"https:\/\/www.moensmeubelen.be\/fr\/wp-json\/wp\/v2\/types\/product"}],"replies":[{"embeddable":true,"href":"https:\/\/www.moensmeubelen.be\/fr\/wp-json\/wp\/v2\/comments?post=715089"}],"wp:featuredmedia":[{"embeddable":true,"href":"https:\/\/www.moensmeubelen.be\/fr\/wp-json\/wp\/v2\/media\/944338"}],"wp:attachment":[{"href":"https:\/\/www.moensmeubelen.be\/fr\/wp-json\/wp\/v2\/media?parent=715089"}],"wp:term":[{"taxonomy":"product_brand","embeddable":true,"href":"https:\/\/www.moensmeubelen.be\/fr\/wp-json\/wp\/v2\/product_brand?post=715089"},{"taxonomy":"product_cat","embeddable":true,"href":"https:\/\/www.moensmeubelen.be\/fr\/wp-json\/wp\/v2\/product_cat?post=715089"},{"taxonomy":"product_tag","embeddable":true,"href":"https:\/\/www.moensmeubelen.be\/fr\/wp-json\/wp\/v2\/product_tag?post=715089"}],"curies":[{"name":"wp","href":"https:\/\/api.w.org\/{rel}","templated":true}]}}

<p>Ce meuble TV spacieux provient de la collection Jardin de Henders &#038; Hazel et a une allure campagnarde moderne. Le meuble TV mesure pas moins de 210 cm de large, dispose d\&#8217;un tiroir, d\&#8217;une niche, de 2 abattants et d\&#8217;un éclairage LED intégré. En combinant le placage de chêne de couleur Railway Brown avec des parties en MDF de couleur Pure White, ce meuble a un look contemporain et frais qui s\&#8217;intègre bien dans un intérieur campagnard.</p>
