{"id":715109,"date":"2026-04-16T00:00:00","date_gmt":"2026-04-16T00:00:00","guid":{"rendered":""},"modified":"2026-04-16T14:45:10","modified_gmt":"2026-04-16T12:45:10","slug":"39900WIT-fr_BE","status":"publish","type":"product","link":"https:\/\/www.moensmeubelen.be\/fr\/produit\/39900WIT-fr_BE\/","title":{"rendered":"Jardin, buffet haut 125 cm 2-portes + 1-tiroir (+ 2-dedans) + 3-niches (+ LED) &#8211; blanc"},"content":{"rendered":"<p>Il m\u00e9rite d\\&#8217;\u00eatre vu, ce highboard de la collection Jardin de Henders &#038; Hazel. Campagnard avec un design contemporain. Le highboard mesure 125 cm de large et 140 cm de haut. L\\&#8217;armoire a 2 portes et 1 tiroir, pratique pour ranger des objets hors de vue. Les 3 niches, \u00e9quip\u00e9es d\\&#8217;un \u00e9clairage LED chaleureux, sont id\u00e9ales pour exposer des accessoires de maison. Le highboard est fabriqu\u00e9 en placage de ch\u00eane, fini dans la couleur Railway Brown et en MDF de couleur Pure White. Il existe \u00e9galement une version en anthracite.<\/p>\n","protected":false},"excerpt":{"rendered":"<p>Jardin, buffet haut 125 cm 2-portes + 1-tiroir (+ 2-dedans) + 3-niches (+ LED) &#8211; blanc<\/p>\n","protected":false},"featured_media":944350,"comment_status":"open","ping_status":"open","template":"","meta":{"_relevanssi_hide_post":"","_relevanssi_hide_content":"","_relevanssi_pin_for_all":"","_relevanssi_pin_keywords":"","_relevanssi_unpin_keywords":"","_relevanssi_related_keywords":"","_relevanssi_related_include_ids":"","_relevanssi_related_exclude_ids":"","_relevanssi_related_no_append":"","_relevanssi_related_not_related":"","_relevanssi_related_posts":"","_relevanssi_noindex_reason":""},"product_brand":[],"product_cat":[5637],"product_tag":[],"class_list":["post-715109","product","type-product","status-publish","has-post-thumbnail","product_cat-bergkasten_fr_BE","first","onbackorder","taxable","shipping-taxable","purchasable","product-type-simple"],"_links":{"self":[{"href":"https:\/\/www.moensmeubelen.be\/fr\/wp-json\/wp\/v2\/product\/715109","targetHints":{"allow":["GET"]}}],"collection":[{"href":"https:\/\/www.moensmeubelen.be\/fr\/wp-json\/wp\/v2\/product"}],"about":[{"href":"https:\/\/www.moensmeubelen.be\/fr\/wp-json\/wp\/v2\/types\/product"}],"replies":[{"embeddable":true,"href":"https:\/\/www.moensmeubelen.be\/fr\/wp-json\/wp\/v2\/comments?post=715109"}],"wp:featuredmedia":[{"embeddable":true,"href":"https:\/\/www.moensmeubelen.be\/fr\/wp-json\/wp\/v2\/media\/944350"}],"wp:attachment":[{"href":"https:\/\/www.moensmeubelen.be\/fr\/wp-json\/wp\/v2\/media?parent=715109"}],"wp:term":[{"taxonomy":"product_brand","embeddable":true,"href":"https:\/\/www.moensmeubelen.be\/fr\/wp-json\/wp\/v2\/product_brand?post=715109"},{"taxonomy":"product_cat","embeddable":true,"href":"https:\/\/www.moensmeubelen.be\/fr\/wp-json\/wp\/v2\/product_cat?post=715109"},{"taxonomy":"product_tag","embeddable":true,"href":"https:\/\/www.moensmeubelen.be\/fr\/wp-json\/wp\/v2\/product_tag?post=715109"}],"curies":[{"name":"wp","href":"https:\/\/api.w.org\/{rel}","templated":true}]}}

<p>Il mérite d\&#8217;être vu, ce highboard de la collection Jardin de Henders &#038; Hazel. Campagnard avec un design contemporain. Le highboard mesure 125 cm de large et 140 cm de haut. L\&#8217;armoire a 2 portes et 1 tiroir, pratique pour ranger des objets hors de vue. Les 3 niches, équipées d\&#8217;un éclairage LED chaleureux, sont idéales pour exposer des accessoires de maison. Le highboard est fabriqué en placage de chêne, fini dans la couleur Railway Brown et en MDF de couleur Pure White. Il existe également une version en anthracite.</p>
