{"id":715127,"date":"2026-04-16T00:00:00","date_gmt":"2026-04-16T00:00:00","guid":{"rendered":""},"modified":"2026-04-16T14:45:25","modified_gmt":"2026-04-16T12:45:25","slug":"39902WIT-fr_BE","status":"publish","type":"product","link":"https:\/\/www.moensmeubelen.be\/fr\/produit\/39902WIT-fr_BE\/","title":{"rendered":"Jardin, buffet 160 cm &#8211; 2-portes + 3-tiroirs &#8211; blanc"},"content":{"rendered":"<p>Ce buffet contemporain de la collection Jardin pr\u00e9sente un jeu de lignes \u00e9pur\u00e9es et une allure chaleureuse. Il constitue un bel exemple de meuble rustique au design moderne. Cet \u00e9l\u00e9ment de 160 cm est dot\u00e9 de deux portes et de trois tiroirs. Vous ne manquerez pas d\u2019espace de rangement ! R\u00e9alis\u00e9 en ch\u00eane plaqu\u00e9 dans une teinte Railway Brown, il poss\u00e8de des faces lat\u00e9rales et avant en MDF Pure White. Vous pr\u00e9f\u00e9rez une autre teinte ? Il existe \u00e9galement une variante Railway Brown et Anthracite.<\/p>\n","protected":false},"excerpt":{"rendered":"<p>Jardin, buffet 160 cm &#8211; 2-portes + 3-tiroirs &#8211; blanc<\/p>\n","protected":false},"featured_media":944362,"comment_status":"open","ping_status":"open","template":"","meta":{"_relevanssi_hide_post":"","_relevanssi_hide_content":"","_relevanssi_pin_for_all":"","_relevanssi_pin_keywords":"","_relevanssi_unpin_keywords":"","_relevanssi_related_keywords":"","_relevanssi_related_include_ids":"","_relevanssi_related_exclude_ids":"","_relevanssi_related_no_append":"","_relevanssi_related_not_related":"","_relevanssi_related_posts":"","_relevanssi_noindex_reason":""},"product_brand":[],"product_cat":[1377],"product_tag":[],"class_list":["post-715127","product","type-product","status-publish","has-post-thumbnail","product_cat-dressoirs_fr_BE","first","onbackorder","taxable","shipping-taxable","purchasable","product-type-simple"],"_links":{"self":[{"href":"https:\/\/www.moensmeubelen.be\/fr\/wp-json\/wp\/v2\/product\/715127","targetHints":{"allow":["GET"]}}],"collection":[{"href":"https:\/\/www.moensmeubelen.be\/fr\/wp-json\/wp\/v2\/product"}],"about":[{"href":"https:\/\/www.moensmeubelen.be\/fr\/wp-json\/wp\/v2\/types\/product"}],"replies":[{"embeddable":true,"href":"https:\/\/www.moensmeubelen.be\/fr\/wp-json\/wp\/v2\/comments?post=715127"}],"wp:featuredmedia":[{"embeddable":true,"href":"https:\/\/www.moensmeubelen.be\/fr\/wp-json\/wp\/v2\/media\/944362"}],"wp:attachment":[{"href":"https:\/\/www.moensmeubelen.be\/fr\/wp-json\/wp\/v2\/media?parent=715127"}],"wp:term":[{"taxonomy":"product_brand","embeddable":true,"href":"https:\/\/www.moensmeubelen.be\/fr\/wp-json\/wp\/v2\/product_brand?post=715127"},{"taxonomy":"product_cat","embeddable":true,"href":"https:\/\/www.moensmeubelen.be\/fr\/wp-json\/wp\/v2\/product_cat?post=715127"},{"taxonomy":"product_tag","embeddable":true,"href":"https:\/\/www.moensmeubelen.be\/fr\/wp-json\/wp\/v2\/product_tag?post=715127"}],"curies":[{"name":"wp","href":"https:\/\/api.w.org\/{rel}","templated":true}]}}

<p>Ce buffet contemporain de la collection Jardin présente un jeu de lignes épurées et une allure chaleureuse. Il constitue un bel exemple de meuble rustique au design moderne. Cet élément de 160 cm est doté de deux portes et de trois tiroirs. Vous ne manquerez pas d’espace de rangement ! Réalisé en chêne plaqué dans une teinte Railway Brown, il possède des faces latérales et avant en MDF Pure White. Vous préférez une autre teinte ? Il existe également une variante Railway Brown et Anthracite.</p>
